000
CXUS53 KLBF 011430
CLMVTN


CLIMATE REPORT
NATIONAL WEATHER SERVICE NORTH PLATTE
826 AM CST SUN MAR 1 2015

...................................

...THE VALENTINE NE CLIMATE SUMMARY FOR THE MONTH OF FEBRUARY 2015...

CLIMATE NORMAL PERIOD 1981 TO 2010
CLIMATE RECORD PERIOD 1885 TO 2015

WEATHER         OBSERVED          NORMAL  DEPART  LAST YEAR`S
                 VALUE   DATE(S)  VALUE   FROM    VALUE  DATE(S)
                                          NORMAL
................................................................
TEMPERATURE (F)
RECORD
 HIGH              78   02/22/1982
 LOW              -37   02/11/1899
HIGHEST            73   02/07        64       9       59  02/19
LOWEST            -15   02/02       -12      -3      -21  02/07
                        02/01
AVG. MAXIMUM     40.0              40.0     0.0     32.1
AVG. MINIMUM     11.6              14.4    -2.8      6.2
MEAN             25.8              27.2    -1.4     19.2
DAYS MAX >= 90      0               0.0     0.0        0
DAYS MAX <= 32      8               8.3    -0.3       15
DAYS MIN <= 32     28              27.0     1.0       28
DAYS MIN <= 0       8               4.1     3.9       14

PRECIPITATION (INCHES)
RECORD
 MAXIMUM         2.27   2012
 MINIMUM            T   1949
TOTALS           0.31              0.48   -0.17     0.62
DAILY AVG.       0.01              0.02   -0.01     0.02
DAYS >= .01         3               5.0    -2.0       13
DAYS >= .10         2               1.4     0.6        2
DAYS >= .50         0               0.1    -0.1        0
DAYS >= 1.00        0               0.0     0.0        0
GREATEST
 24 HR. TOTAL    0.33   01/31 TO 02/01

SNOWFALL (INCHES)
RECORDS
 TOTAL           20.3   1936
TOTALS            3.1               5.6    -2.5      7.0
SINCE 7/1        21.7              22.1    -0.4     26.5
SNOWDEPTH AVG.      1                 2      -1        1
DAYS >= 1.0         2               2.0     0.0        4
GREATEST
 SNOW DEPTH         4   02/02                          2  02/26
                                                          02/05
                                                          02/04
 24 HR TOTAL      1.5   02/01 TO 02/01

DEGREE_DAYS
HEATING TOTAL    1089              1058      31     1278
 SINCE 7/1       5126              5236    -110     5478
COOLING TOTAL       0                 0       0        0
 SINCE 1/1          0                 0       0        0
.....................................................

WIND (MPH)
AVERAGE WIND SPEED              10.6
HIGHEST WIND SPEED/DIRECTION    31/330    DATE  02/10
HIGHEST GUST SPEED/DIRECTION    41/350    DATE  02/10

SKY COVER
POSSIBLE SUNSHINE (PERCENT)   MM
AVERAGE SKY COVER           0.40
NUMBER OF DAYS FAIR           13
NUMBER OF DAYS PC             11
NUMBER OF DAYS CLOUDY          4

AVERAGE RH (PERCENT)     66

WEATHER CONDITIONS. NUMBER OF DAYS WITH
THUNDERSTORM              0     MIXED PRECIP               0
HEAVY RAIN                0     RAIN                       0
LIGHT RAIN                0     FREEZING RAIN              0
LT FREEZING RAIN          0     HAIL                       0
HEAVY SNOW                1     SNOW                       1
LIGHT SNOW               11     SLEET                      0
FOG                       7     FOG W/VIS <= 1/4 MILE      1
HAZE                      7

-  INDICATES NEGATIVE NUMBERS.
R  INDICATES RECORD WAS SET OR TIED.
MM INDICATES DATA IS MISSING.
T  INDICATES TRACE AMOUNT.

$$
