000
CXUS56 KPQR 011426
CLMVUO


CLIMATE REPORT
NATIONAL WEATHER SERVICE PORTLAND OREGON
726 AM PDT TUE AUG 1 2017

...................................

...THE VANCOUVER WA CLIMATE SUMMARY FOR THE MONTH OF JULY 2017...

CLIMATE NORMAL PERIOD 1981 TO 2010
CLIMATE RECORD PERIOD 1891 TO 2017

WEATHER         OBSERVED          NORMAL  DEPART  LAST YEAR`S
                 VALUE   DATE(S)  VALUE   FROM    VALUE  DATE(S)
                                          NORMAL
................................................................
TEMPERATURE (F)
RECORD
 HIGH             108   07/29/2009
 LOW               37   07/08/1981
HIGHEST            91                MM      MM       93  07/29
                                                          07/28
LOWEST             50                MM      MM       49  07/15
AVG. MAXIMUM     82.7              80.0     2.7     78.1
AVG. MINIMUM     56.4              56.9    -0.5     57.5
MEAN             69.5              68.4     1.1     67.8
DAYS MAX >= 90      3               3.2    -0.2        2
DAYS MAX <= 32      0               0.0     0.0        0
DAYS MIN <= 32      0               0.0     0.0        0
DAYS MIN <= 0       0               0.0     0.0        0

PRECIPITATION (INCHES)
TOTALS              T                               0.43
DAYS >= .01         0                                  5
DAYS >= .10         0                                  2
DAYS >= .50         0                                  0
DAYS >= 1.00        0                                  0
GREATEST
 24 HR. TOTAL       T   07/20 TO 07/20

DEGREE_DAYS
HEATING TOTAL       1                                 11
 SINCE 7/1          1                                 11
COOLING TOTAL     150                                104
 SINCE 1/1        268                                209
.................................................................

WIND (MPH)
AVERAGE WIND SPEED              6.2
RESULTANT WIND SPEED/DIRECTION   4/323
HIGHEST WIND SPEED/DIRECTION    20/320    DATE  07/23
HIGHEST GUST SPEED/DIRECTION    27/310    DATE  07/31

SKY COVER
POSSIBLE SUNSHINE (PERCENT)   MM
AVERAGE SKY COVER           0.10

AVERAGE RH (PERCENT)     61

WEATHER CONDITIONS. NUMBER OF DAYS WITH
THUNDERSTORM              0     MIXED PRECIP               0
HEAVY RAIN                0     RAIN                       0
LIGHT RAIN                2     FREEZING RAIN              0
LT FREEZING RAIN          0     HAIL                       0
HEAVY SNOW                0     SNOW                       0
LIGHT SNOW                0     SLEET                      0
FOG                       0     FOG W/VIS <= 1/4 MILE      0
HAZE                      0

-  INDICATES NEGATIVE NUMBERS.
R  INDICATES RECORD WAS SET OR TIED.
MM INDICATES DATA IS MISSING.
T  INDICATES TRACE AMOUNT.

$$
