000
CXUS55 KLKN 030504
CLMWMC


CLIMATE REPORT
NATIONAL WEATHER SERVICE ELKO NV
846 PM PST TUE DEC 2 2014

...................................

...THE WINNEMUCCA AIRPORT NV CLIMATE SUMMARY FOR THE MONTH OF NOVEMBER 2014...

CLIMATE NORMAL PERIOD 1981 TO 2010
CLIMATE RECORD PERIOD 1877 TO 2014

WEATHER         OBSERVED          NORMAL  DEPART  LAST YEAR`S
                 VALUE   DATE(S)  VALUE   FROM    VALUE  DATE(S)
                                          NORMAL
................................................................
TEMPERATURE (F)
RECORD
 HIGH              77   11/05/1980
                        11/07/1976
                        11/05/1976
 LOW              -10   11/25/2010
HIGHEST            70   11/09        68       2       68  11/11
LOWEST              6   11/17         6       0       13  11/25
                        11/16                             11/24
AVG. MAXIMUM     53.0              51.4     1.6     54.5
AVG. MINIMUM     25.0              22.4     2.6     24.2
MEAN             39.0              36.9     2.1     39.3
DAYS MAX >= 90      0               0.0     0.0        0
DAYS MAX <= 32      0               0.7    -0.7        0
DAYS MIN <= 32     23              25.4    -2.4       27
DAYS MIN <= 0       0               0.5    -0.5        0

PRECIPITATION (INCHES)
RECORD
 MAXIMUM         3.78   1885
 MINIMUM         0.00   1929
TOTALS           1.32              0.88    0.44     0.57
DAILY AVG.       0.04              0.03    0.01     0.02
DAYS >= .01         8               7.8     0.2        3
DAYS >= .10         3               2.9     0.1        2
DAYS >= .50         1               0.3     0.7        0
DAYS >= 1.00        0               0.0     0.0        0
GREATEST
 24 HR. TOTAL    0.57   11/01 TO 11/01              0.42

SNOWFALL (INCHES)
RECORDS
 TOTAL           19.6   1985
TOTALS            2.3               3.0    -0.7        T
SINCE 7/1         2.3               3.5    -1.2      6.6
SNOWDEPTH AVG.      0                                  0
DAYS >= TRACE       4               2.9     1.1        3
DAYS >= 1.0         1               1.1    -0.1        0
DAYS >= 5.0         0                                  0
GREATEST
 SNOW DEPTH         0   MM                             0
 24 HR TOTAL      1.8   MM                             T

DEGREE_DAYS
HEATING TOTAL     770               843     -73      763
 SINCE 7/1       1294              1568    -274     1545
COOLING TOTAL       0                 0       0        0
 SINCE 1/1        674               541     133      762
.................................................................

WIND (MPH)
AVERAGE WIND SPEED              6.9
HIGHEST WIND SPEED/DIRECTION    38/220    DATE  11/29
HIGHEST GUST SPEED/DIRECTION    49/270    DATE  11/22

AVERAGE RH (PERCENT)     61

WEATHER CONDITIONS. NUMBER OF DAYS WITH
THUNDERSTORM              0     MIXED PRECIP               0
HEAVY RAIN                1     RAIN                       2
LIGHT RAIN                6     FREEZING RAIN              0
LT FREEZING RAIN          0     HAIL                       1
HEAVY SNOW                2     SNOW                       2
LIGHT SNOW                3     SLEET                      0
FOG                       6     FOG W/VIS <= 1/4 MILE      2
HAZE                      3

-  INDICATES NEGATIVE NUMBERS.
R  INDICATES RECORD WAS SET OR TIED.
MM INDICATES DATA IS MISSING.
T  INDICATES TRACE AMOUNT.

&&

=================================================================

...54TH WARMEST NOVEMBER ON RECORD IN WINNEMUCCA...
...20TH WETTEST NOVEMBER ON RECORD IN WINNEMUCCA...
...41ST SNOWIEST NOVEMBER ON RECORD IN WINNEMUCCA...

THE AVERAGE TEMPERATURE IN WINNEMUCCA DURING NOVEMBER 2014 WAS
39.0 DEGREES...WHICH IS 2.1 DEGREES ABOVE THE 1981-2010
CLIMATOLOGICAL NORMAL OF 36.9 DEGREES. THIS MAKES NOVEMBER 2014
THE 54TH WARMEST ON RECORD. THE TOTAL PRECIPITATION WAS 1.32
INCHES...WHICH IS 0.44 INCHES OR 50 PERCENT ABOVE THE 1981-2010
CLIMATOLOGICAL NORMAL OF 0.88 INCHES. THIS MAKES NOVEMBER 2014
THE 20TH WETTEST ON RECORD. THE TOTAL SNOWFALL WAS 2.3 INCHES...
WHICH IS 0.7 INCHES OR 23 PERCENT BELOW THE 1981-2010
CLIMATOLOGICAL NORMAL OF 3.0 INCHES. THIS MAKES NOVEMBER 2014
THE 41ST SNOWIEST ON RECORD.

A DAILY RECORD HIGH TEMPERATURE OF 66 DEGREES WAS SET ON NOVEMBER 28TH.

$$

RCM
