000
CXUS56 KMTR 011620
CLMWVI


CLIMATE REPORT
NATIONAL WEATHER SERVICE SAN FRANCISCO BAY AREA
816 AM PST THU FEB 1 2018

...................................

...THE WATSONVILLE AIRPORT CLIMATE SUMMARY FOR THE MONTH OF JANUARY 2018...

CLIMATE NORMAL PERIOD 1981 TO 2010
CLIMATE RECORD PERIOD 1998 TO 2018

WEATHER         OBSERVED          NORMAL   LAST YEAR`S
                 VALUE   DATE(S)  VALUE    VALUE  DATE(S)

.........................................................
TEMPERATURE (F)
HIGHEST            75   01/30        MM        72  01/30
LOWEST             34   01/20        MM        31  01/06
AVG. MAXIMUM     63.4                        57.8
AVG. MINIMUM     43.5                        40.2
MEAN             53.4              50.4      49.0
DAYS MAX >= 90      0                           0
DAYS MAX <= 32      0                           0
DAYS MIN <= 32      0                           2
DAYS MIN <= 0       0                           0

PRECIPITATION (INCHES)
RECORD
 MAXIMUM           MM   MM
 MINIMUM           MM   MM
TOTALS           3.39                       13.36
DAILY AVG.       0.11                        0.43
DAYS >= .01         9                          17
DAYS >= .10         4                          14
DAYS >= .50         2                           8
DAYS >= 1.00        1                           6
GREATEST
 24 HR. TOTAL    1.88   01/08 TO 01/08    01/03 TO 01/04

DEGREE_DAYS
HEATING TOTAL     350                         488
 SINCE 7/1       1207                        1625
COOLING TOTAL       0                           0
 SINCE 1/1          0                           0
..........................................................

WIND (MPH)
AVERAGE WIND SPEED              3.1
RESULTANT WIND SPEED/DIRECTION   1/317
HIGHEST WIND SPEED/DIRECTION    16/240    DATE  01/18
HIGHEST GUST SPEED/DIRECTION    21/230    DATE  01/18

SKY COVER
POSSIBLE SUNSHINE (PERCENT)   MM
AVERAGE SKY COVER           0.30
NUMBER OF DAYS FAIR           18
NUMBER OF DAYS PC              8
NUMBER OF DAYS CLOUDY          5

AVERAGE RH (PERCENT)     79


-  INDICATES NEGATIVE NUMBERS.
R  INDICATES RECORD WAS SET OR TIED.
MM INDICATES DATA IS MISSING.
T  INDICATES TRACE AMOUNT.

$$
