000
CXUS55 KPUB 020553 RRB
CLSALS

CLIMATE REPORT
NATIONAL WEATHER SERVICE PUEBLO
1053 PM MST TUE MAR 1 2016

...................................

...THE ALAMOSA CO CLIMATE SUMMARY FOR THE SEASON, FROM
12/1/2015 TO 2/29/2016...

CLIMATE NORMAL PERIOD 1981 TO 2010
CLIMATE RECORD PERIOD 1932 TO 2016

WEATHER         OBSERVED          NORMAL  DEPART  LAST YEAR`S
                 VALUE   DATE(S)  VALUE   FROM    VALUE  DATE(S)
                                          NORMAL
................................................................
TEMPERATURE (F)
RECORD
 HIGH              66   02/25/1986
 LOW              -50   01/28/1948
HIGHEST            61   02/18                         59  02/14
                        02/20                             02/08
                                                          02/10
LOWEST            -26   01/11                        -11  12/29
                                                          12/28
AVG. MAXIMUM     39.0              36.5     2.5     41.0
AVG. MINIMUM      3.3               3.5    -0.2      7.6
MEAN             21.1              19.0     2.1     24.4
DAYS MAX >= 90      0               0.0     0.0
DAYS MAX <= 32     29              29.4    -0.4
DAYS MIN <= 32     90              89.8     0.2
DAYS MIN <= 0      40              39.7     0.3

PRECIPITATION (INCHES)
RECORD
 MAXIMUM         2.17   1965
 MINIMUM         0.08   1999

TOTALS           1.23              0.87    0.36     1.55
DAILY AVG.       0.01              0.01    0.00
DAYS >= .01        12              11.9     0.1
DAYS >= .10         3               3.0     0.0
DAYS >= .50         0               0.0     0.0
DAYS >= 1.00        0               0.0     0.0
GREATEST
 24 HR. TOTAL    0.47   01/08 TO 01/08

SNOWFALL (INCHES)
RECORDS
 MAXIMUM         38.1   1965
 MINIMUM          1.6   1935

TOTALS           14.5              12.3     2.2     21.6
SINCE 7/1        18.8              18.1     0.7     23.2
SNOWDEPTH AVG.      0
DAYS >= 1.0         3               4.3    -1.3
GREATEST
 SNOW DEPTH         5   01/08                          9
                        01/09
 24 HR TOTAL      5.3   01/08 TO 01/08               9.7

DEGREE_DAYS
HEATING TOTAL    3988              4154    -166     3649
 SINCE 7/1       5766              6366    -600     5492
COOLING TOTAL       0                 0       0        0
 SINCE 1/1          0                 0       0        0
.................................................................

WIND (MPH)
AVERAGE WIND SPEED              5.4
HIGHEST WIND SPEED/DIRECTION    44/210    DATE  12/25
HIGHEST GUST SPEED/DIRECTION    56/220    DATE  12/25

SKY COVER
POSSIBLE SUNSHINE (PERCENT)   MM
AVERAGE SKY COVER           0.20
NUMBER OF DAYS FAIR           73
NUMBER OF DAYS PC             14
NUMBER OF DAYS CLOUDY          4

AVERAGE RH (PERCENT)     62

WEATHER CONDITIONS. NUMBER OF DAYS WITH
THUNDERSTORM              0     MIXED PRECIP               0
HEAVY RAIN                0     RAIN                       0
LIGHT RAIN                2     FREEZING RAIN              0
LT FREEZING RAIN          0     HAIL                       0
HEAVY SNOW                1     SNOW                       5
LIGHT SNOW               21     SLEET                      0
FOG                      28     FOG W/VIS <= 1/4 MILE     13
HAZE                     11

-  INDICATES NEGATIVE NUMBERS.
R  INDICATES RECORD WAS SET OR TIED.
MM INDICATES DATA IS MISSING.
T  INDICATES TRACE AMOUNT.

$$
