000
CXUS53 KGRR 020210
CLSBIV

WRKCLMBIV 000
TTAA00 KGRR 020200


CLIMATE REPORT
NATIONAL WEATHER SERVICE GRAND RAPIDS, MI
1010 PM EDT TUE SEP 1 2015

...................................

...THE HOLLAND/TULIP CITY MI CLIMATE SUMMARY FOR THE SEASON, FROM
6/1/2015 TO 8/31/2015...

CLIMATE NORMAL PERIOD 1981 TO 2010
CLIMATE RECORD PERIOD 1996 TO 2015

WEATHER         OBSERVED          NORMAL  DEPART  LAST YEAR`S
                 VALUE   DATE(S)  VALUE   FROM    VALUE  DATE(S)
                                          NORMAL
................................................................
TEMPERATURE (F)
HIGHEST            91   08/02        MM      MM       91  07/22
                        07/28
LOWEST             40   06/02        MM      MM       45  06/14
AVG. MAXIMUM     78.6              80.5    -1.9     79.1
AVG. MINIMUM     59.3              60.7    -1.4     59.6
MEAN             68.9              70.6    -1.7     69.3
DAYS MAX >= 90      3               5.7    -2.7        2
DAYS MAX <= 32      0               0.0     0.0        0
DAYS MIN <= 32      0               0.0     0.0        0
DAYS MIN <= 0       0               0.0     0.0        0

PRECIPITATION (INCHES)
TOTALS           4.16             10.62   -6.46    11.50
DAILY AVG.       0.07              0.12   -0.05     0.12
DAYS >= .01        27                MM      MM       35
DAYS >= .10        13                MM      MM       19
DAYS >= .50         4                MM      MM        9
DAYS >= 1.00        1                MM      MM        2
GREATEST
 24 HR. TOTAL    1.82   07/13 TO 07/14

DEGREE_DAYS
HEATING TOTAL      46                62     -16       59
 SINCE 7/1         22                15       7       36
COOLING TOTAL     427               576    -149      478
 SINCE 1/1        476               618    -142      517

FREEZE DATES
EARLIEST                        MM
LATEST                          MM
..........................................................

WIND (MPH)
AVERAGE WIND SPEED              6.7
RESULTANT WIND SPEED/DIRECTION   2/229
HIGHEST WIND SPEED/DIRECTION    40/240    DATE  07/13
HIGHEST GUST SPEED/DIRECTION    52/230    DATE  07/13

SKY COVER
POSSIBLE SUNSHINE (PERCENT)   MM
AVERAGE SKY COVER           0.30
NUMBER OF DAYS FAIR           57
NUMBER OF DAYS PC             24
NUMBER OF DAYS CLOUDY         10

AVERAGE RH (PERCENT)     72

WEATHER CONDITIONS. NUMBER OF DAYS WITH
THUNDERSTORM             11     MIXED PRECIP               0
HEAVY RAIN               12     RAIN                      15
LIGHT RAIN               37     FREEZING RAIN              0
LT FREEZING RAIN          0     HAIL                       0
HEAVY SNOW                0     SNOW                       0
LIGHT SNOW                0     SLEET                      0
FOG                      52     FOG W/VIS <= 1/4 MILE     11
HAZE                     12

-  INDICATES NEGATIVE NUMBERS.
R  INDICATES RECORD WAS SET OR TIED.
MM INDICATES DATA IS MISSING.
T  INDICATES TRACE AMOUNT.

$$

EBW
