000
CXUS53 KGRR 040457
CLSBTL

CLIMATE REPORT
NATIONAL WEATHER SERVICE GRAND RAPIDS, MI
1157 PM EST THU MAR 3 2016

...................................

...THE BATTLE CREEK MI CLIMATE SUMMARY FOR THE SEASON, FROM
12/1/2015 TO 2/29/2016...

CLIMATE NORMAL PERIOD 1981 TO 2010
CLIMATE RECORD PERIOD 1998 TO 2016

WEATHER         OBSERVED          NORMAL  DEPART  LAST YEAR`S
                 VALUE   DATE(S)  VALUE   FROM    VALUE  DATE(S)
                                          NORMAL
................................................................
TEMPERATURE (F)
HIGHEST            63   12/14        MM      MM       54  12/15
                        12/12                             12/14
                        12/13
LOWEST             -4   02/14        MM      MM      -13  02/20
AVG. MAXIMUM     38.5              34.0     4.5     30.6
AVG. MINIMUM     24.9              17.6     7.3     16.1
MEAN             31.7              25.8     5.9     23.3
DAYS MAX >= 90      0               0.0     0.0        0
DAYS MAX <= 32     31              37.9    -6.9       48
DAYS MIN <= 32     68              82.8   -14.8       78
DAYS MIN <= 0       2               6.6    -4.6       13

PRECIPITATION (INCHES)
TOTALS           4.72              4.99   -0.27     1.86
DAILY AVG.       0.05              0.06   -0.01     0.02
DAYS >= .01        32              36.3    -4.3       20
DAYS >= .10        11              14.7    -3.7        3
DAYS >= .50         2               2.5    -0.5        2
DAYS >= 1.00        0               0.3    -0.3        0
GREATEST
 24 HR. TOTAL      MM

DEGREE_DAYS
HEATING TOTAL    2865              3527    -662     3702
 SINCE 7/1       3915              5000   -1085     5205
COOLING TOTAL       0                 0       0        0
 SINCE 1/1          0                 0       0        0

FREEZE DATES
EARLIEST                        MM
LATEST                          MM
.....................................................

WIND (MPH)
AVERAGE WIND SPEED              10.7
RESULTANT WIND SPEED/DIRECTION   5/234
HIGHEST WIND SPEED/DIRECTION    48/260    DATE  02/19
HIGHEST GUST SPEED/DIRECTION    62/250    DATE  02/19

SKY COVER
POSSIBLE SUNSHINE (PERCENT)   MM
AVERAGE SKY COVER           0.70
NUMBER OF DAYS FAIR           17
NUMBER OF DAYS PC             29
NUMBER OF DAYS CLOUDY         45

AVERAGE RH (PERCENT)     74

WEATHER CONDITIONS. NUMBER OF DAYS WITH
THUNDERSTORM              0     MIXED PRECIP               0
HEAVY RAIN                1     RAIN                       9
LIGHT RAIN               26     FREEZING RAIN              0
LT FREEZING RAIN          2     HAIL                       0
HEAVY SNOW                2     SNOW                       6
LIGHT SNOW               43     SLEET                      1
FOG                      62     FOG W/VIS <= 1/4 MILE      7
HAZE                     33

-  INDICATES NEGATIVE NUMBERS.
R  INDICATES RECORD WAS SET OR TIED.
MM INDICATES DATA IS MISSING.
T  INDICATES TRACE AMOUNT.

$$

CAS
