000
CXUS53 KDVN 012117
CLSCID

CLIMATE REPORT
NATIONAL WEATHER SERVICE QUAD CITIES IA IL
317 PM CST WED MAR 1 2017

...................................

...THE CEDAR RAPIDS IA CLIMATE SUMMARY FOR THE SEASON, FROM
12/1/2016 TO 2/28/2017...

CLIMATE NORMAL PERIOD 1981 TO 2010
CLIMATE RECORD PERIOD 1891 TO 2017

WEATHER         OBSERVED          NORMAL  DEPART
                 VALUE   DATE(S)  VALUE   FROM
                                          NORMAL
................................................
TEMPERATURE (F)
RECORD
 HIGH              76   02/22/2017
 LOW              -29   01/15/2009
HIGHEST            76R  02/22        39      37
LOWEST            -16   12/18        11     -27
AVG. MAXIMUM     35.7              31.0     4.7
AVG. MINIMUM     19.6              13.7     5.9
MEAN             27.7              22.4     5.3
DAYS MAX >= 90      0
DAYS MAX <= 32     32
DAYS MIN <= 32     82
DAYS MIN <= 0       9

PRECIPITATION (INCHES)
TOTALS           3.42              3.56   -0.14
DAILY AVG.       0.04              0.04    0.00
DAYS >= .01        22
DAYS >= .10        10
DAYS >= .50         1
DAYS >= 1.00        0
GREATEST
 24 HR. TOTAL    0.68   01/16 TO 01/16

DEGREE_DAYS
HEATING TOTAL    3359              3837    -478
 SINCE 7/1       4276              5283   -1007
COOLING TOTAL       0                 0       0
 SINCE 1/1          0                 0       0
.................................................

WIND (MPH)
AVERAGE WIND SPEED              11.1
HIGHEST WIND SPEED/DIRECTION    37/280    DATE  01/10
HIGHEST GUST SPEED/DIRECTION    46/280    DATE  01/10

SKY COVER
POSSIBLE SUNSHINE (PERCENT)   MM
AVERAGE SKY COVER           0.50
NUMBER OF DAYS FAIR           39
NUMBER OF DAYS PC             21
NUMBER OF DAYS CLOUDY         30

AVERAGE RH (PERCENT)     80

WEATHER CONDITIONS. NUMBER OF DAYS WITH
THUNDERSTORM              4     HAIL                       0
SLEET                     0     FOG                       51
FOG W/VIS <= 1/4 MILE    18     HAZE                       8

-  INDICATES NEGATIVE NUMBERS.
R  INDICATES RECORD WAS SET OR TIED.
MM INDICATES DATA IS MISSING.
T  INDICATES TRACE AMOUNT.

$$
