000
CXUS55 KPUB 011856
CLSCOS

CLIMATE REPORT
NATIONAL WEATHER SERVICE PUEBLO
1255 PM MDT TUE SEP 1 2015

...................................

...THE COLORADO SPRINGS CO CLIMATE SUMMARY FOR THE SEASON, FROM
6/1/2015 TO 8/31/2015...

CLIMATE NORMAL PERIOD 1981 TO 2010
CLIMATE RECORD PERIOD 1872 TO 2015

WEATHER         OBSERVED          NORMAL  DEPART  LAST YEAR`S
                 VALUE   DATE(S)  VALUE   FROM    VALUE  DATE(S)
                                          NORMAL
................................................................
TEMPERATURE (F)
RECORD
 HIGH             101   06/26/2012
 LOW               27   06/01/1903
HIGHEST            94   08/06                         96  06/29
LOWEST             45   08/20                         41  06/10
AVG. MAXIMUM     83.1              81.8     1.3     82.3
AVG. MINIMUM     56.9              54.7     2.2     54.7
MEAN             70.0              68.3     1.7     68.5
DAYS MAX >= 90     13              13.9    -0.9
DAYS MAX <= 32      0               0.0     0.0
DAYS MIN <= 32      0               0.0     0.0
DAYS MIN <= 0       0               0.0     0.0

PRECIPITATION (INCHES)
RECORD
 MAXIMUM        16.85   1965
 MINIMUM         2.47   1939
TOTALS          10.59              8.68    1.91     8.26
DAILY AVG.       0.12              0.09    0.03
DAYS >= .01        39              35.3     3.7
DAYS >= .10        14              18.0    -4.0
DAYS >= .50         5               4.9     0.1
DAYS >= 1.00        3               1.7     1.3
GREATEST
 24 HR. TOTAL    3.18   06/15 TO 06/16

SNOWFALL (INCHES)
RECORDS
 TOTAL            2.0   1917
TOTALS              T               0.0     0.0        T
SINCE 7/1           T               0.0     0.0        T
SNOWDEPTH AVG.      0
DAYS >= 1.0         0               0.0     0.0
GREATEST
 SNOW DEPTH         0   MM                             0
 24 HR TOTAL        T   07/26 TO 07/26                 T
                        06/28 TO 06/28
                        06/11 TO 06/11
                        06/04 TO 06/04


DEGREE_DAYS
HEATING TOTAL      29               110     -81       69
 SINCE 7/1         19                31     -12       30
COOLING TOTAL     515               409     106      414
 SINCE 1/1        515               418      97      427
.................................................................

WIND (MPH)
AVERAGE WIND SPEED              8.5
HIGHEST WIND SPEED/DIRECTION    38/260    DATE  07/04
HIGHEST GUST SPEED/DIRECTION    50/310    DATE  08/16

SKY COVER
POSSIBLE SUNSHINE (PERCENT)   MM
AVERAGE SKY COVER           0.60
NUMBER OF DAYS FAIR            9
NUMBER OF DAYS PC             71
NUMBER OF DAYS CLOUDY         12

AVERAGE RH (PERCENT)     54

WEATHER CONDITIONS. NUMBER OF DAYS WITH
THUNDERSTORM              0     MIXED PRECIP               0
HEAVY RAIN               15     RAIN                      23
LIGHT RAIN               55     FREEZING RAIN              0
LT FREEZING RAIN          0     HAIL                       4
HEAVY SNOW                0     SNOW                       0
LIGHT SNOW                0     SLEET                      0
FOG                      16     FOG W/VIS <= 1/4 MILE      2
HAZE                     10

-  INDICATES NEGATIVE NUMBERS.
R  INDICATES RECORD WAS SET OR TIED.
MM INDICATES DATA IS MISSING.
T  INDICATES TRACE AMOUNT.

$$
