000
CXUS53 KDVN 011626
CLSDBQ

CLIMATE REPORT
NATIONAL WEATHER SERVICE QUAD CITIES IA IL
1026 AM CST SAT MAR 1 2014

...................................

...THE DUBUQUE CLIMATE SUMMARY FOR THE SEASON, FROM
12/1/2013 TO 2/28/2014...

CLIMATE NORMAL PERIOD 1981 TO 2010
CLIMATE RECORD PERIOD 1873 TO 2014

WEATHER         OBSERVED          NORMAL  DEPART
                 VALUE   DATE(S)  VALUE   FROM
                                          NORMAL
................................................
TEMPERATURE (F)
RECORD
 HIGH              68   02/15/1921
 LOW              -32   01/07/1887
HIGHEST            48   12/04        37      11
LOWEST            -22   01/06        11     -33
AVG. MAXIMUM     21.0              29.4    -8.4
AVG. MINIMUM      2.3              14.1   -11.8
MEAN             11.6              21.7   -10.1
DAYS MAX >= 90      0               0.0     0.0
DAYS MAX <= 32     69              50.4    18.6
DAYS MIN <= 32     89              84.6     4.4
DAYS MIN <= 0      42              15.2    26.8

PRECIPITATION (INCHES)
TOTALS           3.72              4.45   -0.73
DAILY AVG.       0.04              0.05   -0.01
DAYS >= .01        39              27.3    11.7
DAYS >= .10        10
DAYS >= .50         0
DAYS >= 1.00        0               0.4    -0.4
GREATEST
 24 HR. TOTAL    0.50   12/21 TO 12/22

SNOWFALL (INCHES)
TOTALS           47.8              30.8    17.0
SINCE 7/1        51.7              33.6    18.1
SNOWDEPTH AVG.      5
DAYS >= TRACE      48              20.4    27.6
DAYS >= 1.0        18               9.4     8.6
GREATEST
 SNOW DEPTH        10   02/18
 24 HR TOTAL      6.3   12/21 TO 12/22

DEGREE_DAYS
HEATING TOTAL    4777              3893     884
 SINCE 7/1       6376              5393     983
COOLING TOTAL       0                 0       0
 SINCE 1/1          0                 0       0
.................................................

WIND (MPH)
AVERAGE WIND SPEED              11.9
HIGHEST WIND SPEED/DIRECTION    45/280    DATE  02/21
HIGHEST GUST SPEED/DIRECTION    56/320    DATE  01/26

SKY COVER
POSSIBLE SUNSHINE (PERCENT)   MM
AVERAGE SKY COVER           0.50
NUMBER OF DAYS FAIR           41
NUMBER OF DAYS PC             25
NUMBER OF DAYS CLOUDY         24

AVERAGE RH (PERCENT)     80

WEATHER CONDITIONS. NUMBER OF DAYS WITH
THUNDERSTORM              1     HAIL                       0
SLEET                     2     FOG                       62
FOG W/VIS <= 1/4 MILE    10     HAZE                      45

-  INDICATES NEGATIVE NUMBERS.
R  INDICATES RECORD WAS SET OR TIED.
MM INDICATES DATA IS MISSING.
T  INDICATES TRACE AMOUNT.

$$
