200
CXUS53 KPAH 011310
CLSEVV

INDCLMEWS 000
TTAA00 KPAH 011257

CLIMATE REPORT
NATIONAL WEATHER SERVICE PADUCAH KY
756 AM CDT THU JUN 1 2017

...................................

...THE EVANSVILLE IN CLIMATE SUMMARY FOR THE SPRING SEASON,
FROM MARCH 1ST, 2017 TO MAY 31ST, 2017...

CLIMATE NORMAL PERIOD 1981 TO 2010
CLIMATE RECORD PERIOD 1896 TO 2017

WEATHER         OBSERVED          NORMAL  DEPART
                 VALUE   DATE(S)  VALUE   FROM
                                          NORMAL
................................................
TEMPERATURE (F)
RECORD
 HIGH              98   05/29/1911
                        05/28/1911
 LOW               -9   03/06/1960
HIGHEST            92   05/19        67      25
LOWEST             18   03/16        45     -27
AVG. MAXIMUM     70.7              67.1     3.6
AVG. MINIMUM     48.7              44.8     3.9
MEAN             59.7              56.0     3.7
DAYS MAX >= 90      1               0.9     0.1
DAYS MAX <= 32      0               0.5    -0.5
DAYS MIN <= 32     11              15.2    -4.2
DAYS MIN <= 0       0               0.0     0.0

PRECIPITATION (INCHES)
RECORD
 MAXIMUM        25.48   2008
 MINIMUM         4.04   1930
TOTALS          17.73             13.97    3.76
DAILY AVG.       0.19              0.15    0.04
DAYS >= .01        40              34.8     5.2
DAYS >= .10        25              22.7     2.3
DAYS >= .50        12               9.5     2.5
DAYS >= 1.00        5               3.6     1.4
GREATEST
 24 HR. TOTAL    2.83   MM
 STORM TOTAL       MM
 (MM/DD(HH))            MM

SNOWFALL (INCHES)
TOTALS            1.0
 LIQUID EQUIV    0.10
SINCE 7/1         1.4
 LIQUID 7/1      0.14
SNOWDEPTH AVG.      0
DAYS >= TRACE       3
DAYS >= 1.0         0
GREATEST
 SNOW DEPTH         0   MM
 24 HR TOTAL      0.7   MM
 STORM TOTAL       MM
 (MM/DD(HH))            MM

DEGREE_DAYS
HEATING TOTAL     693               967    -274
 SINCE 7/1       3392              4541   -1149
COOLING TOTAL     225               134      91
 SINCE 1/1        225               135      90

FREEZE DATES
RECORD
 EARLIEST     10/03/1974
 LATEST       05/10/1966
EARLIEST                        10/23
LATEST                          04/10
.................................................

WIND (MPH)
AVERAGE WIND SPEED              8.2
HIGHEST WIND SPEED/DIRECTION    35/300    DATE  03/01
HIGHEST GUST SPEED/DIRECTION    61/300    DATE  03/01

SKY COVER
POSSIBLE SUNSHINE (PERCENT)   MM
AVERAGE SKY COVER           0.40
NUMBER OF DAYS FAIR           45
NUMBER OF DAYS PC             35
NUMBER OF DAYS CLOUDY         12

AVERAGE RH (PERCENT)     64

WEATHER CONDITIONS. NUMBER OF DAYS WITH
THUNDERSTORM              0     MIXED PRECIP               0
HEAVY RAIN               18     RAIN                      21
LIGHT RAIN               39     FREEZING RAIN              0
LT FREEZING RAIN          0     HAIL                       0
HEAVY SNOW                0     SNOW                       1
LIGHT SNOW                2     SLEET                      0
FOG                      38     FOG W/VIS <= 1/4 MILE      3
HAZE                     11

-  INDICATES NEGATIVE NUMBERS.
R  INDICATES RECORD WAS SET OR TIED.
MM INDICATES DATA IS MISSING.
T  INDICATES TRACE AMOUNT.

&& REMARKS: WITH A MEAN TEMPERATURE OF 59.7 DEGREES, SPRING 2017 IS
THE 5TH WARMEST ON RECORD. THE RECORD MEAN TEMPERATURE IS 63.5
DEGREES SET IN 2012.

$$
