000
CXUS53 KDLH 021256
CLSINL

CXUS53 KDLH 021241
CLMINL


CLIMATE REPORT
NATIONAL WEATHER SERVICE DULUTH MN
756 AM CDT WED SEP 2 2015

...................................

...THE INTERNATIONAL FALLS MN CLIMATE SUMMARY FOR THE SEASON, FROM
6/1/2015 TO 8/31/2015...

CLIMATE NORMAL PERIOD 1981 TO 2010
CLIMATE RECORD PERIOD 1895 TO 2015

WEATHER         OBSERVED          NORMAL  DEPART  LAST YEAR`S
                 VALUE   DATE(S)  VALUE   FROM    VALUE
                                          NORMAL
.............................................................
TEMPERATURE (F)
RECORD
 HIGH             103   07/22/1923
 LOW               23   06/01/1964
HIGHEST            90   07/26        MM      MM       90
LOWEST             30   06/01        MM      MM       34
MEAN             63.0              63.1    -0.1     62.0

PRECIPITATION (INCHES)
RECORD
 MAXIMUM        18.99   1942
 MINIMUM         4.96   1910
TOTALS           8.29             10.43   -2.14    15.72

SNOWFALL (INCHES)
SINCE 7/1         0.0

DEGREE_DAYS
HEATING TOTAL     196               346    -150      343
COOLING TOTAL      95               173     -78       88
..............................................................

WIND (MPH)
AVERAGE WIND SPEED              5.7
HIGHEST WIND SPEED/DIRECTION    29/310
HIGHEST GUST SPEED/DIRECTION    41/310

SKY COVER
POSSIBLE SUNSHINE (PERCENT)   MM



-  INDICATES NEGATIVE NUMBERS.
R  INDICATES RECORD WAS SET OR TIED.
MM INDICATES DATA IS MISSING.
T  INDICATES TRACE AMOUNT.

$$

.THE 2015 SUMMER SEASON WAS WARMER AND DRIER THAN NORMAL AT
INTERNATIONAL FALLS MN...

THE AVERAGE TEMPERATURE FOR THE SUMMER SEASON WAS 63.0 DEGREES WHICH
WAS 0.1 DEGREES ABOVE THE NORMAL OF 63.1 DEGREES. THIS TIES FOR THE
47TH WARMEST METEOROLOGICAL SUMMER ON RECORD AT INTERNATIONAL FALLS.
8.29 INCHES OF PRECIPITATION WAS RECORDED FOR THE SEASON WHICH WAS
2.14 INCHES BELOW THE NORMAL OF 10.43 INCHES. THIS WAS THE 21ST
DRIEST SUMMER SEASON ON RECORD.

$$
