000
CXUS51 KOKX 011411
CLSJFK

NYCCLMJFK 000
TTAA00 KOKX 011357


CLIMATE REPORT
NATIONAL WEATHER SERVICE NEW YORK NY
1011 AM EDT MON SEP 1 2014

...................................

...THE KENNEDY NY CLIMATE SUMMARY FOR THE SEASON, FROM
6/1/2014 TO 8/31/2014...

CLIMATE NORMAL PERIOD 1981 TO 2010
CLIMATE RECORD PERIOD 1949 TO 2014

WEATHER         OBSERVED          NORMAL  DEPART  LAST YEAR`S
                 VALUE   DATE(S)  VALUE   FROM    VALUE
                                          NORMAL
.............................................................
TEMPERATURE (F)
RECORD
 HIGH             104   07/03/1966
 LOW               45   06/01/1967
HIGHEST            91   06/18        MM      MM
LOWEST             54   06/01        MM      MM
AVG. MAXIMUM     81.2              81.1     0.1
AVG. MINIMUM     66.2              66.4    -0.2
MEAN             73.7              73.7     0.0
DAYS MAX >= 90      1               8.0    -7.0
DAYS MAX <= 32      0               0.0     0.0
DAYS MIN <= 32      0               0.0     0.0
DAYS MIN <= 0       0               0.0     0.0

PRECIPITATION (INCHES)
RECORD
 MAXIMUM        22.04   2011
 MINIMUM         3.89   1966
TOTALS          11.67             11.62    0.05    12.94
DAILY AVG.       0.13              0.13    0.00
DAYS >= .01        27              28.8    -1.8
DAYS >= .10        15              18.2    -3.2
DAYS >= .50         8               7.5     0.5
DAYS >= 1.00        3               3.4    -0.4
GREATEST
 24 HR. TOTAL    3.26   MM
 STORM TOTAL       MM
 (MM/DD(HH))            MM

SNOWFALL (INCHES)
RECORDS
 TOTAL              T   2009
                        1997
                        1949
 24 HR TOTAL       MM
TOTALS            0.0               0.0     0.0
 LIQUID EQUIV    0.00              0.00    0.00
SINCE 7/1         0.0               0.0     0.0
 LIQUID 7/1      0.00
DAYS >= TRACE       0               0.0     0.0
DAYS >= 1.0         0               0.0     0.0
GREATEST
 SNOW DEPTH         0   MM
 24 HR TOTAL      0.0   MM
 STORM TOTAL       MM
 (MM/DD(HH))            MM

DEGREE_DAYS
HEATING TOTAL       0                22     -22
 SINCE 7/1          0                 1      -1
COOLING TOTAL     831               826       5
 SINCE 1/1        863               861       2
..............................................................

WIND (MPH)
AVERAGE WIND SPEED              9.6
HIGHEST WIND SPEED/DIRECTION    35/130    DATE  08/13
HIGHEST GUST SPEED/DIRECTION    45/MM     DATE   MM

SKY COVER
POSSIBLE SUNSHINE (PERCENT)   MM
AVERAGE SKY COVER           0.60
NUMBER OF DAYS FAIR            8
NUMBER OF DAYS PC             57
NUMBER OF DAYS CLOUDY         27

AVERAGE RH (PERCENT)     65

WEATHER CONDITIONS. NUMBER OF DAYS WITH
THUNDERSTORM              0     MIXED PRECIP               0
HEAVY RAIN               12     RAIN                      12
LIGHT RAIN               36     FREEZING RAIN              0
LT FREEZING RAIN          0     HAIL                       0
HEAVY SNOW                0     SNOW                       0
LIGHT SNOW                0     SLEET                      0
FOG                      25     FOG W/VIS <= 1/4 MILE      1
HAZE                      6

-  INDICATES NEGATIVE NUMBERS.
R  INDICATES RECORD WAS SET OR TIED.
MM INDICATES DATA IS MISSING.
T  INDICATES TRACE AMOUNT.

$$
