000
CXUS53 KMKX 011351
CLSMKE

CLIMATE REPORT
NATIONAL WEATHER SERVICE IN MILWAUKEE
849 AM CDT THU JUN 1 2017

...................................

...THE MILWAUKEE WI CLIMATE SUMMARY FOR THE SEASON, FROM
3/1/2017 TO 5/31/2017...

CLIMATE NORMAL PERIOD 1981 TO 2010
CLIMATE RECORD PERIOD 1871 TO 2017

WEATHER         OBSERVED          NORMAL  DEPART  LAST YEAR`S
                 VALUE   DATE(S)  VALUE   FROM    VALUE  DATE(S)
                                          NORMAL
................................................................
TEMPERATURE (F)
RECORD
 HIGH              94   05/27/1911
 LOW              -10   03/01/1962
HIGHEST            87   05/16        85       2       85  05/26
                                                          05/06
                                                          05/24
LOWEST             14   03/11         7       7       11  03/04
                                                          03/02
AVG. MAXIMUM     55.3              53.7     1.6     55.5
AVG. MINIMUM     39.4              37.2     2.2     38.9
MEAN             47.4              45.4     2.0     47.2
DAYS MAX >= 90      0               0.2    -0.2        0
DAYS MAX <= 32      6               5.0     1.0        3
DAYS MIN <= 32     16              28.2   -12.2       22
DAYS MIN <= 0       0               0.1    -0.1        0

PRECIPITATION (INCHES)
RECORD
 MAXIMUM        16.66   1876
 MINIMUM         2.94   1885
TOTALS          12.78              9.23    3.55     7.51
DAILY AVG.       0.14              0.10    0.04     0.08
DAYS >= .01        40              34.9     5.1       40
DAYS >= .10        31              19.0    12.0       20
DAYS >= .50         8               6.4     1.6        4
DAYS >= 1.00        2               1.9     0.1        1
GREATEST
 24 HR. TOTAL    1.11   MM                          1.34

SNOWFALL (INCHES)
RECORDS
 TOTAL           53.5   1881
TOTALS           13.6               9.1     4.5     10.0
SINCE 7/1        37.6              46.9    -9.3     39.1
SNOWDEPTH AVG.      0                MM      MM        0
DAYS >= 1.0         3               2.4     0.6        5
GREATEST
 SNOW DEPTH         9   03/14                          3  03/02
 24 HR TOTAL      8.7   03/13 TO 03/13               2.7

DEGREE_DAYS
HEATING TOTAL    1621              1830    -209     1661
 SINCE 7/1         MM              6810      MM       MM
COOLING TOTAL      21                30      -9       45
 SINCE 1/1         21                30      -9       45

FREEZE DATES
RECORD
 EARLIEST     09/20/1956
 LATEST       05/27/1961
EARLIEST                        10/17
LATEST                          04/27
.................................................................

WIND (MPH)
AVERAGE WIND SPEED              10.7
RESULTANT WIND SPEED/DIRECTION   2/346
HIGHEST WIND SPEED/DIRECTION    44/250    DATE  03/08
HIGHEST GUST SPEED/DIRECTION    58/260    DATE  03/08

SKY COVER
POSSIBLE SUNSHINE (PERCENT)   MM
AVERAGE SKY COVER           0.70
NUMBER OF DAYS FAIR            8
NUMBER OF DAYS PC             42
NUMBER OF DAYS CLOUDY         42

AVERAGE RH (PERCENT)     66

WEATHER CONDITIONS. NUMBER OF DAYS WITH
THUNDERSTORM             17     MIXED PRECIP               0
HEAVY RAIN               14     RAIN                      21
LIGHT RAIN               52     FREEZING RAIN              0
LT FREEZING RAIN          0     HAIL                       1
HEAVY SNOW                2     SNOW                       1
LIGHT SNOW                9     SLEET                      1
FOG                      42     FOG W/VIS <= 1/4 MILE     10
HAZE                     14

-  INDICATES NEGATIVE NUMBERS.
R  INDICATES RECORD WAS SET OR TIED.
MM INDICATES DATA IS MISSING.
T  INDICATES TRACE AMOUNT.

$$
