000
CXUS51 KPBZ 011329
CLSPIT


CLIMATE REPORT
NATIONAL WEATHER SERVICE PITTSBURGH PA
929 AM EDT THU JUN 1 2017

...................................

...THE PITTSBURGH PA CLIMATE SUMMARY FOR THE SEASON, FROM
3/1/2017 TO 5/31/2017...

CLIMATE NORMAL PERIOD 1981 TO 2010
CLIMATE RECORD PERIOD 1871 TO 2017

WEATHER         OBSERVED          NORMAL  DEPART  LAST YEAR`S
                 VALUE   DATE(S)  VALUE   FROM    VALUE  DATE(S)
                                          NORMAL
................................................................
TEMPERATURE (F)
RECORD
 HIGH              95   05/03/1887
                        05/02/1887
                        05/29/1881
 LOW               -5   03/06/2015
HIGHEST            87   05/17        86       1       88  05/28
                        04/30
LOWEST             15   03/15        10       5       18  03/03
                        03/11
                        03/12
AVG. MAXIMUM     62.2              60.5     1.7     64.0
AVG. MINIMUM     42.9              39.8     3.1     43.0
MEAN             52.6              50.2     2.4     53.5
DAYS MAX >= 90      0               0.0     0.0        0
DAYS MAX <= 32      4               2.7     1.3        0
DAYS MIN <= 32     18              24.6    -6.6       22
DAYS MIN <= 0       0               0.0     0.0        0

PRECIPITATION (INCHES)
RECORD
 MAXIMUM        17.60   1901
 MINIMUM         4.01   1871
TOTALS          13.71             10.01    3.70
DAILY AVG.       0.15              0.11    0.04     0.10
DAYS >= .01        49              41.1     7.9       42
DAYS >= .10        33              24.2     8.8       26
DAYS >= .50         8               6.0     2.0        5
DAYS >= 1.00        2               1.3     0.7        1
GREATEST
 24 HR. TOTAL    1.29

SNOWFALL (INCHES)
RECORDS
 TOTAL           34.6   1993
TOTALS            9.7               8.9     0.8      5.2
SINCE 7/1        32.0              41.9    -9.9     29.6
SNOWDEPTH AVG.      0                                  0
DAYS >= TRACE      14               7.9     6.1       16
DAYS >= 1.0         4               2.7     1.3        2
GREATEST
 24 HR TOTAL      3.2   MM                           1.5

DEGREE_DAYS
HEATING TOTAL    1196              1415    -219     1104
 SINCE 7/1         MM              5672      MM       MM
COOLING TOTAL      73                52      21       70
 SINCE 1/1         74                52      22       70
.................................................................

WIND (MPH)
AVERAGE WIND SPEED              8.9
HIGHEST WIND SPEED/DIRECTION    40/270    DATE  05/01
HIGHEST GUST SPEED/DIRECTION    53/280    DATE  05/01

AVERAGE RH (PERCENT)     67

WEATHER CONDITIONS. NUMBER OF DAYS WITH
THUNDERSTORM              0     MIXED PRECIP               0
HEAVY RAIN               10     RAIN                      14
LIGHT RAIN               51     FREEZING RAIN              0
LT FREEZING RAIN          1     HAIL                       1
HEAVY SNOW                2     SNOW                       6
LIGHT SNOW               14     SLEET                      1
FOG                      45     FOG W/VIS <= 1/4 MILE      3
HAZE                      6

-  INDICATES NEGATIVE NUMBERS.
R  INDICATES RECORD WAS SET OR TIED.
MM INDICATES DATA IS MISSING.
T  INDICATES TRACE AMOUNT.

$$
