000
CXUS51 KALY 011632
CLSPSF

ALBCLMPSF 000
TTAA00 KALY 011627


CLIMATE REPORT
NATIONAL WEATHER SERVICE ALBANY NY
1132 AM EST FRI DEC 1 2017

...................................

...THE PITTSFIELD MA CLIMATE SUMMARY FOR THE SEASON, FROM
9/1/2017 TO 11/30/2017...

CLIMATE NORMAL PERIOD 1981 TO 2010
CLIMATE RECORD PERIOD 9999 TO 9999

WEATHER         OBSERVED          NORMAL  DEPART  LAST YEAR`S
                 VALUE   DATE(S)  VALUE   FROM    VALUE  DATE(S)
                                          NORMAL
................................................................
TEMPERATURE (F)
HIGHEST            88   09/25                         85  09/08
LOWEST             15   11/11                         21  11/23
AVG. MAXIMUM     62.1              57.9     4.2     60.4
AVG. MINIMUM     41.3              38.0     3.3     39.8
MEAN             51.7              48.0     3.7     50.1
DAYS MAX >= 90      0               0.2    -0.2        0
DAYS MAX <= 32      0               2.2    -2.2        3
DAYS MIN <= 32     24              29.5    -5.5       28
DAYS MIN <= 0       0               0.0     0.0        0

PRECIPITATION (INCHES)
TOTALS           8.70             12.60   -3.90     8.57
DAILY AVG.       0.10              0.14   -0.04     0.09
DAYS >= .01        32                                 32
DAYS >= .10        17                                 15
DAYS >= .50         5                                  7
DAYS >= 1.00        2                                  2
GREATEST
 24 HR. TOTAL    2.09   10/29 TO 10/29

DEGREE_DAYS
HEATING TOTAL    1239              1573    -334
 SINCE 7/1       1325              1651    -326
COOLING TOTAL      81                20      61
 SINCE 1/1        351               290      61

FREEZE DATES
EARLIEST                        10/04
LATEST                          05/07
.................................................................

WIND (MPH)
AVERAGE WIND SPEED              6.0
HIGHEST WIND SPEED/DIRECTION    36/270    DATE  11/19
HIGHEST GUST SPEED/DIRECTION    50/280    DATE  11/19


WEATHER CONDITIONS. NUMBER OF DAYS WITH
THUNDERSTORM              2     MIXED PRECIP               0
HEAVY RAIN                9     RAIN                      12
LIGHT RAIN               38     FREEZING RAIN              0
LT FREEZING RAIN          0     HAIL                       0
HEAVY SNOW                0     SNOW                       0
LIGHT SNOW                6     SLEET                      0
FOG                      51     FOG W/VIS <= 1/4 MILE     23
HAZE                      6

-  INDICATES NEGATIVE NUMBERS.
R  INDICATES RECORD WAS SET OR TIED.
MM INDICATES DATA IS MISSING.
T  INDICATES TRACE AMOUNT.

$$
