681
CXUS55 KPUB 021647 CCA
CLSPUB

CLIMATE REPORT...CORRECTION
NATIONAL WEATHER SERVICE PUEBLO
924 AM MST FRI DEC 2 2016

...................................

...THE PUEBLO CO CLIMATE SUMMARY FOR THE SEASON, FROM
9/1/2016 TO 11/30/2016...

CLIMATE NORMAL PERIOD 1981 TO 2010
CLIMATE RECORD PERIOD 1888 TO 2016

WEATHER         OBSERVED          NORMAL  DEPART  LAST YEAR`S
                 VALUE   DATE(S)  VALUE   FROM    VALUE  DATE(S)
                                          NORMAL
................................................................
TEMPERATURE (F)
RECORD
 HIGH             101   09/05/1995
 LOW              -17   11/29/1896
HIGHEST            98   09/05                         98  09/13
LOWEST             14   11/19                          6  11/27
                        11/30
AVG. MAXIMUM     76.6              69.0     7.6     74.6
AVG. MINIMUM     39.9              34.8     5.1     40.6
MEAN             58.3              51.9     6.4     57.6
DAYS MAX >= 90     15
DAYS MAX <= 32      0
DAYS MIN <= 32     29
DAYS MIN <= 0       0

PRECIPITATION (INCHES)
RECORD
 MAXIMUM         7.74   1957
 MINIMUM         0.19   1948
TOTALS           0.83              1.96   -1.13     1.24
DAILY AVG.          T              0.02   -0.02
DAYS >= .01         4
DAYS >= .10         1
DAYS >= .50         1
DAYS >= 1.00        0
GREATEST
 24 HR. TOTAL    0.70   11/22 TO 11/22

SNOWFALL (INCHES)
RECORDS
 TOTAL           41.9   1991
 24 HR TOTAL     16.0   11/14/1985 TO 11/14/1985
TOTALS              T               6.0    -6.0      6.4
SINCE 7/1           T               6.0    -6.0
SNOWDEPTH AVG.      0
DAYS >= TRACE       1               3.5    -2.5
DAYS >= 1.0         0               1.6    -1.6
GREATEST
 SNOW DEPTH         0                                  5
 24 HR TOTAL        T   11/17 TO 11/17               5.0

DEGREE_DAYS
HEATING TOTAL     782              1276    -494      874
 SINCE 7/1        782              1281    -499      874
COOLING TOTAL     193                85     108      227
 SINCE 1/1       1358               897     461     1273
...................................................

WIND (MPH)
AVERAGE WIND SPEED              7.6
HIGHEST WIND SPEED/DIRECTION    43/280    DATE  09/23
HIGHEST GUST SPEED/DIRECTION    54/280    DATE  09/23

SKY COVER
POSSIBLE SUNSHINE (PERCENT)   MM
AVERAGE SKY COVER           0.10
NUMBER OF DAYS FAIR           84
NUMBER OF DAYS PC              7
NUMBER OF DAYS CLOUDY          0

AVERAGE RH (PERCENT)     42

WEATHER CONDITIONS. NUMBER OF DAYS WITH
THUNDERSTORM              6     MIXED PRECIP               1
HEAVY RAIN                1     RAIN                       3
LIGHT RAIN               12     FREEZING RAIN              0
LT FREEZING RAIN          0     HAIL                       0
HEAVY SNOW                0     SNOW                       0
LIGHT SNOW                1     SLEET                      0
FOG                       1     FOG W/VIS <= 1/4 MILE      0
HAZE                      2

-  INDICATES NEGATIVE NUMBERS.
R  INDICATES RECORD WAS SET OR TIED.
MM INDICATES DATA IS MISSING.
T  INDICATES TRACE AMOUNT.

$$
