000
CXUS53 KGRB 031741 RRA
CLSRHI

SEASONAL CLIMATE REPORT
NATIONAL WEATHER SERVICE GREEN BAY
1242 PM CST TUE JUN 3 2014

...THE RHINELANDER WI SPRING CLIMATE SUMMARY FROM 3/1/2014 TO
5/31/2014...

CLIMATE NORMAL PERIOD 1981 TO 2010
CLIMATE RECORD PERIOD 1908 TO 2014

WEATHER         OBSERVED          NORMAL  DEPART  LAST YEAR`S
                 VALUE   DATE(S)  VALUE   FROM    VALUE  DATE(S)
                                          NORMAL
................................................................
TEMPERATURE (F)
RECORD
 HIGH              99   05/31/1934
 LOW              -36   03/01/1962
HIGHEST            84   05/31        87      -3       82  05/19
                        05/30
LOWEST            -28   03/03       -10     -18      -10  03/17
                                                          03/03
AVG. MAXIMUM     46.7              51.9    -5.2     46.8
AVG. MINIMUM     24.1              29.1    -5.0     26.2
MEAN             35.4              40.5    -5.1     36.5
DAYS MAX >= 90      0               0.1    -0.1        0
DAYS MAX <= 32     21              11.8     9.2       21
DAYS MIN <= 32     62              51.7    10.3       62
DAYS MIN <= 0      11               3.4     7.6        4

PRECIPITATION (INCHES)
RECORD
 MAXIMUM        14.87   1991
 MINIMUM         2.28   1931
TOTALS           8.50              7.64    0.86    10.53
DAILY AVG.       0.09              0.08    0.01     0.11
DAYS >= .01        36                MM      MM       45
DAYS >= .10        23                MM      MM       29
DAYS >= .50         6                MM      MM        5
DAYS >= 1.00        1                MM      MM        0

SNOWFALL (INCHES)
RECORDS
 TOTAL           47.0   1923
 24 HR TOTAL       MM
TOTALS           37.8                MM      MM     31.2
SINCE 7/1       110.3                MM      MM     83.8
DAYS >= TRACE      31                MM      MM       41
DAYS >= 1.0         8                MM      MM       12
GREATEST
 SNOW DEPTH        28   03/04                         24  03/20
                                                          03/19
 24 HR TOTAL      7.5   04/17

DEGREE_DAYS
HEATING TOTAL    2709              2264     445     2611
 SINCE 7/1      10338              8886    1452     9011
COOLING TOTAL       7                12      -5       14
 SINCE 1/1          7                12      -5       14

FREEZE DATES
RECORD
 EARLIEST     08/27/1915
 LATEST       07/30/1928
EARLIEST                        09/23
LATEST                          05/20
.................................................................

WIND (MPH)
AVERAGE WIND SPEED              8.0
RESULTANT WIND SPEED/DIRECTION   1/238
HIGHEST WIND SPEED/DIRECTION    33/100    DATE  04/28
HIGHEST GUST SPEED/DIRECTION    42/110    DATE  04/28

SKY COVER
POSSIBLE SUNSHINE (PERCENT)   MM
AVERAGE SKY COVER           0.50
NUMBER OF DAYS FAIR           37
NUMBER OF DAYS PC             25
NUMBER OF DAYS CLOUDY         30

AVERAGE RH (PERCENT)     69

WEATHER CONDITIONS. NUMBER OF DAYS WITH
THUNDERSTORM              0     MIXED PRECIP               0
HEAVY RAIN                4     RAIN                       6
LIGHT RAIN               27     FREEZING RAIN              2
LT FREEZING RAIN          3     HAIL                       0
HEAVY SNOW                5     SNOW                       9
LIGHT SNOW               30     SLEET                      1
FOG                      49     FOG W/VIS <= 1/4 MILE     11
HAZE                     18

-  INDICATES NEGATIVE NUMBERS.
R  INDICATES RECORD WAS SET OR TIED.
MM INDICATES DATA IS MISSING.
T  INDICATES TRACE AMOUNT.

$$
ECKBERG
