000
CXUS55 KLKN 011117
CLSTPH


CLIMATE REPORT
NATIONAL WEATHER SERVICE ELKO NV
249 AM PST FRI DEC 1 2017

...................................

...THE TONOPAH AIRPORT NV CLIMATE SUMMARY FOR THE SEASON, FROM
9/1/2017 TO 11/30/2017...

CLIMATE NORMAL PERIOD 1981 TO 2010
CLIMATE RECORD PERIOD 1954 TO 2017

WEATHER         OBSERVED          NORMAL  DEPART  LAST YEAR`S
                 VALUE   DATE(S)  VALUE   FROM    VALUE  DATE(S)
                                          NORMAL
................................................................
TEMPERATURE (F)
RECORD
 HIGH              96   09/02/2017
                        09/02/1959
                        09/02/1959
 LOW                4   11/15/1985
HIGHEST            96R  09/02        91       5       91  09/01
LOWEST             16   11/18        13       3       15  11/30
AVG. MAXIMUM     69.9              67.6     2.3     69.4
AVG. MINIMUM     38.5              37.3     1.2     39.0
MEAN             54.2              52.5     1.7     54.2
DAYS MAX >= 90      5               2.1     2.9        2
DAYS MAX <= 32      0               0.4    -0.4        0
DAYS MIN <= 32     30              29.3     0.7       20
DAYS MIN <= 0       0               0.0     0.0        0

PRECIPITATION (INCHES)
RECORD
 MAXIMUM         3.38   2015
 MINIMUM            T   1955
TOTALS           0.10              1.16   -1.06     1.41
DAILY AVG.       0.00              0.01   -0.01        T
DAYS >= .01         4               7.4    -3.4        7
DAYS >= .10         0               3.5    -3.5        1
DAYS >= .50         0               0.3    -0.3        1
DAYS >= 1.00        0               0.1    -0.1        1
GREATEST
 24 HR. TOTAL    0.07   09/13 TO 09/13              1.14

DEGREE_DAYS
HEATING TOTAL    1076              1211    -135     1017
 SINCE 7/1       1076              1217    -141     1017
COOLING TOTAL     117                70      47       59
 SINCE 1/1       1222               783     439     1022
.................................................................

WIND (MPH)
AVERAGE WIND SPEED              9.0
HIGHEST WIND SPEED/DIRECTION    46/330    DATE  11/17
HIGHEST GUST SPEED/DIRECTION    54/330    DATE  11/17

AVERAGE RH (PERCENT)     41

WEATHER CONDITIONS. NUMBER OF DAYS WITH
THUNDERSTORM              7     MIXED PRECIP               0
HEAVY RAIN                0     RAIN                       1
LIGHT RAIN               12     FREEZING RAIN              0
LT FREEZING RAIN          0     HAIL                       0
HEAVY SNOW                0     SNOW                       0
LIGHT SNOW                0     SLEET                      0
FOG                       1     FOG W/VIS <= 1/4 MILE      0
HAZE                      4

-  INDICATES NEGATIVE NUMBERS.
R  INDICATES RECORD WAS SET OR TIED.
MM INDICATES DATA IS MISSING.
T  INDICATES TRACE AMOUNT.

&&

=====================================================================

...4TH DRIEST METEOROLOGICAL FALL (SEPTEMBER - NOVEMBER) ON RECORD
IN TONOPAH WITH 0.10 INCHES...

...OCTOBER WAS THE DRIEST ON RECORD WITH O.OO INCHES...

A RECORD MONTHLY AND SEASONAL MAXIMUM TEMP OF 96 DEGREES WAS TIED
ON SEPTEMBER 2ND.

$$

DS
