000
CXUS53 KLSX 030136 RRA
CLSUIN

STLCLMUIN 000
TTAA00 KLSX 022323


CLIMATE REPORT
NATIONAL WEATHER SERVICE ST LOUIS MO
521 PM CST MON MAR 2 2015

...................................

...THE QUINCY IL CLIMATE SUMMARY FOR THE SEASON, FROM
12/1/2014 TO 2/28/2015...

CLIMATE NORMAL PERIOD 1981 TO 2010
CLIMATE RECORD PERIOD 1901 TO 2015

WEATHER         OBSERVED          NORMAL  DEPART
                 VALUE   DATE(S)  VALUE   FROM
                                          NORMAL
................................................
TEMPERATURE (F)
RECORD
 HIGH              74   12/03/2012
                        02/10/1932
                        02/15/1921
 LOW              -29   02/13/1905
HIGHEST            58   12/14
LOWEST             -8   02/27
AVG. MAXIMUM     34.8              36.9    -2.1
AVG. MINIMUM     18.9
MEAN             26.9              29.0    -2.1
DAYS MAX >= 90      0
DAYS MAX <= 32     29
DAYS MIN <= 32     77
DAYS MIN <= 0       8

PRECIPITATION (INCHES)
RECORD
 MAXIMUM        10.11   1983
 MINIMUM         1.33   1920
TOTALS           3.35              5.65   -2.30
DAYS >= .01        14
DAYS >= .10         7
DAYS >= .50         3
DAYS >= 1.00        0
GREATEST
 24 HR. TOTAL    1.00   01/31 TO 02/01

DEGREE_DAYS
HEATING TOTAL    3389              3242     147
 SINCE 7/1       4666              4342     324
COOLING TOTAL       0                 0       0
 SINCE 1/1          0                 0       0
.................................................

WIND (MPH)
AVERAGE WIND SPEED              9.6
HIGHEST WIND SPEED/DIRECTION    37/330    DATE  01/07
HIGHEST GUST SPEED/DIRECTION    44/330    DATE  02/12

SKY COVER

NUMBER OF DAYS FAIR           38
NUMBER OF DAYS PC             24
NUMBER OF DAYS CLOUDY         28


WEATHER CONDITIONS. NUMBER OF DAYS WITH
THUNDERSTORM              0     FOG W/VIS <= 1/4 MILE      7

-  INDICATES NEGATIVE NUMBERS.
R  INDICATES RECORD WAS SET OR TIED.
MM INDICATES DATA IS MISSING.
T  INDICATES TRACE AMOUNT.


...SEASONAL...

NO SEASONAL RECORDS OF NOTE.


...MONTHLY...

5TH COLDEST FEBRUARY ON RECORD (19.3 DEGREES).


...DAILY...

1 RECORD LOW TEMPERATURE TIED.
    -- -8 DEGREES ON 02/27...ALSO TIED WITH 1934.

2 RECORD LOW MAXIMUM TEMPERATURES SET (02/23 AND 02/19).

2 RECORD HIGH MINIMUM TEMPERATURES SET (12/15 AND 12/14).

$$

THE CLIMATE TEAM
