000
CXUS53 KABR 011100
CF68D3
PRELIMINARY LOCAL CLIMATOLOGICAL DATA (WS FORM: F-6)
STATION: SISSETON SD
MONTH: JUNE
YEAR: 2023
LATITUDE: 45 40 N
LONGITUDE: 96 59 W
TEMPERATURE IN F: :PCPN: SNOW: WIND :SUNSHINE: SKY :PK WND
================================================================================
1 2 3 4 5 6A 6B 7 8 9 10 11 12 13 14 15 16 17 18
12Z AVG MX 2MIN
DY MAX MIN AVG DEP HDD CDD WTR SNW DPTH SPD SPD DIR MIN PSBL S-S WX SPD DR
================================================================================
1 93 60 77 14 0 12 0.00 0.0 0 11.0 23 130 M M 0 48 130
2 93 66 80 16 0 15 0.03 0.0 0 10.1 37 140 M M 0 47 140
3 92 63 78 14 0 13 0.00 0.0 0 6.2 20 110 M M 0 25 110
4 92 62 77 13 0 12 0.00 0.0 0 4.3 14 160 M M 0 19 150
5 90 63 77 13 0 12 2.10 0.0 0 4.5 30 340 M M 0 47 320
6 92 63 78 13 0 13 0.00 0.0 0 4.3 13 110 M M 0 17 130
7 90 66 78 13 0 13 0.29 0.0 0 10.3 44 320 M M 0 61 310
8 83 63 73 8 0 8 0.00 0.0 0 9.9 16 130 M M 0 27 130
9 83 66 75 9 0 10 0.07 0.0 0 3.7 12 320 M M 0 15 330
10 78 61 70 4 0 5 0.00 0.0 0 14.4 28 20 M M 0 34 20
11 76 50 63 -3 2 0 0.00 0.0 0 7.3 18 40 M M 0 27 20
12 80 49 65 -1 0 0 0.00 0.0 0 6.1 20 300 M M 0 25 310
13 87 59 73 6 0 8 0.00 0.0 0 8.6 18 340 M M 0 23 340
14 84 53 69 2 0 4 0.00 0.0 0 2.7 12 30 M M 0 17 10
15 85 55 70 3 0 5 0.00 0.0 0 6.4 16 90 M M 0 22 50
16 78 56 67 -1 0 2 0.00 0.0 0 8.6 15 130 M M 0 22 150
17 79 58 69 1 0 4 0.00 0.0 0 5.8 15 130 M M 0 19 130
18 81 55 68 0 0 3 0.00 0.0 0 6.3 16 120 M M 0 21 120
19 95 59 77 9 0 12 0.00 0.0 0 14.4 28 140 M M 0 36 140
20 95 71 83 15 0 18 0.00 0.0 0 15.2 26 150 M M 0 37 160
21 89 64 77 8 0 12 0.00 0.0 0 7.6 18 130 M M 0 27 130
22 85 64 75 6 0 10 0.00 0.0 0 8.3 17 230 M M 0 24 230
23 78 63 71 2 0 6 0.06 0.0 0 5.1 16 10 M M 0 22 30
24 79 62 71 2 0 6 1.23 0.0 0 10.9 26 180 M M 0 37 190
25 73 61 67 -3 0 2 0.02 0.0 0 14.3 25 340 M M 0 33 340
26 82 57 70 0 0 5 0.00 0.0 0 8.1 15 330 M M 0 19 340
27 81 57 69 -1 0 4 0.09 0.0 0 8.6 30 220 M M 0 46 220
28 79 63 71 1 0 6 0.34 0.0 0 6.7 20 220 M M 0 25 220
29 85 61 73 3 0 8 0.00 0.0 0 8.0 18 310 M M 0 25 310
30 82 58 70 0 0 5 0.00 0.0 0 3.7 9 360 M M 0 14 300
================================================================================
SM 2539 1808 2 233 4.23 0.0 241.4 M 0
================================================================================
AV 84.6 60.3 8.0 FASTST M M 0 MAX(MPH)
MISC ----> 44 320 61 310
================================================================================
NOTES:
# LAST OF SEVERAL OCCURRENCES
COLUMN 17 PEAK WIND IN M.P.H.
PRELIMINARY LOCAL CLIMATOLOGICAL DATA (WS FORM: F-6) , PAGE 2
STATION: SISSETON SD
MONTH: JUNE
YEAR: 2023
LATITUDE: 45 40 N
LONGITUDE: 96 59 W
[TEMPERATURE DATA] [PRECIPITATION DATA] SYMBOLS USED IN COLUMN 16
AVERAGE MONTHLY: 72.5 TOTAL FOR MONTH: 4.23 1 = FOG OR MIST
DPTR FM NORMAL: 5.3 DPTR FM NORMAL: 0.73 2 = FOG REDUCING VISIBILITY
HIGHEST: 95 ON 20,19 GRTST 24HR 2.10 ON 5- 5 TO 1/4 MILE OR LESS
LOWEST: 49 ON 12 3 = THUNDER
SNOW, ICE PELLETS, HAIL 4 = ICE PELLETS
TOTAL MONTH: 0.0 INCH 5 = HAIL
GRTST 24HR 0.0 6 = FREEZING RAIN OR DRIZZLE
GRTST DEPTH: 0 7 = DUSTSTORM OR SANDSTORM:
VSBY 1/2 MILE OR LESS
8 = SMOKE OR HAZE
[NO. OF DAYS WITH] [WEATHER - DAYS WITH] 9 = BLOWING SNOW
X = TORNADO
MAX 32 OR BELOW: 0 0.01 INCH OR MORE: 9
MAX 90 OR ABOVE: 9 0.10 INCH OR MORE: 4
MIN 32 OR BELOW: 0 0.50 INCH OR MORE: 2
MIN 0 OR BELOW: 0 1.00 INCH OR MORE: 2
[HDD (BASE 65) ]
TOTAL THIS MO. 2 CLEAR (SCALE 0-3) 30
DPTR FM NORMAL -50 PTCLDY (SCALE 4-7) 0
TOTAL FM JUL 1 8172 CLOUDY (SCALE 8-10) 0
DPTR FM NORMAL -10
[CDD (BASE 65) ]
TOTAL THIS MO. 233
DPTR FM NORMAL 115 [PRESSURE DATA]
TOTAL FM JAN 1 350 HIGHEST SLP 30.09 ON 11
DPTR FM NORMAL 201 LOWEST SLP 29.52 ON 25
[REMARKS]
#FINAL-06-23#