000
CXUS55 KABR 011200
CF68D3
PRELIMINARY LOCAL CLIMATOLOGICAL DATA (WS FORM: F-6)
STATION: SISSETON SD
MONTH: JANUARY
YEAR: 2021
LATITUDE: 45 40 N
LONGITUDE: 96 59 W
TEMPERATURE IN F: :PCPN: SNOW: WIND :SUNSHINE: SKY :PK WND
================================================================================
1 2 3 4 5 6A 6B 7 8 9 10 11 12 13 14 15 16 17 18
12Z AVG MX 2MIN
DY MAX MIN AVG DEP HDD CDD WTR SNW DPTH SPD SPD DIR MIN PSBL S-S WX SPD DR
================================================================================
1 31 5 18 4 47 0 0.00 0.0 6 6.3 20 330 M M 0 24 310
2 43 8 26 13 39 0 0.00 0.0 6 9.2 28 210 M M 0 38 210
3 42 21 32 19 33 0 0.00 0.0 4 7.6 26 240 M M 0 38 240
4 41 31 36 23 29 0 0.00 0.0 3 14.2 26 240 M M 0 34 240
5 32 16 24 11 41 0 0.00 0.0 2 5.9 13 140 M M 0 15 130
6 34 31 33 20 32 0 0.07 0.3 2 5.5 10 150 M M 0 13 140
7 30 26 28 15 37 0 0.00 0.0 2 9.9 14 150 M M 0 17 160
8 30 26 28 15 37 0 T 0.0 2 4.7 10 150 M M 0 12 150
9 33 24 29 16 36 0 T T 2 2.9 12 320 M M 0 14 310
10 37 23 30 17 35 0 0.00 0.0 2 10.4 25 220 M M 0 36 220
11 36 22 29 16 36 0 0.00 0.0 2 10.6 24 240 M M 0 32 240
12 43 23 33 20 32 0 0.00 0.0 2 8.0 21 250 M M 0 27 240
13 49 33 41 28 24 0 0.11 0.0 1 6.3 18 280 M M 0 25 260
14 43 30 37 24 28 0 0.09 1.4 1 25.8 41 320 M M 0 53 310
15 30 22 26 13 39 0 0.05 0.2 1 25.5 37 350 M M 0 50 350
16 32 20 26 13 39 0 0.00 0.0 2 12.4 21 320 M M 0 26 320
17 32 24 28 15 37 0 T T 2 11.6 22 320 M M 0 27 310
18 25 12 19 6 46 0 0.02 0.5 1 6.1 15 350 M M 0 18 340
19 19 3 11 -2 54 0 0.05 0.3 2 12.3 23 320 M M 0 31 200
20 44 18 31 18 34 0 0.02 T 2 23.9 35 300 M M 0 51 290
21 35 8 22 9 43 0 0.00 0.0 0 19.0 32 300 M M 0 44 300
22 25 6 16 3 49 0 T T 0 7.8 16 250 M M 0 21 250
23 28 17 23 10 42 0 0.04 0.4 0 9.8 23 340 M M 0 31 330
24 26 5 16 3 49 0 0.00 0.0 T 7.2 21 340 M M 0 27 340
25 16 7 12 -1 53 0 0.00 0.0 T 6.6 13 100 M M 0 16 70
26 13 5 9 -4 56 0 0.00 0.0 T 10.1 14 350 M M 0 18 350
27 12 2 7 -7 58 0 0.00 0.0 T 6.1 10 150 M M 0 13 350
28 23 6 15 1 50 0 0.00 0.0 T 12.5 22 140 M M 0 27 140
29 24 21 23 9 42 0 T T T 16.4 25 140 M M 0 35 140
30 29 24 27 13 38 0 T T T 10.6 20 140 M M 0 24 130
31 27 24 26 12 39 0 T T T 11.3 17 340 M M 0 24 330
================================================================================
SM 964 543 1254 0 0.45 3.1 336.5 M 0
================================================================================
AV 31.1 17.5 10.9 FASTST M M 0 MAX(MPH)
MISC ----> 41 320 53 310
================================================================================
NOTES:
# LAST OF SEVERAL OCCURRENCES
COLUMN 17 PEAK WIND IN M.P.H.
PRELIMINARY LOCAL CLIMATOLOGICAL DATA (WS FORM: F-6) , PAGE 2
STATION: SISSETON SD
MONTH: JANUARY
YEAR: 2021
LATITUDE: 45 40 N
LONGITUDE: 96 59 W
[TEMPERATURE DATA] [PRECIPITATION DATA] SYMBOLS USED IN COLUMN 16
AVERAGE MONTHLY: 24.3 TOTAL FOR MONTH: 0.45 1 = FOG OR MIST
DPTR FM NORMAL: 11.2 DPTR FM NORMAL: 0.02 2 = FOG REDUCING VISIBILITY
HIGHEST: 49 ON 13 GRTST 24HR 0.16 ON 13-14 TO 1/4 MILE OR LESS
LOWEST: 2 ON 27 3 = THUNDER
SNOW, ICE PELLETS, HAIL 4 = ICE PELLETS
TOTAL MONTH: 3.1 INCHES 5 = HAIL
GRTST 24HR 1.4 ON 14-14 6 = FREEZING RAIN OR DRIZZLE
GRTST DEPTH: 6 ON 2, 1 7 = DUSTSTORM OR SANDSTORM:
VSBY 1/2 MILE OR LESS
8 = SMOKE OR HAZE
[NO. OF DAYS WITH] [WEATHER - DAYS WITH] 9 = BLOWING SNOW
X = TORNADO
MAX 32 OR BELOW: 19 0.01 INCH OR MORE: 8
MAX 90 OR ABOVE: 0 0.10 INCH OR MORE: 1
MIN 32 OR BELOW: 30 0.50 INCH OR MORE: 0
MIN 0 OR BELOW: 0 1.00 INCH OR MORE: 0
[HDD (BASE 65) ]
TOTAL THIS MO. 1254 CLEAR (SCALE 0-3) 31
DPTR FM NORMAL -353 PTCLDY (SCALE 4-7) 0
TOTAL FM JUL 1 4215 CLOUDY (SCALE 8-10) 0
DPTR FM NORMAL -731
[CDD (BASE 65) ]
TOTAL THIS MO. 0
DPTR FM NORMAL 0 [PRESSURE DATA]
TOTAL FM JAN 1 0 HIGHEST SLP 30.63 ON 27
DPTR FM NORMAL 0 LOWEST SLP 29.44 ON 14
[REMARKS]
#FINAL-01-21#