000
CXUS53 KABR 011407
CLM8D3
CLIMATE REPORT
NATIONAL WEATHER SERVICE ABERDEEN SD
907 AM CDT TUE AUG 01 2023
...................................
...THE SISSETON SD CLIMATE SUMMARY FOR THE MONTH OF JULY 2023...
CLIMATE NORMAL PERIOD 1991 TO 2020
CLIMATE RECORD PERIOD 1900 TO 2023
WEATHER OBSERVED NORMAL DEPART LAST YEAR`S
VALUE DATE(S) VALUE FROM VALUE DATE(S)
NORMAL
................................................................
TEMPERATURE (F)
RECORD
HIGH 113 07/06/1936
LOW 40 07/29/1952
07/13/1950
HIGHEST 101 07/26 MM MM 98 07/18
LOWEST 44 07/06 MM MM 54 07/28
07/29
AVG. MAXIMUM 82.2 83.1 -0.9 86.3
AVG. MINIMUM 55.9 59.8 -3.9 65.0
MEAN 69.0 71.4 -2.4 75.6
DAYS MAX >= 90 5 5.0 0.0 6
DAYS MAX <= 32 0 0.0 0.0 0
DAYS MIN <= 32 0 0.0 0.0 0
DAYS MIN <= 0 0 0.0 0.0 0
PRECIPITATION (INCHES)
RECORD
MAXIMUM 8.13 1962
MINIMUM 0.32 1975
TOTALS 1.29 3.49 -2.20 2.89
DAYS >= .01 10 10.5 -0.5 10
DAYS >= .10 4 6.0 -2.0 8
DAYS >= .50 0 1.7 -1.7 2
DAYS >= 1.00 0 0.7 -0.7 0
SNOWFALL (INCHES)
RECORDS
TOTAL MM 0
SNOW DEPTH MM MM
TOTALS 0.0 0.0 0.0 0.0
SINCE 7/1 0.0 0.0 0.0 MM
SNOWDEPTH AVG. 0 0
DAYS >= TRACE 0 0.0 0.0 0
DAYS >= 1.0 0 0.0 0.0 0
GREATEST
SNOW DEPTH 0 0 MM
DEGREE DAYS
HEATING TOTAL 25 11 14 0
SINCE 7/1 25 0 25 MM
COOLING TOTAL 159 211 -52 338
SINCE 1/1 509 360 149 MM
FREEZE DATES
RECORD
EARLIEST MM
LATEST MM
EARLIEST 09/28
LATEST 04/28
................................................................
WIND (MPH)
AVERAGE WIND SPEED 7.5
RESULTANT WIND SPEED/DIRECTION 3/290
HIGHEST WIND SPEED/DIRECTION 25/250 DATE 07/09
25/310 07/26
HIGHEST GUST SPEED/DIRECTION 37/220 DATE 07/09
SKY COVER
POSSIBLE SUNSHINE (PERCENT) MM
AVERAGE SKY COVER 0.00
NUMBER OF DAYS FAIR 31
NUMBER OF DAYS PC 0
NUMBER OF DAYS CLOUDY 0
AVERAGE RH (PERCENT) 67
WEATHER CONDITIONS. NUMBER OF DAYS WITH
THUNDERSTORM 0 MIXED PRECIP 0
HEAVY RAIN 0 RAIN 0
LIGHT RAIN 0 FREEZING RAIN 0
LT FREEZING RAIN 0 HAIL 0
HEAVY SNOW 0 SNOW 0
LIGHT SNOW 0 SLEET 0
FOG 0 FOG W/VIS <= 1/4 MILE 0
HAZE 0
- INDICATES NEGATIVE NUMBERS.
R INDICATES RECORD WAS SET OR TIED.
MM INDICATES DATA IS MISSING.
T INDICATES TRACE AMOUNT.
$$