000
CXUS52 KTAE 010800
CF6AAF
PRELIMINARY LOCAL CLIMATOLOGICAL DATA (WS FORM: F-6)
STATION: APALACHICOLA
MONTH: JUNE
YEAR: 2022
LATITUDE: 29 43 N
LONGITUDE: 85 2 W
TEMPERATURE IN F: :PCPN: SNOW: WIND :SUNSHINE: SKY :PK WND
================================================================================
1 2 3 4 5 6A 6B 7 8 9 10 11 12 13 14 15 16 17 18
12Z AVG MX 2MIN
DY MAX MIN AVG DEP HDD CDD WTR SNW DPTH SPD SPD DIR MIN PSBL S-S WX SPD DR
================================================================================
1 86 69 78 -1 0 13 0.00 0.0 0 6.7 17 150 M M 0 22 140
2 87 70 79 0 0 14 0.00 0.0 M 4.9 13 210 M M 0 16 190
3 86 68 77 -2 0 12 0.00 0.0 M 4.8 14 160 M M 0 18 170
4 73 72 73 -6 0 8 0.00 0.0 M 1.7 4 90 M M 0 M M
5 85 72 79 -1 0 14 0.05 0.0 0 5.9 13 170 M M 0 16 180
6 86 70 78 -2 0 13 0.00 0.0 0 M M M M M M M M
7 88 71 80 0 0 15 0.00 0.0 0 4.8 13 250 M M 0 16 240
8 89 71 80 0 0 15 0.00 0.0 0 6.2 16 200 M M 0 3 19 210
9 91 78 85 5 0 20 T 0.0 0 11.5 21 260 M M 0 3 26 250
10 88 74 81 1 0 16 0.17 0.0 0 7.7 25 250 M M 0 138 30 240
11 87 77 82 2 0 17 0.23 0.0 0 8.1 17 220 M M 0 1 24 240
12 89 74 82 2 0 17 0.70 0.0 0 6.3 18 260 M M 1 1 22 250
13 90 78 84 3 0 19 0.74 0.0 0 8.0 17 240 M M 1 18 22 250
14 89 74 82 1 0 17 0.29 M M 8.5 22 30 M M 0 13 33 30
15 87 72 80 -1 0 15 0.00 M M 5.3 12 180 M M 0 18 14 170
16 92 72 82 1 0 17 0.04 0.0 M 5.0 22 50 M M 0 13 30 20
17 90 72 81 0 0 16 0.03 0.0 0 6.7 9 210 M M 1 3 M M
18 90 72 81 0 0 16 0.00 0.0 M M 13 160 M M M 19 170
19 93 74 84 3 0 19 1.51 0.0 M 7.0 28 60 M M M 32 M
20 89 76 83 2 0 18 0.34 0.0 0 8.0 17 110 M M M 13 22 100
21 90 77 84 3 0 19 0.00 0.0 0 5.9 18 M M M M M M
22 99 75 87 6 0 22 0.00 0.0 0 5.8 19 M M M M M M
23 100 78 89 8 0 24 0.00 0.0 0 M 16 M M M M 20 290
24 95 81 88 6 0 23 0.00 0.0 0 M 19 M M M M M M
25 85 74 80 -2 0 15 0.03 0.0 0 M M M M M M M M
26 86 74 80 -2 0 15 0.16 0.0 0 M M M M M M M M
27 89 75 82 0 0 17 0.00 0.0 0 M M M M M M M M
28 90 75 83 1 0 18 T 0.0 M M M M M M M M M
29 90 75 83 1 0 18 0.20 M M 7.1 17 60 M M 1 138 23 60
30 89 75 82 0 0 17 0.32 0.0 0 6.2 14 350 M M 0 13 18 350
================================================================================
SM 2668 2215 0 499 4.81 0.0 142.1 M 4
================================================================================
AV 88.9 73.8 6.5 FASTST M M 0 MAX(MPH)
MISC ----> 28 60 33 30
================================================================================
NOTES:
# LAST OF SEVERAL OCCURRENCES
COLUMN 17 PEAK WIND IN M.P.H.
PRELIMINARY LOCAL CLIMATOLOGICAL DATA (WS FORM: F-6) , PAGE 2
STATION: APALACHICOLA
MONTH: JUNE
YEAR: 2022
LATITUDE: 29 43 N
LONGITUDE: 85 2 W
[TEMPERATURE DATA] [PRECIPITATION DATA] SYMBOLS USED IN COLUMN 16
AVERAGE MONTHLY: 81.4 TOTAL FOR MONTH: 4.81 1 = FOG OR MIST
DPTR FM NORMAL: 0.7 DPTR FM NORMAL: -1.05 2 = FOG REDUCING VISIBILITY
HIGHEST: 100 ON 23 GRTST 24HR 1.51 ON 19-19 TO 1/4 MILE OR LESS
LOWEST: 68 ON 3 3 = THUNDER
SNOW, ICE PELLETS, HAIL 4 = ICE PELLETS
TOTAL MONTH: 0.0 INCH 5 = HAIL
GRTST 24HR 0.0 6 = FREEZING RAIN OR DRIZZLE
GRTST DEPTH: 0 7 = DUSTSTORM OR SANDSTORM:
VSBY 1/2 MILE OR LESS
8 = SMOKE OR HAZE
[NO. OF DAYS WITH] [WEATHER - DAYS WITH] 9 = BLOWING SNOW
X = TORNADO
MAX 32 OR BELOW: 0 0.01 INCH OR MORE: 14
MAX 90 OR ABOVE: 12 0.10 INCH OR MORE: 10
MIN 32 OR BELOW: 0 0.50 INCH OR MORE: 3
MIN 0 OR BELOW: 0 1.00 INCH OR MORE: 1
[HDD (BASE 65) ]
TOTAL THIS MO. 0 CLEAR (SCALE 0-3) 18
DPTR FM NORMAL 0 PTCLDY (SCALE 4-7) 0
TOTAL FM JUL 1 1020 CLOUDY (SCALE 8-10) 12
DPTR FM NORMAL -204
[CDD (BASE 65) ]
TOTAL THIS MO. 499
DPTR FM NORMAL 30 [PRESSURE DATA]
TOTAL FM JAN 1 1076 HIGHEST SLP 30.20 ON 21
DPTR FM NORMAL 128 LOWEST SLP 29.71 ON 4
[REMARKS]
#FINAL-06-22#