000
CXUS56 KMFR 012155
CF6AAT
PRELIMINARY LOCAL CLIMATOLOGICAL DATA (WS FORM: F-6)
STATION: ALTURAS CA
MONTH: APRIL
YEAR: 2023
LATITUDE: 41 29 N
LONGITUDE: 120 34 W
TEMPERATURE IN F: :PCPN: SNOW: WIND :SUNSHINE: SKY :PK WND
================================================================================
1 2 3 4 5 6A 6B 7 8 9 10 11 12 13 14 15 16 17 18
12Z AVG MX 2MIN
DY MAX MIN AVG DEP HDD CDD WTR SNW DPTH SPD SPD DIR MIN PSBL S-S WX SPD DR
================================================================================
1 46 32 39 -3 26 0 0.03 M M 13.7 29 250 M M 9 1 37 250
2 44 26 35 -7 30 0 0.05 M M 9.0 29 260 M M 10 128 41 220
3 35 21 28 -14 37 0 0.03 M M 11.4 29 290 M M 8 128 35 280
4 40 20 30 -12 35 0 0.00 M M 7.6 24 300 M M 7 32 280
5 49 23 36 -6 29 0 0.00 M M 3.8 13 170 M M 6 18 23 200
6 58 27 43 1 22 0 T M M 10.7 24 180 M M 9 8 35 180
7 54 38 46 4 19 0 0.05 M M 10.2 24 200 M M 8 37 250
8 58 28 43 1 22 0 0.00 M M 5.8 22 250 M M 4 28 230
9 72 25 49 6 16 0 0.00 M M 5.0 16 260 M M 1 18 23 250
10 74 34 54 11 11 0 0.00 M M 11.2 26 180 M M 1 38 180
11 60 39 50 7 15 0 T M M 12.0 24 280 M M 6 33 190
12 45 21 33 -10 32 0 0.00 M M 11.1 24 340 M M 8 34 330
13 49 15 32 -11 33 0 0.00 M M 3.9 13 310 M M 0 19 340
14 57 16 37 -7 28 0 0.00 M M 3.2 15 220 M M 0 1 25 220
15 65 20 43 -1 22 0 0.00 M M 5.9 22 260 M M 0 31 240
16 62 25 44 0 21 0 0.00 M M 9.2 31 250 M M 0 8 40 260
17 53 28 41 -3 24 0 0.33 M M 11.6 36 230 M M 7 12 46 240
18 38 17 28 -16 37 0 0.04 M M 2.9 15 210 M M 7 18 19 200
19 45 25 35 -10 30 0 T M M 5.3 20 270 M M 8 1 27 270
20 57 21 39 -6 26 0 0.00 M M 5.0 17 270 M M 4 1 23 280
21 61 38 50 5 15 0 0.00 M M 6.2 16 320 M M 8 22 310
22 68 27 48 2 17 0 0.00 M M 1.8 10 270 M M 2 12 14 350
23 67 41 54 8 11 0 0.00 M M 7.2 22 280 M M 6 30 320
24 62 29 46 0 19 0 0.00 M M 8.2 21 320 M M 0 28 320
25 68 25 47 1 18 0 0.00 M M 3.6 10 20 M M 0 8 17 30
26 77 28 53 6 12 0 0.00 M M 1.9 12 320 M M 0 8 22 20
27 80 32 56 9 9 0 0.00 M M 3.3 10 20 M M 0 15 10
28 83 35 59 12 6 0 0.00 M M 5.6 18 180 M M 0 8 26 180
29 81 38 60 12 5 0 0.00 M M 5.5 21 210 M M 0 8 31 280
30 76 33 55 7 10 0 0.00 M M 7.9 24 190 M M 0 8 33 220
================================================================================
SM 1784 827 637 0 0.53 M 209.7 M 119
================================================================================
AV 59.5 27.6 7.0 FASTST M M 4 MAX(MPH)
MISC ----> 36 230 46 240
================================================================================
NOTES:
# LAST OF SEVERAL OCCURRENCES
COLUMN 17 PEAK WIND IN M.P.H.
PRELIMINARY LOCAL CLIMATOLOGICAL DATA (WS FORM: F-6) , PAGE 2
STATION: ALTURAS CA
MONTH: APRIL
YEAR: 2023
LATITUDE: 41 29 N
LONGITUDE: 120 34 W
[TEMPERATURE DATA] [PRECIPITATION DATA] SYMBOLS USED IN COLUMN 16
AVERAGE MONTHLY: 43.5 TOTAL FOR MONTH: 0.53 1 = FOG OR MIST
DPTR FM NORMAL: -0.8 DPTR FM NORMAL: -0.94 2 = FOG REDUCING VISIBILITY
HIGHEST: 83 ON 28 GRTST 24HR 0.37 ON 17-18 TO 1/4 MILE OR LESS
LOWEST: 15 ON 13 3 = THUNDER
SNOW, ICE PELLETS, HAIL 4 = ICE PELLETS
TOTAL MONTH: M 5 = HAIL
GRTST 24HR M ON M 6 = FREEZING RAIN OR DRIZZLE
GRTST DEPTH: M ON M 7 = DUSTSTORM OR SANDSTORM:
VSBY 1/2 MILE OR LESS
8 = SMOKE OR HAZE
[NO. OF DAYS WITH] [WEATHER - DAYS WITH] 9 = BLOWING SNOW
X = TORNADO
MAX 32 OR BELOW: 0 0.01 INCH OR MORE: 6
MAX 90 OR ABOVE: 0 0.10 INCH OR MORE: 1
MIN 32 OR BELOW: 22 0.50 INCH OR MORE: 0
MIN 0 OR BELOW: 0 1.00 INCH OR MORE: 0
[HDD (BASE 65) ]
TOTAL THIS MO. 637 CLEAR (SCALE 0-3) 14
DPTR FM NORMAL 15 PTCLDY (SCALE 4-7) 12
TOTAL FM JUL 1 6738 CLOUDY (SCALE 8-10) 4
DPTR FM NORMAL 738
[CDD (BASE 65) ]
TOTAL THIS MO. 0
DPTR FM NORMAL 0 [PRESSURE DATA]
TOTAL FM JAN 1 0 HIGHEST SLP 30.39 ON 21
DPTR FM NORMAL 0 LOWEST SLP 29.70 ON 17
[REMARKS]
#FINAL-04-23#