000
CXUS55 KABQ 011425
CLMABQ
CLIMATE REPORT
NATIONAL WEATHER SERVICE ALBUQUERQUE NM
825 AM MDT FRI SEP 01 2023
...................................
...THE ALBUQUERQUE NM CLIMATE SUMMARY FOR THE MONTH OF AUGUST 2023...
CLIMATE NORMAL PERIOD 1991 TO 2020
CLIMATE RECORD PERIOD 1891 TO 2023
WEATHER OBSERVED NORMAL DEPART LAST YEAR`S
VALUE DATE(S) VALUE FROM VALUE DATE(S)
NORMAL
................................................................
TEMPERATURE (F)
RECORD
HIGH 102 08/05/2023
LOW 50 08/28/1992
HIGHEST 102R 08/05 96 6 97 08/03
LOWEST 63 08/09 57 6 61 08/22
08/10
08/24
08/23
AVG. MAXIMUM 92.7 88.8 3.9 87.7
AVG. MINIMUM 67.3 64.9 2.4 65.9
MEAN 80.0 76.9 3.1 76.8
DAYS MAX >= 90 25 16.5 8.5 15
DAYS MAX <= 32 0 0.0 0.0 0
DAYS MIN <= 32 0 0.0 0.0 0
DAYS MIN <= 0 0 0.0 0.0 0
PRECIPITATION (INCHES)
RECORD
MAXIMUM 3.74 2006
MINIMUM T 1962
TOTALS 0.69 1.31 -0.62 2.48
DAILY AVG. 0.02 0.04 -0.02 0.08
DAYS >= .01 6 8.3 -2.3 11
DAYS >= .10 2 3.7 -1.7 4
DAYS >= .50 0 0.7 -0.7 2
DAYS >= 1.00 0 0.1 -0.1 0
GREATEST
24 HR. TOTAL 0.35 08/08 TO 08/08 1.05
SNOWFALL (INCHES)
RECORDS
TOTAL T 2006
TOTALS 0.0 0.0 0.0 0.0
SINCE 7/1 0.0 0.0 0.0 MM
SNOWDEPTH AVG. 0 0
DAYS >= 1.0 0 0.0 0.0 0
GREATEST
SNOW DEPTH 0 0 MM
24 HR TOTAL MM MM
DEGREE DAYS
HEATING TOTAL 0 0 0 0
SINCE 7/1 0 0 0 MM
COOLING TOTAL 471 367 104 372
SINCE 1/1 1507 1244 263 MM
................................................................
WIND (MPH)
AVERAGE WIND SPEED 9.0
HIGHEST WIND SPEED/DIRECTION 35/130 DATE 08/21
35/090 08/28
HIGHEST GUST SPEED/DIRECTION 47/160 DATE 08/17
47/090 08/28
SKY COVER
POSSIBLE SUNSHINE (PERCENT) MM
AVERAGE SKY COVER 0.49
NUMBER OF DAYS FAIR 6
NUMBER OF DAYS PC 24
NUMBER OF DAYS CLOUDY 1
AVERAGE RH (PERCENT) 41
WEATHER CONDITIONS. NUMBER OF DAYS WITH
THUNDERSTORM 9 MIXED PRECIP 0
HEAVY RAIN 0 RAIN 1
LIGHT RAIN 10 FREEZING RAIN 0
LT FREEZING RAIN 0 HAIL 0
HEAVY SNOW 0 SNOW 0
LIGHT SNOW 0 SLEET 0
FOG 1 FOG W/VIS <= 1/4 MILE 0
HAZE 4
- INDICATES NEGATIVE NUMBERS.
R INDICATES RECORD WAS SET OR TIED.
MM INDICATES DATA IS MISSING.
T INDICATES TRACE AMOUNT.
$$