000
CXUS53 KABR 011203
CF6ABR
PRELIMINARY LOCAL CLIMATOLOGICAL DATA (WS FORM: F-6)
STATION: ABERDEEN SD
MONTH: MARCH
YEAR: 2022
LATITUDE: 45 27 N
LONGITUDE: 98 26 W
TEMPERATURE IN F: :PCPN: SNOW: WIND :SUNSHINE: SKY :PK WND
================================================================================
1 2 3 4 5 6A 6B 7 8 9 10 11 12 13 14 15 16 17 18
12Z AVG MX 2MIN
DY MAX MIN AVG DEP HDD CDD WTR SNW DPTH SPD SPD DIR MIN PSBL S-S WX SPD DR
================================================================================
1 32 25 29 6 36 0 T 0.0 T 9.4 20 30 M M 10 1 27 20
2 29 15 22 -2 43 0 0.00 0.0 T 13.1 23 30 M M 7 1 31 20
3 25 10 18 -6 47 0 T T T 9.8 16 30 M M 10 20 30
4 37 23 30 5 35 0 0.00 0.0 T 11.4 21 100 M M 6 29 110
5 30 23 27 2 38 0 T T T 17.1 29 330 M M 10 37 330
6 30 16 23 -3 42 0 T T T 15.8 26 320 M M 6 35 320
7 38 11 25 -1 40 0 T T T 11.0 18 240 M M 2 24 230
8 34 14 24 -3 41 0 0.00 0.0 0 16.1 28 310 M M 7 39 290
9 22 2 12 -15 53 0 T T 0 12.5 22 330 M M 3 30 310
10 31 2 17 -11 48 0 T T 0 11.9 39 330 M M 3 18 53 300
11 14 -3 6 -22 59 0 0.00 0.0 T 16.9 30 320 M M 0 41 330
12 43 -5 19 -10 46 0 0.00 0.0 0 13.5 29 180 M M 1 39 180
13 45 19 32 3 33 0 0.00 0.0 0 10.5 20 40 M M 4 27 30
14 43 23 33 3 32 0 0.10 1.5 2 10.5 22 30 M M 4 1 29 30
15 66 27 47 17 18 0 0.00 0.0 0 10.4 21 200 M M 0 26 190
16 63 30 47 16 18 0 T 0.0 0 10.5 25 330 M M 2 32 330
17 55 25 40 9 25 0 0.00 0.0 0 9.1 20 320 M M 0 25 320
18 53 23 38 6 27 0 0.00 0.0 0 4.8 10 170 M M 1 12 14 100
19 59 23 41 9 24 0 0.00 0.0 0 6.6 16 350 M M 2 24 340
20 69 25 47 14 18 0 0.00 0.0 0 12.2 26 110 M M 0 36 110
21 48 27 38 5 27 0 0.00 0.0 0 16.3 36 340 M M 3 50 340
22 52 26 39 5 26 0 0.00 0.0 0 17.3 32 350 M M 2 43 360
23 45 33 39 5 26 0 T T 0 20.8 33 350 M M 9 42 350
24 53 32 43 9 22 0 T 0.0 0 9.6 30 310 M M 7 40 310
25 51 26 39 4 26 0 0.00 0.0 0 22.4 39 320 M M 1 54 320
26 34 19 27 -9 38 0 0.00 0.0 0 11.4 20 20 M M 0 27 360
27 38 14 26 -10 39 0 0.00 0.0 0 8.7 15 60 M M 4 20 100
28 51 25 38 2 27 0 0.00 0.0 0 18.4 31 150 M M 2 41 140
29 49 33 41 4 24 0 0.48 1.6 0 14.7 27 160 M M 4 1 35 160
30 34 27 31 -6 34 0 0.30 3.1 4 18.1 33 350 M M 10 1 46 360
31 37 16 27 -11 38 0 0.00 0.0 4 8.1 16 10 M M 2 23 350
================================================================================
SM 1310 606 1050 0 0.88 6.2 398.9 M 122
================================================================================
AV 42.3 19.5 12.9 FASTST M M 4 MAX(MPH)
MISC ----> # 39 330 54 320
================================================================================
NOTES:
# LAST OF SEVERAL OCCURRENCES
COLUMN 17 PEAK WIND IN M.P.H.
PRELIMINARY LOCAL CLIMATOLOGICAL DATA (WS FORM: F-6) , PAGE 2
STATION: ABERDEEN SD
MONTH: MARCH
YEAR: 2022
LATITUDE: 45 27 N
LONGITUDE: 98 26 W
[TEMPERATURE DATA] [PRECIPITATION DATA] SYMBOLS USED IN COLUMN 16
AVERAGE MONTHLY: 30.9 TOTAL FOR MONTH: 0.88 1 = FOG OR MIST
DPTR FM NORMAL: 0.4 DPTR FM NORMAL: -0.01 2 = FOG REDUCING VISIBILITY
HIGHEST: 69 ON 20 GRTST 24HR 0.48 ON 29-29 TO 1/4 MILE OR LESS
LOWEST: -5 ON 12 3 = THUNDER
SNOW, ICE PELLETS, HAIL 4 = ICE PELLETS
TOTAL MONTH: 6.2 INCHES 5 = HAIL
GRTST 24HR 3.1 ON 30-30 6 = FREEZING RAIN OR DRIZZLE
GRTST DEPTH: 4 ON 31,30 7 = DUSTSTORM OR SANDSTORM:
VSBY 1/2 MILE OR LESS
8 = SMOKE OR HAZE
[NO. OF DAYS WITH] [WEATHER - DAYS WITH] 9 = BLOWING SNOW
X = TORNADO
MAX 32 OR BELOW: 8 0.01 INCH OR MORE: 3
MAX 90 OR ABOVE: 0 0.10 INCH OR MORE: 3
MIN 32 OR BELOW: 29 0.50 INCH OR MORE: 0
MIN 0 OR BELOW: 2 1.00 INCH OR MORE: 0
[HDD (BASE 65) ]
TOTAL THIS MO. 1050 CLEAR (SCALE 0-3) 15
DPTR FM NORMAL -18 PTCLDY (SCALE 4-7) 11
TOTAL FM JUL 1 6832 CLOUDY (SCALE 8-10) 5
DPTR FM NORMAL -451
[CDD (BASE 65) ]
TOTAL THIS MO. 0
DPTR FM NORMAL 0 [PRESSURE DATA]
TOTAL FM JAN 1 0 HIGHEST SLP 30.56 ON 3
DPTR FM NORMAL 0 LOWEST SLP 29.56 ON 29
[REMARKS]
#FINAL-03-22#