000
CXUS53 KABR 011412
CLMABR
CLIMATE REPORT
NATIONAL WEATHER SERVICE ABERDEEN SD
912 AM CDT SAT APR 01 2023
...................................
...THE ABERDEEN SD CLIMATE SUMMARY FOR THE MONTH OF MARCH 2023...
CLIMATE NORMAL PERIOD 1991 TO 2020
CLIMATE RECORD PERIOD 1893 TO 2023
WEATHER OBSERVED NORMAL DEPART LAST YEAR`S
VALUE DATE(S) VALUE FROM VALUE DATE(S)
NORMAL
................................................................
TEMPERATURE (F)
RECORD
HIGH 86 03/31/1946
LOW -32 03/08/1995
HIGHEST 41 03/03 MM MM 69 03/20
LOWEST -14 03/29 MM MM -5 03/12
AVG. MAXIMUM 28.5 41.7 -13.2 42.3
AVG. MINIMUM 6.7 19.4 -12.7 19.5
MEAN 17.6 30.5 -12.9 30.9
DAYS MAX >= 90 0 0.0 0.0 0
DAYS MAX <= 32 23 8.7 14.3 8
DAYS MIN <= 32 31 27.5 3.5 29
DAYS MIN <= 0 9 2.9 6.1 2
PRECIPITATION (INCHES)
RECORD
MAXIMUM 7.55 1897
MINIMUM 0.04 1971
TOTALS 2.31 0.89 1.42 0.88
DAYS >= .01 8 7.7 0.3 3
DAYS >= .10 7 2.3 4.7 3
DAYS >= .50 1 0.4 0.6 0
DAYS >= 1.00 0 0.0 0.0 0
SNOWFALL (INCHES)
RECORDS
TOTAL 27.9 1975
SNOW DEPTH 25 03/10/2019
TOTALS 26.3 6.3 20.0 6.2
SINCE 7/1 62.9 38.5 24.4 MM
SNOWDEPTH AVG. 14 0
DAYS >= TRACE 16 5.1 10.9 10
DAYS >= 1.0 7 1.7 5.3 3
GREATEST
SNOW DEPTH 17 03/22 4 03/30
03/23
03/31
DEGREE DAYS
HEATING TOTAL 1459 1068 391 1050
SINCE 7/1 7823 7283 540 MM
COOLING TOTAL 0 0 0 0
SINCE 1/1 0 0 0 MM
FREEZE DATES
RECORD
EARLIEST MM
LATEST MM
EARLIEST 09/28
LATEST 05/22
................................................................
WIND (MPH)
AVERAGE WIND SPEED 12.5
RESULTANT WIND SPEED/DIRECTION 5/010
HIGHEST WIND SPEED/DIRECTION 39/360 DATE 03/31
HIGHEST GUST SPEED/DIRECTION 53/350 DATE 03/31
SKY COVER
POSSIBLE SUNSHINE (PERCENT) MM
AVERAGE SKY COVER 0.49
NUMBER OF DAYS FAIR 13
NUMBER OF DAYS PC 8
NUMBER OF DAYS CLOUDY 10
AVERAGE RH (PERCENT) 82
WEATHER CONDITIONS. NUMBER OF DAYS WITH
THUNDERSTORM 1 MIXED PRECIP 0
HEAVY RAIN 0 RAIN 0
LIGHT RAIN 0 FREEZING RAIN 0
LT FREEZING RAIN 4 HAIL 0
HEAVY SNOW 2 SNOW 6
LIGHT SNOW 16 SLEET 0
FOG 25 FOG W/VIS <= 1/4 MILE 11
HAZE 11
- INDICATES NEGATIVE NUMBERS.
R INDICATES RECORD WAS SET OR TIED.
MM INDICATES DATA IS MISSING.
T INDICATES TRACE AMOUNT.
$$