000
CXUS52 KTAE 010800
CF6ABY
PRELIMINARY LOCAL CLIMATOLOGICAL DATA (WS FORM: F-6)
STATION: ALBANY
MONTH: APRIL
YEAR: 2021
LATITUDE: 31 31 N
LONGITUDE: 84 11 W
TEMPERATURE IN F: :PCPN: SNOW: WIND :SUNSHINE: SKY :PK WND
================================================================================
1 2 3 4 5 6A 6B 7 8 9 10 11 12 13 14 15 16 17 18
12Z AVG MX 2MIN
DY MAX MIN AVG DEP HDD CDD WTR SNW DPTH SPD SPD DIR MIN PSBL S-S WX SPD DR
================================================================================
1 65 44 55 -8 10 0 T 0.0 0 13.7 26 320 M M 2 1 34 320
2 62 37 50 -13 15 0 0.00 0.0 0 6.9 16 350 M M 0 23 340
3 69 34 52 -11 13 0 0.00 0.0 0 2.0 15 100 M M 0 19 90
4 75 37 56 -8 9 0 0.00 0.0 M 1.8 10 260 M M 0 14 230
5 81 43 62 -2 3 0 0.00 0.0 M 2.5 10 250 M M 0 15 220
6 83 48 66 2 0 1 0.00 M M 3.6 10 200 M M 0 18 15 200
7 83 52 68 4 0 3 0.00 M M 3.3 12 210 M M 2 8 14 220
8 82 55 69 5 0 4 0.00 0.0 M 8.6 21 200 M M 4 1 26 200
9 75 63 69 4 0 4 0.35 M M 6.2 14 280 M M 7 13 19 180
10 71 58 65 0 0 0 0.21 0.0 M 6.5 21 160 M M 3 13 27 150
11 80 57 69 4 0 4 0.00 0.0 0 6.2 14 210 M M 7 12 17 200
12 86 50 68 3 0 3 0.00 0.0 0 3.5 12 260 M M 0 1 15 290
13 92 53 73 7 0 8 0.00 0.0 0 2.5 10 60 M M 0 13 50
14 91 58 75 9 0 10 0.00 0.0 0 5.8 26 220 M M 3 35 220
15 69 61 65 -1 0 0 0.08 0.0 0 3.4 12 290 M M 6 1 15 290
16 70 56 63 -3 2 0 T 0.0 0 2.6 10 10 M M 4 1 15 10
17 77 57 67 1 0 2 0.05 0.0 0 3.5 15 220 M M 7 19 220
18 81 62 72 5 0 7 T M M 4.7 13 270 M M 6 1 16 290
19 78 54 66 -1 0 1 0.00 M M 5.5 17 320 M M 0 26 330
20 83 56 70 3 0 5 T 0.0 M 2.3 10 230 M M 2 13 250
21 81 53 67 -1 0 2 0.00 0.0 M 9.6 23 290 M M 0 32 290
22 69 44 57 -11 8 0 0.00 0.0 0 6.6 18 60 M M 0 23 60
23 79 45 62 -6 3 0 0.00 0.0 0 5.4 16 160 M M 2 21 160
24 72 63 68 0 0 3 4.71 0.0 0 10.2 36 290 M M 9 123 M M
25 80 59 70 1 0 5 0.00 0.0 0 8.1 17 320 M M 1 22 330
26 86 51 69 0 0 4 0.00 0.0 0 4.2 12 140 M M 1 15 140
27 86 59 73 4 0 8 0.00 0.0 0 4.7 15 160 M M 1 25 180
28 88 64 76 6 0 11 0.00 0.0 0 3.7 12 210 M M 2 18 200
29 87 63 75 5 0 10 0.00 0.0 0 5.2 18 250 M M 1 23 250
30 87 64 76 6 0 11 0.00 0.0 M 6.1 15 320 M M 3 1 19 320
================================================================================
SM 2368 1600 63 106 5.40 0.0 158.9 M 73
================================================================================
AV 78.9 53.3 5.3 FASTST M M 2 MAX(MPH)
MISC ----> 36 290 35 220
================================================================================
NOTES:
# LAST OF SEVERAL OCCURRENCES
COLUMN 17 PEAK WIND IN M.P.H.
PRELIMINARY LOCAL CLIMATOLOGICAL DATA (WS FORM: F-6) , PAGE 2
STATION: ALBANY
MONTH: APRIL
YEAR: 2021
LATITUDE: 31 31 N
LONGITUDE: 84 11 W
[TEMPERATURE DATA] [PRECIPITATION DATA] SYMBOLS USED IN COLUMN 16
AVERAGE MONTHLY: 66.1 TOTAL FOR MONTH: 5.40 1 = FOG OR MIST
DPTR FM NORMAL: -0.1 DPTR FM NORMAL: 1.76 2 = FOG REDUCING VISIBILITY
HIGHEST: 92 ON 13 GRTST 24HR 4.71 ON 24-24 TO 1/4 MILE OR LESS
LOWEST: 34 ON 3 3 = THUNDER
SNOW, ICE PELLETS, HAIL 4 = ICE PELLETS
TOTAL MONTH: 0.0 INCH 5 = HAIL
GRTST 24HR 0.0 6 = FREEZING RAIN OR DRIZZLE
GRTST DEPTH: 0 7 = DUSTSTORM OR SANDSTORM:
VSBY 1/2 MILE OR LESS
8 = SMOKE OR HAZE
[NO. OF DAYS WITH] [WEATHER - DAYS WITH] 9 = BLOWING SNOW
X = TORNADO
MAX 32 OR BELOW: 0 0.01 INCH OR MORE: 5
MAX 90 OR ABOVE: 2 0.10 INCH OR MORE: 3
MIN 32 OR BELOW: 0 0.50 INCH OR MORE: 1
MIN 0 OR BELOW: 0 1.00 INCH OR MORE: 1
[HDD (BASE 65) ]
TOTAL THIS MO. 63 CLEAR (SCALE 0-3) 22
DPTR FM NORMAL -2 PTCLDY (SCALE 4-7) 7
TOTAL FM JUL 1 1454 CLOUDY (SCALE 8-10) 1
DPTR FM NORMAL -382
[CDD (BASE 65) ]
TOTAL THIS MO. 106
DPTR FM NORMAL 4 [PRESSURE DATA]
TOTAL FM JAN 1 249 HIGHEST SLP 30.52 ON 3
DPTR FM NORMAL 109 LOWEST SLP 29.67 ON 24
[REMARKS]
#FINAL-04-21#