000
CXUS51 KPHI 010815
CF6ACY
PRELIMINARY LOCAL CLIMATOLOGICAL DATA (WS FORM: F-6)
STATION: ATLANTIC CITY AIRPORT NJ
MONTH: JULY
YEAR: 2023
LATITUDE: 39 27 N
LONGITUDE: 74 34 W
TEMPERATURE IN F: :PCPN: SNOW: WIND :SUNSHINE: SKY :PK WND
================================================================================
1 2 3 4 5 6A 6B 7 8 9 10 11 12 13 14 15 16 17 18
12Z AVG MX 2MIN
DY MAX MIN AVG DEP HDD CDD WTR SNW DPTH SPD SPD DIR MIN PSBL S-S WX SPD DR
================================================================================
1 80 61 71 -5 0 6 0.00 0.0 0 7.3 14 140 M M 3 12 21 150
2 89 73 81 5 0 16 0.01 0.0 0 8.4 16 180 M M 3 18 22 150
3 93 74 84 8 0 19 0.00 0.0 0 9.1 28 210 M M 1 45 210
4 89 71 80 4 0 15 0.04 0.0 0 6.3 18 240 M M 4 3 27 240
5 88 67 78 2 0 13 0.00 0.0 0 4.4 13 150 M M 1 18 170
6 87 68 78 1 0 13 0.00 0.0 0 6.2 13 150 M M 3 12 20 170
7 86 69 78 1 0 13 0.00 0.0 0 3.7 15 130 M M 3 12 27 180
8 86 69 78 1 0 13 0.00 0.0 0 4.9 14 110 M M 3 12 19 110
9 84 69 77 0 0 12 0.56 0.0 0 5.8 23 260 M M 5 13 32 260
10 86 69 78 1 0 13 0.00 0.0 0 8.0 16 300 M M 5 1 25 290
11 89 65 77 0 0 12 0.00 0.0 0 5.4 17 130 M M 0 26 130
12 92 70 81 4 0 16 0.00 0.0 0 5.9 15 220 M M 1 20 210
13 89 70 80 3 0 15 0.00 0.0 0 9.4 20 170 M M 0 29 170
14 89 76 83 6 0 18 0.00 0.0 0 9.5 16 190 M M 3 24 200
15 87 74 81 4 0 16 0.00 0.0 0 2.6 11 160 M M 2 19 180
16 84 73 79 2 0 14 1.81 0.0 0 1.3 8 160 M M 0 13 13 170
17 90 73 82 5 0 17 0.00 0.0 0 0.7 13 300 M M 1 25 190
18 87 74 81 4 0 16 0.01 0.0 0 6.7 16 210 M M 1 3 22 200
19 82 69 76 -1 0 11 0.67 0.0 0 3.8 18 240 M M 3 13 26 230
20 83 67 75 -2 0 10 0.00 0.0 0 5.0 13 90 M M 2 12 17 100
21 85 68 77 0 0 12 1.12 0.0 0 6.8 20 300 M M 4 13 29 320
22 84 66 75 -2 0 10 0.00 0.0 0 6.2 15 340 M M 0 21 340
23 88 65 77 0 0 12 0.00 0.0 0 5.8 14 170 M M 0 19 170
24 83 65 74 -3 0 9 0.00 0.0 0 5.7 14 160 M M 1 22 150
25 84 65 75 -2 0 10 0.11 0.0 0 4.1 18 160 M M 2 13 26 170
26 85 62 74 -3 0 9 0.00 0.0 0 4.9 13 190 M M 0 8 18 180
27 95 76 86 9 0 21 0.00 0.0 0 11.7 25 210 M M 0 34 180
28 95 74 85 8 0 20 0.03 0.0 0 8.6 30 300 M M 1 3 41 300
29 92 72 82 5 0 17 0.87 0.0 0 2.5 21 220 M M 1 13 29 230
30 82 61 72 -5 0 7 0.00 0.0 0 1.8 11 340 M M 0 14 20
31 82 60 71 -6 0 6 0.00 0.0 0 9.2 16 180 M M 0 3 22 180
================================================================================
SM 2695 2135 0 411 5.23 0.0 181.7 M 53
================================================================================
AV 86.9 68.9 5.9 FASTST M M 2 MAX(MPH)
MISC ----> 30 300 45 210
================================================================================
NOTES:
# LAST OF SEVERAL OCCURRENCES
COLUMN 17 PEAK WIND IN M.P.H.
PRELIMINARY LOCAL CLIMATOLOGICAL DATA (WS FORM: F-6) , PAGE 2
STATION: ATLANTIC CITY AIRPORT NJ
MONTH: JULY
YEAR: 2023
LATITUDE: 39 27 N
LONGITUDE: 74 34 W
[TEMPERATURE DATA] [PRECIPITATION DATA] SYMBOLS USED IN COLUMN 16
AVERAGE MONTHLY: 77.9 TOTAL FOR MONTH: 5.23 1 = FOG OR MIST
DPTR FM NORMAL: 1.0 DPTR FM NORMAL: 0.76 2 = FOG REDUCING VISIBILITY
HIGHEST: 95 ON 28,27 GRTST 24HR 1.81 ON 16-16 TO 1/4 MILE OR LESS
LOWEST: 60 ON 31 3 = THUNDER
SNOW, ICE PELLETS, HAIL 4 = ICE PELLETS
TOTAL MONTH: 0.0 INCH 5 = HAIL
GRTST 24HR 0.0 6 = FREEZING RAIN OR DRIZZLE
GRTST DEPTH: 0 7 = DUSTSTORM OR SANDSTORM:
VSBY 1/2 MILE OR LESS
8 = SMOKE OR HAZE
[NO. OF DAYS WITH] [WEATHER - DAYS WITH] 9 = BLOWING SNOW
X = TORNADO
MAX 32 OR BELOW: 0 0.01 INCH OR MORE: 10
MAX 90 OR ABOVE: 6 0.10 INCH OR MORE: 6
MIN 32 OR BELOW: 0 0.50 INCH OR MORE: 5
MIN 0 OR BELOW: 0 1.00 INCH OR MORE: 2
[HDD (BASE 65) ]
TOTAL THIS MO. 0 CLEAR (SCALE 0-3) 25
DPTR FM NORMAL 0 PTCLDY (SCALE 4-7) 6
TOTAL FM JUL 1 0 CLOUDY (SCALE 8-10) 0
DPTR FM NORMAL 0
[CDD (BASE 65) ]
TOTAL THIS MO. 411
DPTR FM NORMAL 42 [PRESSURE DATA]
TOTAL FM JAN 1 569 HIGHEST SLP 30.15 ON 26
DPTR FM NORMAL -88 LOWEST SLP 29.72 ON 21
[REMARKS]
#FINAL-07-23#