000
CXUS51 KPHI 010815
CF6ACY
PRELIMINARY LOCAL CLIMATOLOGICAL DATA (WS FORM: F-6)
STATION: ATLANTIC CITY NJ
MONTH: MARCH
YEAR: 2022
LATITUDE: 39 27 N
LONGITUDE: 74 34 W
TEMPERATURE IN F: :PCPN: SNOW: WIND :SUNSHINE: SKY :PK WND
================================================================================
1 2 3 4 5 6A 6B 7 8 9 10 11 12 13 14 15 16 17 18
12Z AVG MX 2MIN
DY MAX MIN AVG DEP HDD CDD WTR SNW DPTH SPD SPD DIR MIN PSBL S-S WX SPD DR
================================================================================
1 52 22 37 -2 28 0 0.00 0.0 0 7.2 18 200 M M 2 25 200
2 58 37 48 9 17 0 0.00 0.0 0 8.2 16 290 M M 3 23 330
3 52 26 39 0 26 0 0.00 0.0 0 13.8 25 330 M M 3 32 320
4 39 17 28 -11 37 0 0.00 0.0 0 6.4 16 200 M M 0 21 200
5 49 21 35 -5 30 0 0.00 0.0 0 5.3 16 140 M M 3 25 150
6 71 47 59 19 6 0 0.05 0.0 0 12.0 25 220 M M 4 1 40 230
7 76 56 66 26 0 1 0.02 0.0 0 15.6 37 300 M M 2 49 300
8 59 36 48 8 17 0 0.00 0.0 0 13.2 39 300 M M 1 53 300
9 44 37 41 0 24 0 0.45 0.0 0 9.4 22 90 M M 8 1 31 90
10 46 32 39 -2 26 0 0.00 0.0 0 5.2 14 120 M M 4 1 19 350
11 54 26 40 -1 25 0 0.00 0.0 0 4.8 14 140 M M 1 1 20 190
12 49 23 36 -5 29 0 0.96 T 0 19.1 37 330 M M 9 13 64 290
13 37 22 30 -12 35 0 0.00 0.0 0 13.6 31 280 M M 3 45 290
14 60 32 46 4 19 0 0.00 0.0 0 8.2 20 200 M M 0 28 200
15 69 33 51 9 14 0 0.00 0.0 0 6.2 16 210 M M 0 23 220
16 67 37 52 10 13 0 0.00 0.0 0 4.5 16 170 M M 0 22 160
17 58 44 51 8 14 0 0.37 0.0 0 6.9 14 360 M M 10 12 19 40
18 71 49 60 17 5 0 0.00 0.0 0 7.1 14 170 M M 6 128 18 170
19 73 52 63 20 2 0 0.00 0.0 0 9.5 24 300 M M 5 1 31 300
20 62 48 55 11 10 0 0.00 0.0 0 15.6 31 320 M M 5 45 320
21 65 39 52 8 13 0 0.00 0.0 0 12.3 26 290 M M 0 37 290
22 65 36 51 7 14 0 0.00 0.0 0 5.1 17 310 M M 0 24 310
23 51 39 45 1 20 0 0.95 0.0 0 13.8 22 80 M M 4 1 35 80
24 59 46 53 8 12 0 0.97 0.0 0 7.3 17 90 M M 10 123 27 190
25 61 46 54 9 11 0 0.01 0.0 0 8.0 22 300 M M 6 1 30 290
26 55 41 48 3 17 0 0.06 0.0 0 10.9 28 290 M M 7 38 300
27 48 29 39 -7 26 0 T T 0 17.6 30 290 M M 5 43 300
28 38 24 31 -15 34 0 T T 0 17.7 33 330 M M 4 48 300
29 42 21 32 -14 33 0 0.00 0.0 0 13.6 28 300 M M 0 41 330
30 53 20 37 -10 28 0 T 0.0 0 5.1 12 190 M M 5 21 190
31 62 52 57 10 8 0 0.01 0.0 0 18.2 32 200 M M 8 18 56 200
================================================================================
SM 1745 1090 593 1 3.85 T 321.4 M 118
================================================================================
AV 56.3 35.2 10.4 FASTST M M 4 MAX(MPH)
MISC ----> 39 300 64 290
================================================================================
NOTES:
# LAST OF SEVERAL OCCURRENCES
COLUMN 17 PEAK WIND IN M.P.H.
PRELIMINARY LOCAL CLIMATOLOGICAL DATA (WS FORM: F-6) , PAGE 2
STATION: ATLANTIC CITY NJ
MONTH: MARCH
YEAR: 2022
LATITUDE: 39 27 N
LONGITUDE: 74 34 W
[TEMPERATURE DATA] [PRECIPITATION DATA] SYMBOLS USED IN COLUMN 16
AVERAGE MONTHLY: 45.7 TOTAL FOR MONTH: 3.85 1 = FOG OR MIST
DPTR FM NORMAL: 3.1 DPTR FM NORMAL: -0.67 2 = FOG REDUCING VISIBILITY
HIGHEST: 76 ON 7 GRTST 24HR 1.71 ON 23-24 TO 1/4 MILE OR LESS
LOWEST: 17 ON 4 3 = THUNDER
SNOW, ICE PELLETS, HAIL 4 = ICE PELLETS
TOTAL MONTH: T 5 = HAIL
GRTST 24HR T ON 12-12 6 = FREEZING RAIN OR DRIZZLE
GRTST DEPTH: 0 7 = DUSTSTORM OR SANDSTORM:
VSBY 1/2 MILE OR LESS
8 = SMOKE OR HAZE
[NO. OF DAYS WITH] [WEATHER - DAYS WITH] 9 = BLOWING SNOW
X = TORNADO
MAX 32 OR BELOW: 0 0.01 INCH OR MORE: 10
MAX 90 OR ABOVE: 0 0.10 INCH OR MORE: 5
MIN 32 OR BELOW: 13 0.50 INCH OR MORE: 3
MIN 0 OR BELOW: 0 1.00 INCH OR MORE: 0
[HDD (BASE 65) ]
TOTAL THIS MO. 593 CLEAR (SCALE 0-3) 15
DPTR FM NORMAL -102 PTCLDY (SCALE 4-7) 12
TOTAL FM JUL 1 3812 CLOUDY (SCALE 8-10) 4
DPTR FM NORMAL -326
[CDD (BASE 65) ]
TOTAL THIS MO. 1
DPTR FM NORMAL 0 [PRESSURE DATA]
TOTAL FM JAN 1 1 HIGHEST SLP M ON M
DPTR FM NORMAL 0 LOWEST SLP 29.23 ON 12
[REMARKS]
#FINAL-03-22#