000
CXUS51 KPHI 010915
CF6ACY
PRELIMINARY LOCAL CLIMATOLOGICAL DATA (WS FORM: F-6)
STATION: ATLANTIC CITY NJ
MONTH: FEBRUARY
YEAR: 2022
LATITUDE: 39 27 N
LONGITUDE: 74 34 W
TEMPERATURE IN F: :PCPN: SNOW: WIND :SUNSHINE: SKY :PK WND
================================================================================
1 2 3 4 5 6A 6B 7 8 9 10 11 12 13 14 15 16 17 18
12Z AVG MX 2MIN
DY MAX MIN AVG DEP HDD CDD WTR SNW DPTH SPD SPD DIR MIN PSBL S-S WX SPD DR
================================================================================
1 38 15 27 -7 38 0 0.00 0.0 6 5.8 17 70 M M 4 1 27 70
2 46 17 32 -2 33 0 0.00 0.0 2 2.5 10 100 M M 6 12 12 100
3 51 35 43 9 22 0 0.06 0.0 1 6.2 17 200 M M 10 12 27 210
4 55 31 43 9 22 0 0.91 T 0 13.5 22 320 M M 10 1 35 200
5 33 18 26 -8 39 0 T T 0 15.2 29 310 M M 3 1 37 310
6 35 14 25 -10 40 0 T T 0 4.6 13 100 M M 2 19 100
7 43 31 37 2 28 0 0.37 T 0 6.3 13 350 M M 10 126 17 340
8 46 25 36 1 29 0 0.15 0.0 0 10.5 24 310 M M 3 18 33 310
9 47 21 34 -1 31 0 0.00 0.0 0 5.5 16 170 M M 0 23 180
10 58 29 44 9 21 0 0.00 0.0 0 7.4 24 230 M M 1 1 34 220
11 56 29 43 8 22 0 0.00 0.0 0 8.7 21 200 M M 1 33 200
12 64 42 53 18 12 0 0.00 0.0 0 10.4 24 290 M M 1 30 300
13 44 27 36 0 29 0 0.09 0.1 0 9.8 20 350 M M 10 16 27 330
14 28 16 22 -14 43 0 T T T 12.2 24 310 M M 1 1 33 320
15 34 9 22 -14 43 0 0.00 0.0 0 3.2 13 130 M M 0 19 310
16 49 16 33 -3 32 0 0.00 0.0 0 6.4 16 170 M M 0 25 170
17 62 48 55 19 10 0 0.01 0.0 0 13.6 24 190 M M 6 1 42 200
18 58 28 43 7 22 0 0.33 0.0 0 18.7 36 300 M M 5 1 54 300
19 47 16 32 -5 33 0 0.00 0.0 0 14.6 37 300 M M 1 61 300
20 37 15 26 -11 39 0 0.00 0.0 0 7.8 21 310 M M 0 28 310
21 59 24 42 5 23 0 0.00 0.0 0 5.4 13 170 M M 0 18 140
22 58 41 50 13 15 0 0.02 0.0 0 13.1 26 200 M M 7 1 41 190
23 72 44 58 20 7 0 0.00 0.0 0 14.5 23 330 M M 1 34 230
24 44 32 38 0 27 0 0.16 T 0 10.1 18 70 M M 7 1468 24 60
25 50 33 42 4 23 0 0.61 0.0 0 12.7 32 300 M M 6 1 42 310
26 41 27 34 -4 31 0 0.00 0.0 0 8.4 16 350 M M 0 23 290
27 50 24 37 -1 28 0 0.00 0.0 0 9.1 24 280 M M 0 36 280
28 42 25 34 -4 31 0 0.00 0.0 0 8.7 24 350 M M 0 38 330
================================================================================
SM 1347 732 773 0 2.71 0.1 264.9 M 95
================================================================================
AV 48.1 26.1 9.5 FASTST M M 3 MAX(MPH)
MISC ----> 37 300 61 300
================================================================================
NOTES:
# LAST OF SEVERAL OCCURRENCES
COLUMN 17 PEAK WIND IN M.P.H.
PRELIMINARY LOCAL CLIMATOLOGICAL DATA (WS FORM: F-6) , PAGE 2
STATION: ATLANTIC CITY NJ
MONTH: FEBRUARY
YEAR: 2022
LATITUDE: 39 27 N
LONGITUDE: 74 34 W
[TEMPERATURE DATA] [PRECIPITATION DATA] SYMBOLS USED IN COLUMN 16
AVERAGE MONTHLY: 37.1 TOTAL FOR MONTH: 2.71 1 = FOG OR MIST
DPTR FM NORMAL: 1.1 DPTR FM NORMAL: -0.52 2 = FOG REDUCING VISIBILITY
HIGHEST: 72 ON 23 GRTST 24HR 0.91 ON 4- 4 TO 1/4 MILE OR LESS
LOWEST: 9 ON 15 3 = THUNDER
SNOW, ICE PELLETS, HAIL 4 = ICE PELLETS
TOTAL MONTH: 0.1 INCH 5 = HAIL
GRTST 24HR 0.1 ON 13-13 6 = FREEZING RAIN OR DRIZZLE
GRTST DEPTH: 9 ON M 7 = DUSTSTORM OR SANDSTORM:
VSBY 1/2 MILE OR LESS
8 = SMOKE OR HAZE
[NO. OF DAYS WITH] [WEATHER - DAYS WITH] 9 = BLOWING SNOW
X = TORNADO
MAX 32 OR BELOW: 1 0.01 INCH OR MORE: 10
MAX 90 OR ABOVE: 0 0.10 INCH OR MORE: 6
MIN 32 OR BELOW: 22 0.50 INCH OR MORE: 2
MIN 0 OR BELOW: 0 1.00 INCH OR MORE: 0
[HDD (BASE 65) ]
TOTAL THIS MO. 773 CLEAR (SCALE 0-3) 15
DPTR FM NORMAL -39 PTCLDY (SCALE 4-7) 9
TOTAL FM JUL 1 3219 CLOUDY (SCALE 8-10) 4
DPTR FM NORMAL -222
[CDD (BASE 65) ]
TOTAL THIS MO. 0
DPTR FM NORMAL 0 [PRESSURE DATA]
TOTAL FM JAN 1 0 HIGHEST SLP 30.75 ON 16
DPTR FM NORMAL 0 LOWEST SLP 29.45 ON 18
[REMARKS]
#FINAL-02-22#