000
CXUS54 KFWD 010730
CF6AFW
PRELIMINARY LOCAL CLIMATOLOGICAL DATA (WS FORM: F-6)
STATION: FORT WORTH ALLIANCE
MONTH: JUNE
YEAR: 2023
LATITUDE: 32 58 N
LONGITUDE: 97 19 W
TEMPERATURE IN F: :PCPN: SNOW: WIND :SUNSHINE: SKY :PK WND
================================================================================
1 2 3 4 5 6A 6B 7 8 9 10 11 12 13 14 15 16 17 18
12Z AVG MX 2MIN
DY MAX MIN AVG DEP HDD CDD WTR SNW DPTH SPD SPD DIR MIN PSBL S-S WX SPD DR
================================================================================
1 89 71 80 0 0 15 0.00 M M 8.5 18 160 M M 6 25 170
2 91 71 81 1 0 16 T M M 9.6 29 290 M M 6 39 280
3 90 68 79 -1 0 14 T M M 6.4 28 40 M M 8 3 39 50
4 89 65 77 -4 0 12 0.00 M M 6.9 17 40 M M 7 25 50
5 87 65 76 -5 0 11 0.27 M M 6.9 22 90 M M 8 1 31 100
6 92 66 79 -2 0 14 0.00 M M 5.3 18 40 M M 6 13 25 220
7 91 65 78 -3 0 13 0.11 M M 3.9 18 260 M M 6 3 24 250
8 91 69 80 -2 0 15 0.00 M M 5.2 23 160 M M 7 1 27 160
9 97 70 84 2 0 19 0.00 M M 5.4 14 170 M M 5 18 170
10 96 76 86 4 0 21 0.00 M M 11.1 21 100 M M 5 26 90
11 100 72 86 4 0 21 0.40 M M 7.3 38 260 M M 4 3 51 260
12 87 68 78 -4 0 13 0.01 M M 11.9 29 360 M M 7 1 38 360
13 78 69 74 -9 0 9 0.46 M M 7.4 17 140 M M 9 1358 20 130
14 92 74 83 0 0 18 T M M 6.9 14 360 M M 8 128 21 30
15 94 74 84 1 0 19 T M M 10.7 31 20 M M 5 18 39 10
16 95 73 84 1 0 19 0.00 M M 10.9 23 140 M M 6 37 70
17 95 72 84 1 0 19 0.00 M M 9.5 20 170 M M 6 25 170
18 95 74 85 2 0 20 0.00 M M 7.5 28 20 M M 4 36 20
19 100 74 87 3 0 22 0.00 M M 11.2 21 160 M M 1 28 160
20 100 82 91 7 0 26 0.00 M M 9.6 21 150 M M 5 27 140
21 94 79 87 3 0 22 0.04 M M 11.1 23 110 M M 7 3 31 120
22 91 77 84 0 0 19 0.12 M M 9.0 20 180 M M 9 13 24 110
23 91 78 85 1 0 20 0.05 M M 10.7 25 40 M M 6 3 31 40
24 100 78 89 5 0 24 0.00 M M 16.0 31 180 M M 3 37 180
25 101 83 92 8 0 27 0.00 M M 13.4 24 170 M M 2 31 170
26 104 82 93 9 0 28 0.00 M M 11.6 24 150 M M 1 30 140
27 104 80 92 8 0 27 0.00 M M 13.5 21 160 M M 1 27 180
28 103 81 92 7 0 27 0.00 M M 14.7 23 160 M M 1 33 160
29 102 80 91 6 0 26 0.00 M M 13.9 23 150 M M 0 29 160
30 98 81 90 5 0 25 0.00 M M 13.5 23 150 M M 3 31 180
================================================================================
SM 2837 2217 0 581 1.46 M 289.5 M 152
================================================================================
AV 94.6 73.9 9.7 FASTST M M 5 MAX(MPH)
MISC ----> 38 260 51 260
================================================================================
NOTES:
# LAST OF SEVERAL OCCURRENCES
COLUMN 17 PEAK WIND IN M.P.H.
PRELIMINARY LOCAL CLIMATOLOGICAL DATA (WS FORM: F-6) , PAGE 2
STATION: FORT WORTH ALLIANCE
MONTH: JUNE
YEAR: 2023
LATITUDE: 32 58 N
LONGITUDE: 97 19 W
[TEMPERATURE DATA] [PRECIPITATION DATA] SYMBOLS USED IN COLUMN 16
AVERAGE MONTHLY: 84.2 TOTAL FOR MONTH: 1.46 1 = FOG OR MIST
DPTR FM NORMAL: 1.5 DPTR FM NORMAL: -2.59 2 = FOG REDUCING VISIBILITY
HIGHEST: 104 ON 27,26 GRTST 24HR 0.47 ON 12-13 TO 1/4 MILE OR LESS
LOWEST: 65 ON 7, 5 3 = THUNDER
SNOW, ICE PELLETS, HAIL 4 = ICE PELLETS
TOTAL MONTH: M 5 = HAIL
GRTST 24HR M ON M 6 = FREEZING RAIN OR DRIZZLE
GRTST DEPTH: M ON M 7 = DUSTSTORM OR SANDSTORM:
VSBY 1/2 MILE OR LESS
8 = SMOKE OR HAZE
[NO. OF DAYS WITH] [WEATHER - DAYS WITH] 9 = BLOWING SNOW
X = TORNADO
MAX 32 OR BELOW: 0 0.01 INCH OR MORE: 8
MAX 90 OR ABOVE: 25 0.10 INCH OR MORE: 5
MIN 32 OR BELOW: 0 0.50 INCH OR MORE: 0
MIN 0 OR BELOW: 0 1.00 INCH OR MORE: 0
[HDD (BASE 65) ]
TOTAL THIS MO. 0 CLEAR (SCALE 0-3) 6
DPTR FM NORMAL 0 PTCLDY (SCALE 4-7) 21
TOTAL FM JUL 1 2028 CLOUDY (SCALE 8-10) 3
DPTR FM NORMAL -186
[CDD (BASE 65) ]
TOTAL THIS MO. 581
DPTR FM NORMAL 49 [PRESSURE DATA]
TOTAL FM JAN 1 1032 HIGHEST SLP M ON M
DPTR FM NORMAL 38 LOWEST SLP 29.56 ON 15
[REMARKS]
#FINAL-06-23#