000
CXUS54 KFWD 010731
CF6AFW
PRELIMINARY LOCAL CLIMATOLOGICAL DATA (WS FORM: F-6)
STATION: FORT WORTH ALLIANCE
MONTH: AUGUST
YEAR: 2023
LATITUDE: 32 58 N
LONGITUDE: 97 19 W
TEMPERATURE IN F: :PCPN: SNOW: WIND :SUNSHINE: SKY :PK WND
================================================================================
1 2 3 4 5 6A 6B 7 8 9 10 11 12 13 14 15 16 17 18
12Z AVG MX 2MIN
DY MAX MIN AVG DEP HDD CDD WTR SNW DPTH SPD SPD DIR MIN PSBL S-S WX SPD DR
================================================================================
1 107 84 96 8 0 31 0.00 M M 7.4 17 110 M M 3 23 130
2 107 83 95 7 0 30 0.00 M M 10.9 21 180 M M 3 27 170
3 106 85 96 8 0 31 0.00 M M 13.7 18 160 M M 1 27 180
4 106 86 96 8 0 31 0.00 M M 12.1 18 170 M M 1 25 180
5 107 86 97 9 0 32 0.00 M M 10.8 20 170 M M 2 27 190
6 105 86 96 8 0 31 0.00 M M 10.8 18 170 M M 3 24 160
7 105 86 96 8 0 31 0.00 M M 11.4 21 170 M M 4 28 190
8 104 87 96 8 0 31 0.00 M M 14.5 23 160 M M 7 31 210
9 109 80 95 7 0 30 0.01 M M 16.4 26 190 M M 6 3 36 190
10 108 78 93 5 0 28 0.00 M M 7.5 20 170 M M 3 24 190
11 108 86 97 9 0 32 0.00 M M 16.3 24 180 M M 6 34 180
12 107 84 96 8 0 31 0.00 M M 15.9 22 150 M M 1 30 190
13 108 84 96 9 0 31 0.00 M M 14.8 23 190 M M 1 31 170
14 100 78 89 2 0 24 0.00 M M 11.5 23 360 M M 2 30 360
15 97 73 85 -2 0 20 0.00 M M 9.3 20 20 M M 3 27 10
16 96 71 84 -3 0 19 0.00 M M 5.8 13 70 M M 0 18 60
17 110 75 93 6 0 28 0.00 M M 9.1 18 150 M M 1 26 190
18 110 83 97 11 0 32 0.00 M M 9.1 16 160 M M 1 22 180
19 108 83 96 10 0 31 0.00 M M 8.5 17 180 M M 1 24 180
20 109 83 96 10 0 31 0.00 M M 6.8 20 60 M M 1 29 110
21 106 82 94 8 0 29 0.00 M M 9.1 18 70 M M 4 28 70
22 103 85 94 8 0 29 0.00 M M 8.0 18 120 M M 5 25 110
23 103 83 93 7 0 28 0.00 M M 7.5 17 130 M M 6 24 130
24 107 83 95 10 0 30 0.00 M M 4.2 13 180 M M 7 18 160
25 110 86 98 13 0 33 0.00 M M 5.0 14 60 M M 3 26 120
26 109 87 98 13 0 33 0.00 M M 7.2 15 20 M M 4 21 20
27 102 80 91 7 0 26 0.18 M M 9.8 24 250 M M 6 38 32 250
28 95 75 85 1 0 20 0.00 M M 10.5 18 30 M M 3 27 60
29 98 71 85 1 0 20 0.00 M M 7.5 17 30 M M 4 25 30
30 99 74 87 3 0 22 0.00 M M 8.9 20 30 M M 3 1 29 20
31 99 72 86 3 0 21 0.00 M M 5.5 13 110 M M 1 19 130
================================================================================
SM 3248 2519 0 876 0.19 M 305.8 M 96
================================================================================
AV104.8 81.3 9.9 FASTST M M 3 MAX(MPH)
MISC ----> 26 190 36 190
================================================================================
NOTES:
# LAST OF SEVERAL OCCURRENCES
COLUMN 17 PEAK WIND IN M.P.H.
PRELIMINARY LOCAL CLIMATOLOGICAL DATA (WS FORM: F-6) , PAGE 2
STATION: FORT WORTH ALLIANCE
MONTH: AUGUST
YEAR: 2023
LATITUDE: 32 58 N
LONGITUDE: 97 19 W
[TEMPERATURE DATA] [PRECIPITATION DATA] SYMBOLS USED IN COLUMN 16
AVERAGE MONTHLY: 93.0 TOTAL FOR MONTH: 0.19 1 = FOG OR MIST
DPTR FM NORMAL: 6.5 DPTR FM NORMAL: -2.61 2 = FOG REDUCING VISIBILITY
HIGHEST: 110 ON 25,18 GRTST 24HR 0.18 ON 27-27 TO 1/4 MILE OR LESS
LOWEST: 71 ON 29,16 3 = THUNDER
SNOW, ICE PELLETS, HAIL 4 = ICE PELLETS
TOTAL MONTH: M 5 = HAIL
GRTST 24HR M ON M 6 = FREEZING RAIN OR DRIZZLE
GRTST DEPTH: M ON M 7 = DUSTSTORM OR SANDSTORM:
VSBY 1/2 MILE OR LESS
8 = SMOKE OR HAZE
[NO. OF DAYS WITH] [WEATHER - DAYS WITH] 9 = BLOWING SNOW
X = TORNADO
MAX 32 OR BELOW: 0 0.01 INCH OR MORE: 2
MAX 90 OR ABOVE: 31 0.10 INCH OR MORE: 1
MIN 32 OR BELOW: 0 0.50 INCH OR MORE: 0
MIN 0 OR BELOW: 0 1.00 INCH OR MORE: 0
[HDD (BASE 65) ]
TOTAL THIS MO. 0 CLEAR (SCALE 0-3) 18
DPTR FM NORMAL 0 PTCLDY (SCALE 4-7) 13
TOTAL FM JUL 1 0 CLOUDY (SCALE 8-10) 0
DPTR FM NORMAL 0
[CDD (BASE 65) ]
TOTAL THIS MO. 876
DPTR FM NORMAL 211 [PRESSURE DATA]
TOTAL FM JAN 1 2689 HIGHEST SLP M ON M
DPTR FM NORMAL 359 LOWEST SLP 29.56 ON 9
[REMARKS]
#FINAL-08-23#