000
CXAK56 PAJK 011410
CF6AJN
PRELIMINARY LOCAL CLIMATOLOGICAL DATA (WS FORM: F-6)
STATION: JUNEAU
MONTH: JANUARY
YEAR: 2023
LATITUDE: 58 22 N
LONGITUDE: 134 35 W
TEMPERATURE IN F: :PCPN: SNOW: WIND :SUNSHINE: SKY :PK WND
================================================================================
1 2 3 4 5 6A 6B 7 8 9 10 11 12 13 14 15 16 17 18
12Z AVG MX 2MIN
DY MAX MIN AVG DEP HDD CDD WTR SNW DPTH SPD SPD DIR MIN PSBL S-S WX SPD DR
================================================================================
1 45 36 41 12 24 0 0.31 0.0 T 25.1 38 100 M M 10 1 50 100
2 41 36 39 11 26 0 0.27 0.0 0 16.9 39 110 M M 9 1 49 110
3 38 32 35 7 30 0 T 0.0 0 4.6 16 90 M M 8 19 90
4 39 32 36 8 29 0 0.08 0.0 0 7.8 21 120 M M 9 2 31 130
5 34 30 32 4 33 0 0.00 0.0 0 0.8 8 140 M M 9 2 9 140
6 35 31 33 5 32 0 0.30 1.1 0 1.1 6 60 M M 10 1 8 80
7 42 32 37 9 28 0 0.26 0.0 1 8.1 25 120 M M 10 12 33 120
8 41 26 34 6 31 0 T 0.0 T 3.5 14 120 M M 8 12 16 100
9 31 22 27 -1 38 0 0.00 0.0 0 1.0 8 70 M M 5 12 9 60
10 29 20 25 -3 40 0 0.00 0.0 0 0.1 7 290 M M 4 1 7 290
11 33 29 31 3 34 0 0.03 0.2 T 0.3 5 50 M M 10 1 5 100
12 33 24 29 1 36 0 0.00 0.0 T 0.5 7 300 M M 7 12 8 300
13 34 25 30 2 35 0 0.02 0.1 0 0.9 7 90 M M 9 12 7 80
14 33 24 29 1 36 0 0.52 1.0 T 1.1 7 100 M M 10 124 7 110
15 34 32 33 5 32 0 0.42 T 1 0.5 5 270 M M 10 12 5 70
16 36 32 34 6 31 0 0.14 T 1 9.0 20 90 M M 10 1 22 90
17 40 35 38 10 27 0 0.18 0.0 T 16.2 26 120 M M 10 1 32 130
18 40 34 37 9 28 0 0.11 0.0 0 10.5 20 110 M M 9 1 24 110
19 41 35 38 10 27 0 0.48 T 0 22.7 39 120 M M 10 18 48 110
20 47 39 43 15 22 0 0.94 0.0 0 22.5 43 110 M M 10 1 59 120
21 42 37 40 12 25 0 0.06 T 0 11.5 28 120 M M 9 15 33 120
22 38 33 36 8 29 0 0.46 0.1 0 16.1 28 120 M M 10 1 36 120
23 41 36 39 10 26 0 0.23 0.0 0 11.5 29 110 M M 10 1 35 120
24 45 38 42 13 23 0 0.69 0.0 0 14.5 24 120 M M 10 1 31 130
25 47 43 45 16 20 0 0.43 0.0 0 15.1 32 120 M M 10 1 42 110
26 43 38 41 12 24 0 0.49 0.0 0 4.4 14 80 M M 10 12 16 80
27 38 33 36 7 29 0 T 0.0 0 2.0 10 240 M M 9 12 12 240
28 39 23 31 2 34 0 0.00 0.0 0 2.9 16 110 M M 4 12 21 90
29 33 20 27 -2 38 0 0.00 0.0 0 1.3 10 70 M M 6 13 100
30 33 31 32 3 33 0 0.24 2.3 0 11.1 20 110 M M 10 1 24 120
31 34 31 33 4 32 0 0.08 0.9 2 2.0 14 100 M M 10 1 16 100
================================================================================
SM 1179 969 932 0 6.74 5.7 245.6 M 275
================================================================================
AV 38.0 31.3 7.9 FASTST M M 9 MAX(MPH)
MISC ----> 43 110 59 120
================================================================================
NOTES:
# LAST OF SEVERAL OCCURRENCES
COLUMN 17 PEAK WIND IN M.P.H.
PRELIMINARY LOCAL CLIMATOLOGICAL DATA (WS FORM: F-6) , PAGE 2
STATION: JUNEAU
MONTH: JANUARY
YEAR: 2023
LATITUDE: 58 22 N
LONGITUDE: 134 35 W
[TEMPERATURE DATA] [PRECIPITATION DATA] SYMBOLS USED IN COLUMN 16
AVERAGE MONTHLY: 34.6 TOTAL FOR MONTH: 6.74 1 = FOG OR MIST
DPTR FM NORMAL: 6.1 DPTR FM NORMAL: 0.72 2 = FOG REDUCING VISIBILITY
HIGHEST: 47 ON 25,20 GRTST 24HR 1.47 ON 24-25 TO 1/4 MILE OR LESS
LOWEST: 20 ON 29,10 3 = THUNDER
SNOW, ICE PELLETS, HAIL 4 = ICE PELLETS
TOTAL MONTH: 5.7 INCHES 5 = HAIL
GRTST 24HR 2.3 ON 30-30 6 = FREEZING RAIN OR DRIZZLE
GRTST DEPTH: 3 ON M 7 = DUSTSTORM OR SANDSTORM:
VSBY 1/2 MILE OR LESS
8 = SMOKE OR HAZE
[NO. OF DAYS WITH] [WEATHER - DAYS WITH] 9 = BLOWING SNOW
X = TORNADO
MAX 32 OR BELOW: 2 0.01 INCH OR MORE: 22
MAX 90 OR ABOVE: 0 0.10 INCH OR MORE: 17
MIN 32 OR BELOW: 18 0.50 INCH OR MORE: 3
MIN 0 OR BELOW: 0 1.00 INCH OR MORE: 0
[HDD (BASE 65) ]
TOTAL THIS MO. 932 CLEAR (SCALE 0-3) 0
DPTR FM NORMAL -201 PTCLDY (SCALE 4-7) 6
TOTAL FM JUL 1 4523 CLOUDY (SCALE 8-10) 25
DPTR FM NORMAL -308
[CDD (BASE 65) ]
TOTAL THIS MO. 0
DPTR FM NORMAL 0 [PRESSURE DATA]
TOTAL FM JAN 1 0 HIGHEST SLP 30.73 ON 29
DPTR FM NORMAL 0 LOWEST SLP 29.03 ON 17
[REMARKS]
#FINAL-01-23#