000
CXUS56 KSGX 011245
CF6AJO
PRELIMINARY LOCAL CLIMATOLOGICAL DATA (WS FORM: F-6)
STATION: CORONA AIRPORT CA
MONTH: SEPTEMBER
YEAR: 2020
LATITUDE: 33 53 N
LONGITUDE: 117 36 W
TEMPERATURE IN F: :PCPN: SNOW: WIND :SUNSHINE: SKY :PK WND
================================================================================
1 2 3 4 5 6A 6B 7 8 9 10 11 12 13 14 15 16 17 18
12Z AVG MX 2MIN
DY MAX MIN AVG DEP HDD CDD WTR SNW DPTH SPD SPD DIR MIN PSBL S-S WX SPD DR
================================================================================
1 85 56 71 M 0 6 0.00 0.0 0 5.5 16 280 M M 1 21 280
2 88 57 73 M 0 8 0.00 0.0 0 5.5 17 290 M M 0 21 290
3 90 59 75 M 0 10 0.00 0.0 0 5.2 14 280 M M 0 M M
4 97 61 79 M 0 14 0.00 0.0 0 4.9 14 300 M M 0 20 290
5 111 64 88 M 0 23 0.00 0.0 0 3.9 14 250 M M 0 8 17 250
6 113 68 91 M 0 26 0.00 0.0 0 5.4 14 280 M M 0 20 290
7 89 64 77 M 0 12 0.00 0.0 0 5.3 13 280 M M 1 M M
8 81 63 72 M 0 7 0.00 0.0 0 3.6 9 280 M M 7 M M
9 89 59 74 M 0 9 0.00 0.0 0 7.7 18 50 M M 3 30 50
10 90 51 71 M 0 6 0.00 0.0 0 1.9 10 270 M M 2 M M
11 92 50 71 M 0 6 0.00 0.0 0 3.6 14 280 M M 0 18 280
12 90 51 71 M 0 6 0.00 0.0 0 3.1 13 280 M M 0 8 M M
13 93 51 72 M 0 7 0.00 0.0 0 3.2 15 300 M M 0 18 270
14 93 54 74 M 0 9 0.00 0.0 0 4.5 14 270 M M 0 8 22 280
15 94 54 74 M 0 9 0.00 0.0 0 3.2 12 280 M M 0 18 17 300
16 99 53 76 M 0 11 0.00 0.0 0 M M M M M M 17 M
17 100 51 76 M 0 11 0.00 0.0 0 3.4 12 260 M M 0 M M
18 99 58 79 M 0 14 0.00 0.0 0 5.3 14 290 M M 0 18 280
19 93 58 76 M 0 11 0.00 0.0 0 5.1 16 290 M M 0 21 290
20 89 57 73 M 0 8 0.00 0.0 0 6.6 16 280 M M 0 21 280
21 88 60 74 M 0 9 0.00 0.0 0 5.8 14 290 M M 1 1 20 290
22 90 57 74 M 0 9 0.00 0.0 0 4.7 15 270 M M 0 1 21 270
23 91 54 73 M 0 8 0.00 0.0 0 3.7 14 270 M M 0 M M
24 93 53 73 M 0 8 0.00 0.0 0 4.0 13 280 M M 0 18 270
25 88 55 72 M 0 7 0.00 0.0 0 5.2 14 270 M M 0 12 18 270
26 86 56 71 M 0 6 0.00 0.0 0 3.7 14 290 M M 3 1 18 260
27 87 62 75 M 0 10 0.00 0.0 0 6.3 15 290 M M 3 1 18 290
28 95 55 75 M 0 10 0.00 0.0 0 4.9 12 280 M M 0 1 20 260
29 104 57 81 M 0 16 0.00 0.0 0 3.1 13 250 M M 0 M M
30 108 55 82 M 0 17 0.00 0.0 0 3.0 13 260 M M 0 17 260
================================================================================
SM 2805 1703 0 313 0.00 0.0 131.3 M 21
================================================================================
AV 93.5 56.8 4.5 FASTST M M 1 MAX(MPH)
MISC ----> # 18 50 # 30 50
================================================================================
NOTES:
# LAST OF SEVERAL OCCURRENCES
COLUMN 17 PEAK WIND IN M.P.H.
PRELIMINARY LOCAL CLIMATOLOGICAL DATA (WS FORM: F-6) , PAGE 2
STATION: CORONA AIRPORT CA
MONTH: SEPTEMBER
YEAR: 2020
LATITUDE: 33 53 N
LONGITUDE: 117 36 W
[TEMPERATURE DATA] [PRECIPITATION DATA] SYMBOLS USED IN COLUMN 16
AVERAGE MONTHLY: 75.1 TOTAL FOR MONTH: 0.00 1 = FOG OR MIST
DPTR FM NORMAL: M DPTR FM NORMAL: M 2 = FOG REDUCING VISIBILITY
HIGHEST: 113 ON 6 GRTST 24HR 0.00 ON 30-30 TO 1/4 MILE OR LESS
LOWEST: 50 ON 11 3 = THUNDER
SNOW, ICE PELLETS, HAIL 4 = ICE PELLETS
TOTAL MONTH: 0.0 INCH 5 = HAIL
GRTST 24HR 0.0 6 = FREEZING RAIN OR DRIZZLE
GRTST DEPTH: 0 7 = DUSTSTORM OR SANDSTORM:
VSBY 1/2 MILE OR LESS
8 = SMOKE OR HAZE
[NO. OF DAYS WITH] [WEATHER - DAYS WITH] 9 = BLOWING SNOW
X = TORNADO
MAX 32 OR BELOW: 0 0.01 INCH OR MORE: 0
MAX 90 OR ABOVE: 20 0.10 INCH OR MORE: 0
MIN 32 OR BELOW: 0 0.50 INCH OR MORE: 0
MIN 0 OR BELOW: 0 1.00 INCH OR MORE: 0
[HDD (BASE 65) ]
TOTAL THIS MO. 0 CLEAR (SCALE 0-3) 27
DPTR FM NORMAL M PTCLDY (SCALE 4-7) 2
TOTAL FM JUL 1 0 CLOUDY (SCALE 8-10) 0
DPTR FM NORMAL M
[CDD (BASE 65) ]
TOTAL THIS MO. 313
DPTR FM NORMAL M [PRESSURE DATA]
TOTAL FM JAN 1 1311 HIGHEST SLP 30.02 ON 16
DPTR FM NORMAL M LOWEST SLP 29.90 ON 16
[REMARKS]
#FINAL-09-20#