000
CXUS54 KCRP 011210
CF6ALI
PRELIMINARY LOCAL CLIMATOLOGICAL DATA (WS FORM: F-6)
STATION: ALICE
MONTH: MARCH
YEAR: 2021
LATITUDE: 27 44 N
LONGITUDE: 98 1 W
TEMPERATURE IN F: :PCPN: SNOW: WIND :SUNSHINE: SKY :PK WND
================================================================================
1 2 3 4 5 6A 6B 7 8 9 10 11 12 13 14 15 16 17 18
12Z AVG MX 2MIN
DY MAX MIN AVG DEP HDD CDD WTR SNW DPTH SPD SPD DIR MIN PSBL S-S WX SPD DR
================================================================================
1 73 53 63 -1 2 0 0.02 0.0 0 14.4 25 360 M M 10 1 31 360
2 72 47 60 -4 5 0 0.00 0.0 0 10.2 20 350 M M 5 24 330
3 74 42 58 -6 7 0 0.00 0.0 0 5.6 18 110 M M 0 1 23 110
4 80 45 63 -2 2 0 0.00 0.0 0 9.3 21 150 M M 2 1 26 150
5 87 64 76 11 0 11 0.00 0.0 0 9.2 22 300 M M 5 1 26 310
6 71 47 59 -6 6 0 0.00 0.0 0 10.1 23 360 M M 6 28 10
7 72 44 58 -7 7 0 0.00 0.0 0 9.3 18 110 M M 6 1 24 70
8 78 55 67 2 0 2 0.00 0.0 0 9.0 21 120 M M 8 26 110
9 83 53 68 3 0 3 0.00 0.0 0 13.2 28 140 M M 5 12 35 140
10 90 60 75 9 0 10 0.00 0.0 0 16.1 29 130 M M 2 36 130
11 85 69 77 11 0 12 0.00 0.0 0 16.9 26 140 M M 8 1 33 140
12 87 67 77 11 0 12 0.00 0.0 0 15.8 26 130 M M 9 1 35 120
13 86 70 78 12 0 13 0.00 0.0 0 18.4 30 140 M M 9 1 38 150
14 73 53 63 -3 2 0 0.07 0.0 0 10.0 25 300 M M 7 1 33 140
15 77 51 64 -2 1 0 T 0.0 0 6.0 16 130 M M 5 1 19 130
16 85 66 76 10 0 11 0.01 0.0 0 9.6 20 130 M M 8 128 25 130
17 91 66 79 12 0 14 0.08 0.0 0 14.1 33 320 M M 5 1 41 320
18 79 51 65 -2 0 0 0.00 0.0 0 10.7 21 360 M M 1 25 340
19 77 45 61 -6 4 0 0.00 0.0 0 7.9 16 360 M M 0 22 40
20 77 45 61 -6 4 0 0.00 0.0 0 6.8 17 100 M M 1 22 90
21 80 43 62 -5 3 0 0.00 0.0 0 8.5 20 140 M M 0 27 140
22 80 56 68 1 0 3 0.00 0.0 0 14.8 30 150 M M 5 38 150
23 89 59 74 6 0 9 T 0.0 0 7.0 18 120 M M 4 1 23 120
24 88 60 74 6 0 9 0.00 0.0 0 11.2 21 120 M M 7 1 25 130
25 87 53 70 2 0 5 0.00 0.0 0 11.8 30 360 M M 3 1 38 340
26 87 50 69 1 0 4 0.00 0.0 0 9.2 18 140 M M 2 25 130
27 97 71 84 16 0 19 0.00 0.0 0 11.5 22 130 M M 5 18 30 170
28 76 57 67 -1 0 2 T 0.0 0 12.8 32 10 M M 10 18 40 30
29 74 51 63 -6 2 0 0.08 0.0 0 8.9 14 120 M M 8 20 120
30 93 63 78 9 0 13 0.00 0.0 0 12.7 25 180 M M 6 1 31 170
31 82 67 75 6 0 10 0.00 0.0 0 12.1 25 10 M M 9 1 33 10
================================================================================
SM 2530 1723 45 162 0.26 0.0 343.1 M 161
================================================================================
AV 81.6 55.6 11.1 FASTST M M 5 MAX(MPH)
MISC ----> 33 320 41 320
================================================================================
NOTES:
# LAST OF SEVERAL OCCURRENCES
COLUMN 17 PEAK WIND IN M.P.H.
PRELIMINARY LOCAL CLIMATOLOGICAL DATA (WS FORM: F-6) , PAGE 2
STATION: ALICE
MONTH: MARCH
YEAR: 2021
LATITUDE: 27 44 N
LONGITUDE: 98 1 W
[TEMPERATURE DATA] [PRECIPITATION DATA] SYMBOLS USED IN COLUMN 16
AVERAGE MONTHLY: 68.6 TOTAL FOR MONTH: 0.26 1 = FOG OR MIST
DPTR FM NORMAL: 2.1 DPTR FM NORMAL: -1.46 2 = FOG REDUCING VISIBILITY
HIGHEST: 97 ON 27 GRTST 24HR 0.09 ON 16-17 TO 1/4 MILE OR LESS
LOWEST: 42 ON 3 3 = THUNDER
SNOW, ICE PELLETS, HAIL 4 = ICE PELLETS
TOTAL MONTH: 0.0 INCH 5 = HAIL
GRTST 24HR 0.0 6 = FREEZING RAIN OR DRIZZLE
GRTST DEPTH: 0 7 = DUSTSTORM OR SANDSTORM:
VSBY 1/2 MILE OR LESS
8 = SMOKE OR HAZE
[NO. OF DAYS WITH] [WEATHER - DAYS WITH] 9 = BLOWING SNOW
X = TORNADO
MAX 32 OR BELOW: 0 0.01 INCH OR MORE: 5
MAX 90 OR ABOVE: 4 0.10 INCH OR MORE: 0
MIN 32 OR BELOW: 0 0.50 INCH OR MORE: 0
MIN 0 OR BELOW: 0 1.00 INCH OR MORE: 0
[HDD (BASE 65) ]
TOTAL THIS MO. 45 CLEAR (SCALE 0-3) 9
DPTR FM NORMAL -34 PTCLDY (SCALE 4-7) 16
TOTAL FM JUL 1 809 CLOUDY (SCALE 8-10) 6
DPTR FM NORMAL -74
[CDD (BASE 65) ]
TOTAL THIS MO. 162
DPTR FM NORMAL 36 [PRESSURE DATA]
TOTAL FM JAN 1 290 HIGHEST SLP 30.39 ON 8
DPTR FM NORMAL 78 LOWEST SLP 29.52 ON 25
[REMARKS]
#FINAL-03-21#