000
CXUS54 KCRP 061833
CF6ALI
PRELIMINARY LOCAL CLIMATOLOGICAL DATA (WS FORM: F-6)
STATION: ALICE
MONTH: JUNE
YEAR: 2020
LATITUDE: 27 44 N
LONGITUDE: 98 1 W
TEMPERATURE IN F: :PCPN: SNOW: WIND :SUNSHINE: SKY :PK WND
================================================================================
1 2 3 4 5 6A 6B 7 8 9 10 11 12 13 14 15 16 17 18
12Z AVG MX 2MIN
DY MAX MIN AVG DEP HDD CDD WTR SNW DPTH SPD SPD DIR MIN PSBL S-S WX SPD DR
================================================================================
1 82 72 77 -5 0 12 0.51 0.0 0 8.0 17 80 M M 8 1 21 110
2 89 72 81 -2 0 16 1.80 0.0 0 7.0 25 110 M M 5 1238 30 120
3 91 73 82 -1 0 17 T 0.0 0 5.9 20 120 M M 4 12 24 120
4 92 72 82 -1 0 17 T 0.0 0 5.9 16 130 M M 3 12 21 140
5 93 72 83 0 0 18 0.00 0.0 0 4.9 16 110 M M 4 12 20 120
6 93 73 83 0 0 18 T 0.0 0 5.1 13 100 M M 2 1 18 110
7 97 74 86 3 0 21 0.00 0.0 0 6.5 13 50 M M 1 15 360
8 99 74 87 4 0 22 0.00 0.0 0 8.7 18 130 M M 0 22 140
9 96 75 86 2 0 21 T 0.0 0 8.8 17 180 M M 3 18 23 180
10 93 71 82 -2 0 17 T 0.0 0 9.0 24 30 M M 3 13 29 50
11 94 68 81 -3 0 16 0.00 0.0 0 6.9 18 60 M M 0 23 60
12 92 65 79 -5 0 14 0.00 0.0 0 5.3 14 60 M M 0 19 80
13 92 67 80 -4 0 15 0.00 0.0 0 6.6 17 70 M M 0 24 60
14 91 65 78 -6 0 13 0.00 0.0 0 6.4 17 120 M M 2 21 110
15 89 71 80 -4 0 15 0.72 0.0 0 5.2 22 170 M M 5 13 29 170
16 89 72 81 -3 0 16 0.02 0.0 0 6.8 22 150 M M 2 13 33 140
17 93 71 82 -2 0 17 0.00 0.0 0 9.3 21 150 M M 2 1 27 150
18 93 74 84 0 0 19 T 0.0 0 10.1 23 130 M M 4 13 30 120
19 88 75 82 -2 0 17 T 0.0 0 9.6 29 170 M M 2 13 33 170
20 93 74 84 -1 0 19 T 0.0 0 9.8 22 130 M M 2 1 27 130
21 96 75 86 1 0 21 T 0.0 0 11.8 26 130 M M 2 13 33 140
22 97 77 87 2 0 22 T 0.0 0 13.3 24 140 M M 3 1 32 140
23 91 76 84 -1 0 19 T 0.0 0 7.9 20 160 M M 3 1 24 150
24 95 73 84 -1 0 19 T 0.0 0 4.7 21 130 M M 1 1 26 130
25 93 70 82 -3 0 17 0.00 0.0 0 7.4 22 150 M M 1 29 140
26 86 72 79 -6 0 14 1.03 0.0 0 7.7 29 190 M M 9 138 37 190
27 90 78 84 -1 0 19 0.00 0.0 0 12.0 23 130 M M 7 18 30 140
28 94 78 86 1 0 21 0.02 0.0 0 13.4 23 150 M M 5 1 30 150
29 97 79 88 3 0 23 T 0.0 0 15.1 23 140 M M 6 18 30 130
30 96 79 88 3 0 23 0.00 0.0 0 14.5 23 160 M M 8 1 32 130
================================================================================
SM 2774 2187 0 538 4.10 0.0 253.6 M 97
================================================================================
AV 92.5 72.9 8.5 FASTST M M 3 MAX(MPH)
MISC ----> # 29 170 # 37 190
================================================================================
NOTES:
# LAST OF SEVERAL OCCURRENCES
COLUMN 17 PEAK WIND IN M.P.H.
PRELIMINARY LOCAL CLIMATOLOGICAL DATA (WS FORM: F-6) , PAGE 2
STATION: ALICE
MONTH: JUNE
YEAR: 2020
LATITUDE: 27 44 N
LONGITUDE: 98 1 W
[TEMPERATURE DATA] [PRECIPITATION DATA] SYMBOLS USED IN COLUMN 16
AVERAGE MONTHLY: 82.7 TOTAL FOR MONTH: 4.10 1 = FOG OR MIST
DPTR FM NORMAL: -1.3 DPTR FM NORMAL: 1.03 2 = FOG REDUCING VISIBILITY
HIGHEST: 99 ON 8 GRTST 24HR 1.80 ON 2- 2 TO 1/4 MILE OR LESS
LOWEST: 65 ON 14,12 3 = THUNDER
SNOW, ICE PELLETS, HAIL 4 = ICE PELLETS
TOTAL MONTH: 0.0 INCH 5 = HAIL
GRTST 24HR 0.0 6 = FREEZING RAIN OR DRIZZLE
GRTST DEPTH: 0 7 = DUSTSTORM OR SANDSTORM:
VSBY 1/2 MILE OR LESS
8 = SMOKE OR HAZE
[NO. OF DAYS WITH] [WEATHER - DAYS WITH] 9 = BLOWING SNOW
X = TORNADO
MAX 32 OR BELOW: 0 0.01 INCH OR MORE: 6
MAX 90 OR ABOVE: 24 0.10 INCH OR MORE: 4
MIN 32 OR BELOW: 0 0.50 INCH OR MORE: 4
MIN 0 OR BELOW: 0 1.00 INCH OR MORE: 2
[HDD (BASE 65) ]
TOTAL THIS MO. 0 CLEAR (SCALE 0-3) 17
DPTR FM NORMAL 0 PTCLDY (SCALE 4-7) 12
TOTAL FM JUL 1 645 CLOUDY (SCALE 8-10) 1
DPTR FM NORMAL -256
[CDD (BASE 65) ]
TOTAL THIS MO. 538
DPTR FM NORMAL -33 [PRESSURE DATA]
TOTAL FM JAN 1 1861 HIGHEST SLP 30.22 ON 12
DPTR FM NORMAL 379 LOWEST SLP 29.59 ON 8
[REMARKS]
#FINAL-06-20#