000
CXUS54 KCRP 011210
CF6ALI
PRELIMINARY LOCAL CLIMATOLOGICAL DATA (WS FORM: F-6)
STATION: ALICE
MONTH: AUGUST
YEAR: 2023
LATITUDE: 27 44 N
LONGITUDE: 98 1 W
TEMPERATURE IN F: :PCPN: SNOW: WIND :SUNSHINE: SKY :PK WND
================================================================================
1 2 3 4 5 6A 6B 7 8 9 10 11 12 13 14 15 16 17 18
12Z AVG MX 2MIN
DY MAX MIN AVG DEP HDD CDD WTR SNW DPTH SPD SPD DIR MIN PSBL S-S WX SPD DR
================================================================================
1 104 72 88 2 0 23 0.00 0.0 0 7.6 21 140 M M 2 1 28 140
2 104 73 89 3 0 24 0.00 0.0 0 8.6 24 130 M M 1 12 34 140
3 105 76 91 5 0 26 0.00 0.0 0 11.2 23 150 M M 2 34 140
4 107 76 92 6 0 27 0.00 0.0 0 12.7 24 120 M M 0 39 120
5 107 72 90 3 0 25 0.00 0.0 0 10.9 22 120 M M 0 31 160
6 106 76 91 4 0 26 0.00 0.0 0 11.5 23 140 M M 0 32 110
7 108 78 93 6 0 28 0.00 0.0 0 13.4 25 140 M M 0 35 130
8 107 78 93 6 0 28 0.00 0.0 0 13.2 28 130 M M 0 37 140
9 109 78 94 7 0 29 0.00 0.0 0 15.7 29 140 M M 0 39 130
10 108 78 93 6 0 28 0.00 0.0 0 14.0 25 130 M M 1 35 120
11 107 80 94 7 0 29 0.00 0.0 0 13.9 24 140 M M 2 37 130
12 106 81 94 7 0 29 0.00 0.0 0 14.1 26 130 M M 2 1 39 130
13 106 80 93 7 0 28 0.00 0.0 0 12.2 23 130 M M 3 1 32 150
14 105 77 91 5 0 26 0.00 0.0 0 9.5 22 120 M M 1 1 29 110
15 106 75 91 5 0 26 0.00 0.0 0 5.8 21 150 M M 1 1 27 130
16 108 75 92 6 0 27 T 0.0 0 4.9 37 60 M M 0 138 51 50
17 109 73 91 5 0 26 0.00 0.0 0 9.1 22 130 M M 0 1 28 120
18 106 75 91 5 0 26 0.00 0.0 0 10.8 22 130 M M 0 1 30 110
19 105 76 91 5 0 26 0.00 0.0 0 9.6 23 130 M M 1 32 120
20 103 74 89 3 0 24 0.00 0.0 0 7.0 17 130 M M 1 1 26 110
21 104 74 89 3 0 24 0.00 0.0 0 8.6 24 110 M M 0 1 33 120
22 88 75 82 -4 0 17 M 0.0 0 14.9 39 100 M M 6 13 52 100
23 97 78 88 2 0 23 M 0.0 0 7.2 22 120 M M 4 138 29 120
24 99 75 87 1 0 22 0.00 0.0 0 3.1 9 140 M M 4 12 M M
25 100 74 87 1 0 22 0.00 0.0 0 6.5 14 90 M M 1 18 80
26 101 75 88 3 0 23 0.00 0.0 0 4.8 15 120 M M 3 12 21 130
27 105 74 90 5 0 25 0.00 0.0 0 4.5 9 200 M M 1 12 M M
28 105 73 89 4 0 24 0.00 0.0 0 4.5 23 30 M M 1 3 33 30
29 103 78 91 6 0 26 0.00 0.0 0 M 14 10 M M 4 M M
30 103 76 90 5 0 25 0.00 0.0 0 7.7 17 20 M M 0 36 40
31 103 73 88 4 0 23 0.00 0.0 0 6.0 20 120 M M 1 26 110
================================================================================
SM 3234 2348 0 785 T 0.0 283.5 M 42
================================================================================
AV104.3 75.7 9.4 FASTST M M 1 MAX(MPH)
MISC ----> 39 100 52 100
================================================================================
NOTES:
# LAST OF SEVERAL OCCURRENCES
COLUMN 17 PEAK WIND IN M.P.H.
PRELIMINARY LOCAL CLIMATOLOGICAL DATA (WS FORM: F-6) , PAGE 2
STATION: ALICE
MONTH: AUGUST
YEAR: 2023
LATITUDE: 27 44 N
LONGITUDE: 98 1 W
[TEMPERATURE DATA] [PRECIPITATION DATA] SYMBOLS USED IN COLUMN 16
AVERAGE MONTHLY: 90.0 TOTAL FOR MONTH: T 1 = FOG OR MIST
DPTR FM NORMAL: 4.0 DPTR FM NORMAL: -2.91 2 = FOG REDUCING VISIBILITY
HIGHEST: 109 ON 17, 9 GRTST 24HR T ON 16-16 TO 1/4 MILE OR LESS
LOWEST: 72 ON 5, 1 3 = THUNDER
SNOW, ICE PELLETS, HAIL 4 = ICE PELLETS
TOTAL MONTH: 0.0 INCH 5 = HAIL
GRTST 24HR 0.0 6 = FREEZING RAIN OR DRIZZLE
GRTST DEPTH: 0 7 = DUSTSTORM OR SANDSTORM:
VSBY 1/2 MILE OR LESS
8 = SMOKE OR HAZE
[NO. OF DAYS WITH] [WEATHER - DAYS WITH] 9 = BLOWING SNOW
X = TORNADO
MAX 32 OR BELOW: 0 0.01 INCH OR MORE: 0
MAX 90 OR ABOVE: 30 0.10 INCH OR MORE: 0
MIN 32 OR BELOW: 0 0.50 INCH OR MORE: 0
MIN 0 OR BELOW: 0 1.00 INCH OR MORE: 0
[HDD (BASE 65) ]
TOTAL THIS MO. 0 CLEAR (SCALE 0-3) 27
DPTR FM NORMAL 0 PTCLDY (SCALE 4-7) 4
TOTAL FM JUL 1 0 CLOUDY (SCALE 8-10) 0
DPTR FM NORMAL 0
[CDD (BASE 65) ]
TOTAL THIS MO. 785
DPTR FM NORMAL 133 [PRESSURE DATA]
TOTAL FM JAN 1 2708 HIGHEST SLP 30.07 ON 15
DPTR FM NORMAL -105 LOWEST SLP 29.72 ON 9
[REMARKS]
#FINAL-08-23#