000
CXUS54 KEPZ 011130
CF6ALM
PRELIMINARY LOCAL CLIMATOLOGICAL DATA (WS FORM: F-6)
STATION: ALAMOGORDO
MONTH: FEBRUARY
YEAR: 2022
LATITUDE: 32 49 N
LONGITUDE: 106 0 W
TEMPERATURE IN F: :PCPN: SNOW: WIND :SUNSHINE: SKY :PK WND
================================================================================
1 2 3 4 5 6A 6B 7 8 9 10 11 12 13 14 15 16 17 18
12Z AVG MX 2MIN
DY MAX MIN AVG DEP HDD CDD WTR SNW DPTH SPD SPD DIR MIN PSBL S-S WX SPD DR
================================================================================
1 61 32 47 M 18 0 0.00 M M 5.0 10 230 M M 2 17 230
2 54 27 41 M 24 0 0.16 M M 10.5 23 140 M M 8 128 32 140
3 28 18 23 M 42 0 0.06 M M 6.8 14 180 M M 6 1 12 230
4 36 9 23 M 42 0 0.00 M M 3.8 9 360 M M 0 M M
5 43 12 28 M 37 0 0.00 M M 3.0 8 350 M M 0 M M
6 52 18 35 M 30 0 0.00 M M 6.5 17 80 M M 3 24 80
7 50 23 37 M 28 0 0.00 M M 5.0 9 320 M M 0 M M
8 M 21 M M M M 0.00 M M 4.8 13 340 M M 0 23 330
9 M M M M M M 0.00 M M M M M M M M M M
10 64 M M M M M 0.00 M M 3.6 9 70 M M 0 M M
11 66 30 48 M 17 0 0.00 M M 6.2 16 330 M M 0 23 330
12 54 32 43 M 22 0 0.00 M M 10.6 22 210 M M 2 26 210
13 59 23 41 M 24 0 0.00 M M 3.1 9 60 M M 1 M M
14 64 28 46 M 19 0 0.00 M M 3.2 12 150 M M 0 M M
15 72 32 52 M 13 0 0.00 M M 12.7 22 200 M M 1 29 180
16 68 37 53 M 12 0 0.00 M M 17.9 30 220 M M 3 8 46 220
17 46 30 38 M 27 0 0.01 M M 6.0 15 340 M M 6 15 170
18 55 21 38 M 27 0 0.00 M M 4.5 13 340 M M 0 18 340
19 63 23 43 M 22 0 0.00 M M 5.4 13 230 M M 0 16 230
20 70 27 49 M 16 0 0.00 M M 6.3 14 230 M M 0 8 20 230
21 66 43 55 M 10 0 0.00 M M 12.1 25 250 M M 4 37 250
22 66 34 50 M 15 0 0.00 M M 11.3 21 200 M M 2 32 200
23 63 41 52 M 13 0 0.00 M M 19.9 29 170 M M 2 37 160
24 52 27 40 M 25 0 0.00 M M 7.6 15 360 M M 2 21 310
25 59 25 42 M 23 0 0.00 M M 6.1 22 200 M M 0 28 200
26 63 23 43 M 22 0 0.00 M M 5.2 9 60 M M 0 14 0
27 63 28 46 M 19 0 0.00 M M 5.2 13 290 M M 0 16 290
28 63 27 45 M 20 0 0.00 M M 3.8 10 310 M M 0 15 310
================================================================================
SM 1500 691 567 0 0.23 M 196.0 M 42
================================================================================
AV 57.7 26.6 7.3 FASTST M M 2 MAX(MPH)
MISC ----> 30 220 46 220
================================================================================
NOTES:
# LAST OF SEVERAL OCCURRENCES
COLUMN 17 PEAK WIND IN M.P.H.
PRELIMINARY LOCAL CLIMATOLOGICAL DATA (WS FORM: F-6) , PAGE 2
STATION: ALAMOGORDO
MONTH: FEBRUARY
YEAR: 2022
LATITUDE: 32 49 N
LONGITUDE: 106 0 W
[TEMPERATURE DATA] [PRECIPITATION DATA] SYMBOLS USED IN COLUMN 16
AVERAGE MONTHLY: 42.1 TOTAL FOR MONTH: 0.23 1 = FOG OR MIST
DPTR FM NORMAL: 0.0 DPTR FM NORMAL: 0.23 2 = FOG REDUCING VISIBILITY
HIGHEST: 72 ON 15 GRTST 24HR 0.16 ON 2- 2 TO 1/4 MILE OR LESS
LOWEST: 9 ON 4 3 = THUNDER
SNOW, ICE PELLETS, HAIL 4 = ICE PELLETS
TOTAL MONTH: M 5 = HAIL
GRTST 24HR M ON M 6 = FREEZING RAIN OR DRIZZLE
GRTST DEPTH: M ON M 7 = DUSTSTORM OR SANDSTORM:
VSBY 1/2 MILE OR LESS
8 = SMOKE OR HAZE
[NO. OF DAYS WITH] [WEATHER - DAYS WITH] 9 = BLOWING SNOW
X = TORNADO
MAX 32 OR BELOW: 1 0.01 INCH OR MORE: 3
MAX 90 OR ABOVE: 0 0.10 INCH OR MORE: 1
MIN 32 OR BELOW: 22 0.50 INCH OR MORE: 0
MIN 0 OR BELOW: 0 1.00 INCH OR MORE: 0
[HDD (BASE 65) ]
TOTAL THIS MO. 567 CLEAR (SCALE 0-3) 23
DPTR FM NORMAL M PTCLDY (SCALE 4-7) 4
TOTAL FM JUL 1 2268 CLOUDY (SCALE 8-10) 1
DPTR FM NORMAL M
[CDD (BASE 65) ]
TOTAL THIS MO. 0
DPTR FM NORMAL M [PRESSURE DATA]
TOTAL FM JAN 1 0 HIGHEST SLP M ON M
DPTR FM NORMAL M LOWEST SLP M ON M
[REMARKS]
#FINAL-02-22#