000
CXUS54 KEPZ 011130
CF6ALM
PRELIMINARY LOCAL CLIMATOLOGICAL DATA (WS FORM: F-6)
STATION: ALAMOGORDO
MONTH: JANUARY
YEAR: 2024
LATITUDE: 32 49 N
LONGITUDE: 106 0 W
TEMPERATURE IN F: :PCPN: SNOW: WIND :SUNSHINE: SKY :PK WND
================================================================================
1 2 3 4 5 6A 6B 7 8 9 10 11 12 13 14 15 16 17 18
12Z AVG MX 2MIN
DY MAX MIN AVG DEP HDD CDD WTR SNW DPTH SPD SPD DIR MIN PSBL S-S WX SPD DR
================================================================================
1 57 25 41 M 24 0 0.00 M M 3.7 9 40 M M 2 12 180
2 54 34 44 M 21 0 T M M 7.1 13 130 M M 5 20 130
3 57 25 41 M 24 0 0.00 M M 5.9 14 160 M M 2 16 210
4 52 37 45 M 20 0 0.00 M M 13.1 22 180 M M 8 31 260
5 52 30 41 M 24 0 0.00 M M 5.4 15 290 M M 5 18 0
6 48 28 38 M 27 0 0.00 M M 9.2 20 340 M M 4 24 10
7 59 36 48 M 17 0 0.00 M M 17.2 32 280 M M 4 8 39 280
8 43 28 36 M 29 0 0.00 M M 11.0 16 260 M M 5 8 27 210
9 46 23 35 M 30 0 0.00 M M 9.2 20 350 M M 2 23 350
10 55 19 37 M 28 0 0.00 M M 10.1 22 170 M M 2 30 170
11 55 30 43 M 22 0 0.00 M M 17.8 32 270 M M 4 8 44 260
12 48 23 36 M 29 0 0.00 M M 5.9 13 20 M M 2 13 99
13 59 27 43 M 22 0 0.00 M M 6.4 13 330 M M 1 18 290
14 64 37 51 M 14 0 0.00 M M 9.8 15 170 M M 2 18 160
15 61 30 46 M 19 0 0.00 M M 5.4 10 180 M M 2 18 180
16 46 18 32 M 33 0 0.00 M M 4.0 13 210 M M 3 21 190
17 61 19 40 M 25 0 0.00 M M 3.3 10 210 M M 2 13 240
18 66 41 54 M 11 0 0.00 M M 4.2 10 60 M M 1 15 99
19 57 28 43 M 22 0 0.00 M M 6.1 13 220 M M 1 17 220
20 50 27 39 M 26 0 0.00 M M 5.6 13 180 M M 1 17 190
21 54 36 45 M 20 0 0.00 M M 4.7 10 50 M M 9 16 50
22 59 37 48 M 17 0 0.00 M M 7.1 13 180 M M 7 18 160
23 54 37 46 M 19 0 0.25 M M 7.5 16 220 M M 9 1 27 220
24 52 41 47 M 18 0 0.02 M M 6.4 13 180 M M 9 M M
25 55 36 46 M 19 0 T M M 6.9 13 180 M M 4 18 180
26 55 41 48 M 17 0 0.00 M M 6.8 17 330 M M 7 29 350
27 55 30 43 M 22 0 0.00 M M 4.0 12 300 M M 1 15 99
28 57 28 43 M 22 0 0.00 M M 3.5 13 30 M M 2 M M
29 63 27 45 M 20 0 0.00 M M 3.5 10 40 M M 1 M M
30 64 30 47 M 18 0 0.00 M M 2.3 7 160 M M 2 M M
31 64 45 55 M 10 0 0.00 M M 3.9 9 180 M M 8 M M
================================================================================
SM 1722 953 669 0 0.27 M 217.0 M 117
================================================================================
AV 55.5 30.7 7.0 FASTST M M 4 MAX(MPH)
MISC ----> # 32 280 44 260
================================================================================
NOTES:
# LAST OF SEVERAL OCCURRENCES
COLUMN 17 PEAK WIND IN M.P.H.
PRELIMINARY LOCAL CLIMATOLOGICAL DATA (WS FORM: F-6) , PAGE 2
STATION: ALAMOGORDO
MONTH: JANUARY
YEAR: 2024
LATITUDE: 32 49 N
LONGITUDE: 106 0 W
[TEMPERATURE DATA] [PRECIPITATION DATA] SYMBOLS USED IN COLUMN 16
AVERAGE MONTHLY: 43.1 TOTAL FOR MONTH: 0.27 1 = FOG OR MIST
DPTR FM NORMAL: 0.0 DPTR FM NORMAL: M 2 = FOG REDUCING VISIBILITY
HIGHEST: 66 ON 18 GRTST 24HR 0.38 ON 23-24 TO 1/4 MILE OR LESS
LOWEST: 18 ON 16 3 = THUNDER
SNOW, ICE PELLETS, HAIL 4 = ICE PELLETS
TOTAL MONTH: M 5 = HAIL
GRTST 24HR M ON M 6 = FREEZING RAIN OR DRIZZLE
GRTST DEPTH: M ON M 7 = DUSTSTORM OR SANDSTORM:
VSBY 1/2 MILE OR LESS
8 = SMOKE OR HAZE
[NO. OF DAYS WITH] [WEATHER - DAYS WITH] 9 = BLOWING SNOW
X = TORNADO
MAX 32 OR BELOW: 0 0.01 INCH OR MORE: 2
MAX 90 OR ABOVE: 0 0.10 INCH OR MORE: 1
MIN 32 OR BELOW: 19 0.50 INCH OR MORE: 0
MIN 0 OR BELOW: 0 1.00 INCH OR MORE: 0
[HDD (BASE 65) ]
TOTAL THIS MO. 669 CLEAR (SCALE 0-3) 17
DPTR FM NORMAL M PTCLDY (SCALE 4-7) 11
TOTAL FM JUL 1 1785 CLOUDY (SCALE 8-10) 3
DPTR FM NORMAL M
[CDD (BASE 65) ]
TOTAL THIS MO. 0
DPTR FM NORMAL M [PRESSURE DATA]
TOTAL FM JAN 1 0 HIGHEST SLP M ON M
DPTR FM NORMAL M LOWEST SLP M ON M
[REMARKS]
#FINAL-01-24#