000
CXUS53 KDMX 050301
CF6ALO
PRELIMINARY LOCAL CLIMATOLOGICAL DATA (WS FORM: F-6)
STATION: WATERLOO IA
MONTH: APRIL
YEAR: 2022
LATITUDE: 42 32 N
LONGITUDE: 92 24 W
TEMPERATURE IN F: :PCPN: SNOW: WIND :SUNSHINE: SKY :PK WND
================================================================================
1 2 3 4 5 6A 6B 7 8 9 10 11 12 13 14 15 16 17 18
12Z AVG MX 2MIN
DY MAX MIN AVG DEP HDD CDD WTR SNW DPTH SPD SPD DIR MIN PSBL S-S WX SPD DR
================================================================================
1 49 26 38 -6 27 0 0.00 0.0 0 6.1 13 180 M M 1 18 240
2 56 33 45 1 20 0 0.46 3.1 1 9.2 23 300 M M 7 1 31 290
3 46 24 35 -9 30 0 0.05 0.0 0 8.2 20 140 M M 4 26 150
4 52 33 43 -2 22 0 0.00 0.0 0 11.4 23 320 M M 6 33 290
5 52 32 42 -3 23 0 0.03 0.0 0 14.5 29 280 M M 5 18 37 280
6 47 39 43 -3 22 0 T 0.0 0 21.0 31 300 M M 7 46 280
7 46 32 39 -7 26 0 0.06 0.2 0 19.1 29 300 M M 10 18 41 300
8 45 31 38 -8 27 0 T T T 16.1 26 330 M M 9 36 320
9 56 24 40 -7 25 0 0.00 0.0 0 6.4 13 300 M M 0 17 350
10 72 36 54 7 11 0 0.00 0.0 0 16.0 35 130 M M 2 48 120
11 65 35 50 2 15 0 0.00 0.0 0 10.0 22 330 M M 0 34 290
12 69 33 51 3 14 0 0.20 0.0 0 17.3 36 250 M M 5 3 52 120
13 60 33 47 -1 18 0 0.03 T 0 14.2 23 310 M M 7 3 33 290
14 47 28 38 -11 27 0 0.00 0.0 0 19.7 38 270 M M 3 53 250
15 45 29 37 -12 28 0 0.00 0.0 0 12.1 20 300 M M 4 28 300
16 45 23 34 -16 31 0 0.00 0.0 0 12.3 25 340 M M 1 33 320
17 45 20 33 -17 32 0 0.00 0.0 0 5.6 18 110 M M 5 24 110
18 44 29 37 -13 28 0 0.00 0.0 0 18.5 33 310 M M 8 50 300
19 47 22 35 -16 30 0 0.00 0.0 0 7.1 16 130 M M 5 22 140
20 50 45 48 -3 17 0 0.42 0.0 0 15.4 30 150 M M 10 18 41 150
21 67 40 54 2 11 0 0.04 0.0 0 7.8 15 240 M M 4 12 21 330
22 62 50 56 4 9 0 1.29 0.0 0 15.6 46 120 M M 8 13 57 120
23 77 58 68 16 0 3 0.14 0.0 0 18.8 38 220 M M 5 49 200
24 59 45 52 -1 13 0 0.00 0.0 0 17.6 37 240 M M 5 49 250
25 46 31 39 -14 26 0 0.00 0.0 0 16.5 26 310 M M 9 36 300
26 52 27 40 -14 25 0 0.00 0.0 0 10.4 20 310 M M 1 28 310
27 57 33 45 -9 20 0 0.00 0.0 0 16.5 26 90 M M 3 3 35 90
28 58 37 48 -6 17 0 1.06 0.0 0 16.0 29 150 M M 9 13 39 160
29 60 49 55 0 10 0 0.03 0.0 0 17.8 30 110 M M 9 42 100
30 68 47 58 3 7 0 0.22 0.0 0 19.8 32 220 M M 9 138 46 200
================================================================================
SM 1644 1024 611 3 4.03 3.3 417.0 M 161
================================================================================
AV 54.8 34.1 13.9 FASTST M M 5 MAX(MPH)
MISC ----> 46 120 57 120
================================================================================
NOTES:
# LAST OF SEVERAL OCCURRENCES
COLUMN 17 PEAK WIND IN M.P.H.
PRELIMINARY LOCAL CLIMATOLOGICAL DATA (WS FORM: F-6) , PAGE 2
STATION: WATERLOO IA
MONTH: APRIL
YEAR: 2022
LATITUDE: 42 32 N
LONGITUDE: 92 24 W
[TEMPERATURE DATA] [PRECIPITATION DATA] SYMBOLS USED IN COLUMN 16
AVERAGE MONTHLY: 44.5 TOTAL FOR MONTH: 4.03 1 = FOG OR MIST
DPTR FM NORMAL: -4.9 DPTR FM NORMAL: -0.01 2 = FOG REDUCING VISIBILITY
HIGHEST: 77 ON 23 GRTST 24HR 1.33 ON 21-22 TO 1/4 MILE OR LESS
LOWEST: 20 ON 17 3 = THUNDER
SNOW, ICE PELLETS, HAIL 4 = ICE PELLETS
TOTAL MONTH: 3.6 INCHES 5 = HAIL
GRTST 24HR 3.1 ON 2- 2 6 = FREEZING RAIN OR DRIZZLE
GRTST DEPTH: 1 ON 2 7 = DUSTSTORM OR SANDSTORM:
VSBY 1/2 MILE OR LESS
8 = SMOKE OR HAZE
[NO. OF DAYS WITH] [WEATHER - DAYS WITH] 9 = BLOWING SNOW
X = TORNADO
MAX 32 OR BELOW: 0 0.01 INCH OR MORE: 13
MAX 90 OR ABOVE: 0 0.10 INCH OR MORE: 7
MIN 32 OR BELOW: 14 0.50 INCH OR MORE: 2
MIN 0 OR BELOW: 0 1.00 INCH OR MORE: 2
[HDD (BASE 65) ]
TOTAL THIS MO. 611 CLEAR (SCALE 0-3) 7
DPTR FM NORMAL 136 PTCLDY (SCALE 4-7) 15
TOTAL FM JUL 1 6479 CLOUDY (SCALE 8-10) 8
DPTR FM NORMAL -45
[CDD (BASE 65) ]
TOTAL THIS MO. 3
DPTR FM NORMAL -4 [PRESSURE DATA]
TOTAL FM JAN 1 3 HIGHEST SLP 30.42 ON 26
DPTR FM NORMAL -5 LOWEST SLP 29.28 ON 12
[REMARKS]
#FINAL-04-22#