000
CXUS53 KDMX 050303
CF6ALO
PRELIMINARY LOCAL CLIMATOLOGICAL DATA (WS FORM: F-6)
STATION: WATERLOO IA
MONTH: FEBRUARY
YEAR: 2022
LATITUDE: 42 32 N
LONGITUDE: 92 24 W
TEMPERATURE IN F: :PCPN: SNOW: WIND :SUNSHINE: SKY :PK WND
================================================================================
1 2 3 4 5 6A 6B 7 8 9 10 11 12 13 14 15 16 17 18
12Z AVG MX 2MIN
DY MAX MIN AVG DEP HDD CDD WTR SNW DPTH SPD SPD DIR MIN PSBL S-S WX SPD DR
================================================================================
1 39 10 25 5 40 0 0.00 0.0 5 15.2 29 310 M M 2 38 310
2 11 4 8 -12 57 0 0.00 0.0 5 16.7 23 350 M M 3 30 360
3 9 -7 1 -19 64 0 0.00 0.0 5 9.8 21 350 M M 0 26 340
4 14 -10 2 -18 63 0 0.02 0.2 5 11.0 28 300 M M 3 8 37 300
5 32 -7 13 -8 52 0 0.00 0.0 5 11.9 28 160 M M 2 37 170
6 35 7 21 0 44 0 0.00 0.0 5 10.5 26 300 M M 4 36 300
7 21 -3 9 -12 56 0 0.00 0.0 5 5.7 13 330 M M 2 16 340
8 41 19 30 9 35 0 0.00 0.0 5 8.7 18 300 M M 0 27 300
9 39 27 33 11 32 0 0.00 0.0 4 17.1 29 310 M M 9 40 320
10 39 16 28 6 37 0 0.04 T 4 16.4 28 220 M M 10 41 210
11 40 8 24 2 41 0 T T 4 20.6 36 300 M M 8 8 52 300
12 13 0 7 -16 58 0 0.01 0.2 3 9.0 20 320 M M 5 8 26 330
13 11 4 8 -15 57 0 0.01 0.2 3 7.4 18 360 M M 6 18 22 360
14 28 11 20 -3 45 0 0.00 0.0 3 6.7 20 180 M M 4 28 170
15 43 14 29 5 36 0 0.00 0.0 3 14.5 28 130 M M 0 37 130
16 44 25 35 11 30 0 0.00 0.0 2 14.3 25 340 M M 5 8 31 330
17 25 8 17 -7 48 0 0.00 0.0 2 16.2 28 350 M M 3 36 350
18 45 8 27 2 38 0 0.01 T 2 19.1 39 320 M M 4 56 300
19 26 6 16 -9 49 0 0.00 0.0 1 14.4 25 310 M M 0 36 310
20 56 23 40 14 25 0 0.00 0.0 1 11.8 29 220 M M 0 39 220
21 38 28 33 7 32 0 0.00 0.0 T 14.8 25 100 M M 6 35 100
22 28 5 17 -9 48 0 0.03 0.3 0 19.1 26 310 M M 10 138 35 310
23 17 2 10 -17 55 0 0.00 0.0 T 11.7 21 320 M M 3 8 28 310
24 23 7 15 -12 50 0 0.12 2.8 T 10.0 17 80 M M 8 18 21 80
25 22 1 12 -16 53 0 T T 3 6.4 13 290 M M 1 18 16 290
26 35 1 18 -10 47 0 0.00 0.0 2 10.5 21 220 M M 0 28 220
27 40 14 27 -2 38 0 0.00 0.0 1 6.4 13 250 M M 0 20 250
28 56 22 39 10 26 0 0.00 0.0 T 5.5 16 270 M M 0 21 270
================================================================================
SM 870 243 1256 0 0.24 3.7 341.4 M 98
================================================================================
AV 31.1 8.7 12.2 FASTST M M 4 MAX(MPH)
MISC ----> 39 320 56 300
================================================================================
NOTES:
# LAST OF SEVERAL OCCURRENCES
COLUMN 17 PEAK WIND IN M.P.H.
PRELIMINARY LOCAL CLIMATOLOGICAL DATA (WS FORM: F-6) , PAGE 2
STATION: WATERLOO IA
MONTH: FEBRUARY
YEAR: 2022
LATITUDE: 42 32 N
LONGITUDE: 92 24 W
[TEMPERATURE DATA] [PRECIPITATION DATA] SYMBOLS USED IN COLUMN 16
AVERAGE MONTHLY: 19.9 TOTAL FOR MONTH: 0.24 1 = FOG OR MIST
DPTR FM NORMAL: -4.0 DPTR FM NORMAL: -0.90 2 = FOG REDUCING VISIBILITY
HIGHEST: 56 ON 28,20 GRTST 24HR 0.12 ON 24-24 TO 1/4 MILE OR LESS
LOWEST: -10 ON 4 3 = THUNDER
SNOW, ICE PELLETS, HAIL 4 = ICE PELLETS
TOTAL MONTH: 3.7 INCHES 5 = HAIL
GRTST 24HR 2.8 ON 24-24 6 = FREEZING RAIN OR DRIZZLE
GRTST DEPTH: 5 ON 6, 1 7 = DUSTSTORM OR SANDSTORM:
VSBY 1/2 MILE OR LESS
8 = SMOKE OR HAZE
[NO. OF DAYS WITH] [WEATHER - DAYS WITH] 9 = BLOWING SNOW
X = TORNADO
MAX 32 OR BELOW: 14 0.01 INCH OR MORE: 7
MAX 90 OR ABOVE: 0 0.10 INCH OR MORE: 1
MIN 32 OR BELOW: 28 0.50 INCH OR MORE: 0
MIN 0 OR BELOW: 5 1.00 INCH OR MORE: 0
[HDD (BASE 65) ]
TOTAL THIS MO. 1256 CLEAR (SCALE 0-3) 16
DPTR FM NORMAL 105 PTCLDY (SCALE 4-7) 9
TOTAL FM JUL 1 4997 CLOUDY (SCALE 8-10) 3
DPTR FM NORMAL -172
[CDD (BASE 65) ]
TOTAL THIS MO. 0
DPTR FM NORMAL 0 [PRESSURE DATA]
TOTAL FM JAN 1 0 HIGHEST SLP 30.69 ON 23
DPTR FM NORMAL 0 LOWEST SLP 29.44 ON 11
[REMARKS]
#FINAL-02-22#