000
CXUS56 KPDT 181810
CF6ALW
PRELIMINARY LOCAL CLIMATOLOGICAL DATA (WS FORM: F-6)
STATION: WALLA WALLA WA
MONTH: APRIL
YEAR: 2024
LATITUDE: 46 5 N
LONGITUDE: 118 17 W
TEMPERATURE IN F: :PCPN: SNOW: WIND :SUNSHINE: SKY :PK WND
================================================================================
1 2 3 4 5 6A 6B 7 8 9 10 11 12 13 14 15 16 17 18
12Z AVG MX 2MIN
DY MAX MIN AVG DEP HDD CDD WTR SNW DPTH SPD SPD DIR MIN PSBL S-S WX SPD DR
================================================================================
1 65 40 53 3 12 0 0.00 M M 8.3 18 210 M M 0 8 23 250
2 77 47 62 12 3 0 0.00 M M 7.1 21 200 M M 1 3 27 190
3 63 43 53 3 12 0 0.06 M M 9.0 22 190 M M 10 27 190
4 43 39 41 -9 24 0 0.09 M M 6.6 15 250 M M 10 1 20 250
5 53 38 46 -4 19 0 0.00 M M 11.5 18 240 M M 9 26 200
6 55 41 48 -3 17 0 0.01 M M 12.8 24 240 M M 8 35 260
7 57 38 48 -3 17 0 T M M 11.1 21 250 M M 3 27 220
8 59 39 49 -2 16 0 T M M 9.9 18 260 M M 5 24 240
9 65 47 56 5 9 0 0.02 M M 14.1 24 240 M M 6 33 230
10 61 39 50 -1 15 0 0.00 M M 4.1 9 310 M M 1 14 290
11 65 39 52 1 13 0 0.03 M M 4.6 14 110 M M 3 17 120
12 65 46 56 4 9 0 T M M 5.4 18 190 M M 4 24 190
13 75 44 60 8 5 0 0.00 M M 6.0 12 170 M M 0 15 10
14 73 49 61 9 4 0 T M M 8.3 22 210 M M 1 29 200
15 62 46 54 2 11 0 0.00 M M 16.7 25 210 M M 1 37 200
16 55 38 47 -5 18 0 0.00 M M 10.8 18 210 M M 7 27 200
17 56 36 46 -6 19 0 0.00 M M 7.3 13 270 M M 4 19 270
================================================================================
SM 1049 709 223 0 0.21 M 153.6 M 73
================================================================================
AV 61.7 41.7 9.0 FASTST M M 4 MAX(MPH)
MISC ----> 25 210 37 200
================================================================================
NOTES:
# LAST OF SEVERAL OCCURRENCES
COLUMN 17 PEAK WIND IN M.P.H.
PRELIMINARY LOCAL CLIMATOLOGICAL DATA (WS FORM: F-6) , PAGE 2
STATION: WALLA WALLA WA
MONTH: APRIL
YEAR: 2024
LATITUDE: 46 5 N
LONGITUDE: 118 17 W
[TEMPERATURE DATA] [PRECIPITATION DATA] SYMBOLS USED IN COLUMN 16
AVERAGE MONTHLY: 51.7 TOTAL FOR MONTH: 0.21 1 = FOG OR MIST
DPTR FM NORMAL: 0.6 DPTR FM NORMAL: -0.99 2 = FOG REDUCING VISIBILITY
HIGHEST: 77 ON 2 GRTST 24HR 0.09 ON 4- 4 TO 1/4 MILE OR LESS
LOWEST: 36 ON 17 3 = THUNDER
SNOW, ICE PELLETS, HAIL 4 = ICE PELLETS
TOTAL MONTH: M 5 = HAIL
GRTST 24HR M ON M 6 = FREEZING RAIN OR DRIZZLE
GRTST DEPTH: M ON M 7 = DUSTSTORM OR SANDSTORM:
VSBY 1/2 MILE OR LESS
8 = SMOKE OR HAZE
[NO. OF DAYS WITH] [WEATHER - DAYS WITH] 9 = BLOWING SNOW
X = TORNADO
MAX 32 OR BELOW: 0 0.01 INCH OR MORE: 5
MAX 90 OR ABOVE: 0 0.10 INCH OR MORE: 0
MIN 32 OR BELOW: 0 0.50 INCH OR MORE: 0
MIN 0 OR BELOW: 0 1.00 INCH OR MORE: 0
[HDD (BASE 65) ]
TOTAL THIS MO. 223 CLEAR (SCALE 0-3) 7
DPTR FM NORMAL -12 PTCLDY (SCALE 4-7) 6
TOTAL FM JUL 1 4542 CLOUDY (SCALE 8-10) 4
DPTR FM NORMAL 122
[CDD (BASE 65) ]
TOTAL THIS MO. 0
DPTR FM NORMAL 0 [PRESSURE DATA]
TOTAL FM JAN 1 0 HIGHEST SLP M ON M
DPTR FM NORMAL 0 LOWEST SLP 29.64 ON 5
[REMARKS]