000
CXUS56 KPDT 011910
CF6ALW
PRELIMINARY LOCAL CLIMATOLOGICAL DATA (WS FORM: F-6)
STATION: WALLA WALLA WA
MONTH: FEBRUARY
YEAR: 2022
LATITUDE: 46 5 N
LONGITUDE: 118 17 W
TEMPERATURE IN F: :PCPN: SNOW: WIND :SUNSHINE: SKY :PK WND
================================================================================
1 2 3 4 5 6A 6B 7 8 9 10 11 12 13 14 15 16 17 18
12Z AVG MX 2MIN
DY MAX MIN AVG DEP HDD CDD WTR SNW DPTH SPD SPD DIR MIN PSBL S-S WX SPD DR
================================================================================
1 41 31 36 -2 29 0 T M M 9.7 18 240 M M 8 28 260
2 36 22 29 -9 36 0 0.09 M M 5.5 13 210 M M 8 1 16 210
3 42 30 36 -2 29 0 T M M 4.5 10 170 M M 10 12 14 190
4 46 25 36 -2 29 0 0.00 M M 8.1 22 200 M M 5 1 28 210
5 51 35 43 5 22 0 0.00 M M 9.4 20 220 M M 1 25 210
6 53 29 41 3 24 0 0.00 M M 3.2 10 170 M M 0 12 170
7 62 29 46 8 19 0 0.00 M M 11.7 30 250 M M 1 1 37 270
8 56 34 45 7 20 0 0.00 M M 7.9 18 210 M M 2 24 210
9 62 41 52 14 13 0 0.00 M M 7.1 15 220 M M 2 19 220
10 67 39 53 14 12 0 0.00 M M 8.4 23 250 M M 0 27 240
11 50 31 41 2 24 0 0.00 M M 4.1 13 80 M M 0 15 70
12 47 27 37 -2 28 0 0.00 M M 3.8 10 80 M M 0 11 80
13 50 26 38 -1 27 0 0.00 M M 2.3 9 330 M M 0 12 320
14 50 34 42 3 23 0 0.11 M M 9.2 23 260 M M 6 1 32 250
15 50 37 44 4 21 0 0.02 M M 11.2 21 210 M M 7 30 210
16 53 33 43 3 22 0 T M M 9.4 20 340 M M 5 27 200
17 52 34 43 3 22 0 0.00 M M 11.9 24 230 M M 0 31 230
18 59 36 48 8 17 0 0.00 M M 7.6 13 220 M M 0 18 210
19 56 42 49 9 16 0 0.00 M M 15.0 29 230 M M 3 39 220
20 49 35 42 1 23 0 0.02 M M 14.3 33 260 M M 8 41 260
21 41 25 33 -8 32 0 T M M 10.6 23 50 M M 9 1 30 40
22 25 10 18 -23 47 0 0.02 M M 8.2 18 20 M M 6 1 24 10
23 23 9 16 -25 49 0 0.00 M M 8.3 18 170 M M 2 23 190
24 23 12 18 -24 47 0 0.03 M M 5.5 12 20 M M 8 1 13 20
25 35 10 23 -19 42 0 0.00 M M 5.0 10 170 M M 0 13 170
26 42 17 30 -12 35 0 0.00 M M 5.1 10 170 M M 0 13 290
27 55 29 42 0 23 0 0.08 M M 10.3 23 180 M M 10 6 35 170
28 62 52 57 14 8 0 0.33 M M 18.4 31 190 M M 10 46 180
================================================================================
SM 1338 814 739 0 0.70 M 235.7 M 111
================================================================================
AV 47.8 29.1 8.4 FASTST M M 4 MAX(MPH)
MISC ----> 33 260 46 180
================================================================================
NOTES:
# LAST OF SEVERAL OCCURRENCES
COLUMN 17 PEAK WIND IN M.P.H.
PRELIMINARY LOCAL CLIMATOLOGICAL DATA (WS FORM: F-6) , PAGE 2
STATION: WALLA WALLA WA
MONTH: FEBRUARY
YEAR: 2022
LATITUDE: 46 5 N
LONGITUDE: 118 17 W
[TEMPERATURE DATA] [PRECIPITATION DATA] SYMBOLS USED IN COLUMN 16
AVERAGE MONTHLY: 38.4 TOTAL FOR MONTH: 0.70 1 = FOG OR MIST
DPTR FM NORMAL: -1.3 DPTR FM NORMAL: -0.89 2 = FOG REDUCING VISIBILITY
HIGHEST: 67 ON 10 GRTST 24HR 0.34 ON 27-28 TO 1/4 MILE OR LESS
LOWEST: 9 ON 23 3 = THUNDER
SNOW, ICE PELLETS, HAIL 4 = ICE PELLETS
TOTAL MONTH: M 5 = HAIL
GRTST 24HR M ON M 6 = FREEZING RAIN OR DRIZZLE
GRTST DEPTH: M ON M 7 = DUSTSTORM OR SANDSTORM:
VSBY 1/2 MILE OR LESS
8 = SMOKE OR HAZE
[NO. OF DAYS WITH] [WEATHER - DAYS WITH] 9 = BLOWING SNOW
X = TORNADO
MAX 32 OR BELOW: 3 0.01 INCH OR MORE: 8
MAX 90 OR ABOVE: 0 0.10 INCH OR MORE: 2
MIN 32 OR BELOW: 16 0.50 INCH OR MORE: 0
MIN 0 OR BELOW: 0 1.00 INCH OR MORE: 0
[HDD (BASE 65) ]
TOTAL THIS MO. 739 CLEAR (SCALE 0-3) 15
DPTR FM NORMAL 31 PTCLDY (SCALE 4-7) 7
TOTAL FM JUL 1 3627 CLOUDY (SCALE 8-10) 6
DPTR FM NORMAL 6
[CDD (BASE 65) ]
TOTAL THIS MO. 0
DPTR FM NORMAL 0 [PRESSURE DATA]
TOTAL FM JAN 1 0 HIGHEST SLP 30.60 ON 25
DPTR FM NORMAL 0 LOWEST SLP 29.79 ON 20
[REMARKS]
#FINAL-02-22#