000
CXUS52 KJAX 011313
CLMAMG
CLIMATE REPORT
NATIONAL WEATHER SERVICE JACKSONVILLE FL
913 AM EDT WED NOV 01 2023
...................................
...THE ALMA CLIMATE SUMMARY FOR THE MONTH OF OCTOBER 2023...
CLIMATE NORMAL PERIOD: 1991 TO 2020
CLIMATE RECORD PERIOD: 1938 TO 2023
WEATHER OBSERVED NORMAL DEPART LAST YEAR`S
VALUE DATE(S) VALUE FROM VALUE DATE(S)
NORMAL
................................................................
TEMPERATURE (F)
RECORD
HIGH 97 10/04/2019
LOW 26 10/31/1954
HIGHEST 87 10/04 89 -2 89 10/07
10/05
10/29
10/08
LOWEST 45 10/09 41 4 35 10/20
10/18
AVG. MAXIMUM 80.1 80.3 -0.2 80.2
AVG. MINIMUM 57.2 57.0 0.2 52.6
MEAN 68.6 68.7 -0.1 66.4
DAYS MAX >= 90 0 1.3 -1.3 0
DAYS MIN <= 32 0 0.1 -0.1 0
PRECIPITATION (INCHES)
RECORD
MAXIMUM 10.37 1994
MINIMUM 0.00 1943
TOTALS 1.87 2.93 -1.06 2.47
DAILY AVG. 0.06 0.09 -0.03 0.08
DAYS >= .01 3 6.4 -3.4 3
DAYS >= .10 3 3.8 -0.8 3
DAYS >= .50 1 1.6 -0.6 1
DAYS >= 1.00 1 0.9 0.1 1
GREATEST
24 HR. TOTAL 1.19 10/12 TO 10/12
SNOWFALL (INCHES)
RECORDS
TOTAL MM MM
TOTALS 0.0 0.0 0.0 0.0
DEGREE DAYS
HEATING TOTAL 26 46 -20 56
SINCE 7/1 26 46 -20 MM
COOLING TOTAL 148 159 -11 106
SINCE 1/1 2773 2497 276 MM
................................................................
WIND (MPH)
AVERAGE WIND SPEED 3.3
HIGHEST WIND SPEED/DIRECTION 20/260 DATE 10/20
HIGHEST GUST SPEED/DIRECTION 32/260 DATE 10/20
SKY COVER
AVERAGE SKY COVER 0.28
AVERAGE RH (PERCENT) 70
WEATHER CONDITIONS. NUMBER OF DAYS WITH
THUNDERSTORM 0 MIXED PRECIP 0
HEAVY RAIN 2 RAIN 3
LIGHT RAIN 5 FREEZING RAIN 0
LT FREEZING RAIN 0 HAIL 0
HEAVY SNOW 0 SNOW 0
LIGHT SNOW 0 SLEET 0
FOG 20 FOG W/VIS <= 1/4 MILE 3
HAZE 3
- INDICATES NEGATIVE NUMBERS.
R INDICATES RECORD WAS SET OR TIED.
MM INDICATES DATA IS MISSING.
T INDICATES TRACE AMOUNT.
$$