000
CXUS54 KBMX 011110
CF6ANB
PRELIMINARY LOCAL CLIMATOLOGICAL DATA (WS FORM: F-6)
STATION: ANNISTON
MONTH: JULY
YEAR: 2020
LATITUDE: 33 35 N
LONGITUDE: 85 51 W
TEMPERATURE IN F: :PCPN: SNOW: WIND :SUNSHINE: SKY :PK WND
================================================================================
1 2 3 4 5 6A 6B 7 8 9 10 11 12 13 14 15 16 17 18
12Z AVG MX 2MIN
DY MAX MIN AVG DEP HDD CDD WTR SNW DPTH SPD SPD DIR MIN PSBL S-S WX SPD DR
================================================================================
1 84 68 76 -3 0 11 0.08 0.0 0 4.0 15 340 M M 4 1 24 360
2 90 71 81 2 0 16 0.00 0.0 0 3.6 13 360 M M 5 16 360
3 91 72 82 2 0 17 0.09 0.0 0 2.3 17 80 M M 3 13 32 100
4 91 71 81 1 0 16 0.26 0.0 0 3.9 18 10 M M 3 1238 26 10
5 91 71 81 1 0 16 0.00 0.0 0 3.3 10 130 M M 1 13 14 150
6 86 71 79 -1 0 14 T 0.0 0 5.5 13 30 M M 3 3 17 100
7 88 74 81 1 0 16 0.22 0.0 0 4.6 12 240 M M 6 1 15 30
8 88 72 80 0 0 15 0.42 0.0 0 4.3 15 10 M M 7 13 20 10
9 89 72 81 1 0 16 0.00 0.0 0 3.5 12 250 M M 4 1 16 280
10 92 74 83 3 0 18 0.00 0.0 0 5.2 16 260 M M 5 3 21 260
11 91 69 80 0 0 15 0.00 0.0 0 4.4 15 350 M M 0 1 23 330
12 87 66 77 -3 0 12 0.22 0.0 0 3.4 28 360 M M 1 123 36 360
13 90 68 79 -1 0 14 0.00 0.0 0 3.0 9 350 M M 5 12 14 360
14 93 69 81 1 0 16 0.00 0.0 0 2.2 10 290 M M 1 1 13 280
15 94 70 82 2 0 17 0.00 0.0 0 3.6 16 220 M M 1 23 230
16 93 M M M M M 0.00 0.0 0 3.5 9 150 M M 0 M M
17 95 71 83 3 0 18 0.00 0.0 0 2.5 8 120 M M 1 11 100
18 94 74 84 4 0 19 0.04 0.0 0 1.7 13 80 M M 2 3 15 60
19 95 73 84 4 0 19 0.00 0.0 0 1.7 10 270 M M 1 13 15 270
20 96 72 84 4 0 19 0.02 0.0 0 2.9 22 70 M M 2 13 30 50
21 95 72 84 4 0 19 0.00 0.0 0 3.3 13 240 M M 1 13 17 260
22 94 74 84 4 0 19 0.00 0.0 0 5.3 13 70 M M 1 3 17 20
23 94 72 83 3 0 18 0.20 0.0 0 5.4 21 150 M M 3 13 31 140
24 90 73 82 2 0 17 0.00 0.0 0 4.9 10 210 M M 3 13 140
25 93 71 82 2 0 17 0.01 0.0 0 5.3 15 350 M M 2 3 27 350
26 94 70 82 2 0 17 0.00 0.0 0 4.5 8 220 M M 1 1 14 100
27 92 72 82 2 0 17 0.08 0.0 0 2.4 13 160 M M 1 19 170
28 89 72 81 1 0 16 0.35 0.0 0 3.2 15 10 M M 4 3 17 310
29 85 73 79 -1 0 14 0.01 0.0 0 4.1 12 230 M M 9 1 14 250
30 90 75 83 3 0 18 0.18 0.0 0 6.0 26 240 M M 6 13 35 230
31 94 73 84 4 0 19 0.12 0.0 0 5.4 23 300 M M 5 13 32 300
================================================================================
SM 2828 2145 0 495 2.30 0.0 118.9 M 91
================================================================================
AV 91.2 71.5 3.8 FASTST M M 3 MAX(MPH)
MISC ----> # 28 360 # 36 360
================================================================================
NOTES:
# LAST OF SEVERAL OCCURRENCES
COLUMN 17 PEAK WIND IN M.P.H.
PRELIMINARY LOCAL CLIMATOLOGICAL DATA (WS FORM: F-6) , PAGE 2
STATION: ANNISTON
MONTH: JULY
YEAR: 2020
LATITUDE: 33 35 N
LONGITUDE: 85 51 W
[TEMPERATURE DATA] [PRECIPITATION DATA] SYMBOLS USED IN COLUMN 16
AVERAGE MONTHLY: 81.4 TOTAL FOR MONTH: 2.30 1 = FOG OR MIST
DPTR FM NORMAL: 1.4 DPTR FM NORMAL: -2.32 2 = FOG REDUCING VISIBILITY
HIGHEST: 96 ON 20 GRTST 24HR 0.42 ON 8- 8 TO 1/4 MILE OR LESS
LOWEST: 66 ON 12 3 = THUNDER
SNOW, ICE PELLETS, HAIL 4 = ICE PELLETS
TOTAL MONTH: 0.0 INCH 5 = HAIL
GRTST 24HR 0.0 6 = FREEZING RAIN OR DRIZZLE
GRTST DEPTH: 0 7 = DUSTSTORM OR SANDSTORM:
VSBY 1/2 MILE OR LESS
8 = SMOKE OR HAZE
[NO. OF DAYS WITH] [WEATHER - DAYS WITH] 9 = BLOWING SNOW
X = TORNADO
MAX 32 OR BELOW: 0 0.01 INCH OR MORE: 15
MAX 90 OR ABOVE: 23 0.10 INCH OR MORE: 8
MIN 32 OR BELOW: 0 0.50 INCH OR MORE: 0
MIN 0 OR BELOW: 0 1.00 INCH OR MORE: 0
[HDD (BASE 65) ]
TOTAL THIS MO. 0 CLEAR (SCALE 0-3) 19
DPTR FM NORMAL 0 PTCLDY (SCALE 4-7) 11
TOTAL FM JUL 1 0 CLOUDY (SCALE 8-10) 1
DPTR FM NORMAL 0
[CDD (BASE 65) ]
TOTAL THIS MO. 495
DPTR FM NORMAL 30 [PRESSURE DATA]
TOTAL FM JAN 1 1081 HIGHEST SLP 30.19 ON 17
DPTR FM NORMAL 17 LOWEST SLP 29.76 ON 12
[REMARKS]
#FINAL-07-20#