000
CXUS54 KBMX 031528
CLMANB
CLIMATE REPORT
NATIONAL WEATHER SERVICE BIRMINGHAM AL
1028 AM CDT SAT JUN 03 2023
...................................
...THE ANNISTON CLIMATE SUMMARY FOR THE MONTH OF MAY 2023...
CLIMATE NORMAL PERIOD 1991 TO 2020
CLIMATE RECORD PERIOD 1903 TO 2023
WEATHER OBSERVED NORMAL DEPART LAST YEAR`S
VALUE DATE(S) VALUE FROM VALUE DATE(S)
NORMAL
................................................................
TEMPERATURE (F)
RECORD
HIGH 98 05/16/1962
LOW 34 05/13/1960
HIGHEST 90 05/14 MM MM 90 05/19
05/21
05/31
LOWEST 42 05/02 MM MM 52 05/08
AVG. MAXIMUM 79.5 81.5 -2.0 83.4
AVG. MINIMUM 59.5 59.5 -0.0 61.7
MEAN 69.5 72.5
DAYS MAX >= 90 1 2.5 -1.5 3
DAYS MAX <= 32 0 0.0 0.0 0
DAYS MIN <= 32 0 0.0 0.0 0
DAYS MIN <= 0 0 0.0 0.0 0
PRECIPITATION (INCHES)
RECORD
MAXIMUM 11.49 2003
MINIMUM 0.14 2007
TOTALS 6.19 4.35 1.84 4.91
DAILY AVG. 0.20 0.14 0.06
DAYS >= .01 8 9.6 -1.6
DAYS >= .10 8 6.6 1.4
DAYS >= .50 5 2.8 2.2
DAYS >= 1.00 3 1.1 1.9
DEGREE DAYS
HEATING TOTAL 35 24 11 3
SINCE 7/1 2145 2634 -489 MM
COOLING TOTAL 179 195 -16 245
SINCE 1/1 272 269 3 MM
................................................................
WIND (MPH)
AVERAGE WIND SPEED 4.9
HIGHEST WIND SPEED/DIRECTION 29/260 DATE 05/16
HIGHEST GUST SPEED/DIRECTION 46/250 DATE 05/16
AVERAGE RH (PERCENT) 72
WEATHER CONDITIONS. NUMBER OF DAYS WITH
THUNDERSTORM 9 MIXED PRECIP 0
HEAVY RAIN 6 RAIN 8
LIGHT RAIN 13 FREEZING RAIN 0
LT FREEZING RAIN 0 HAIL 0
HEAVY SNOW 0 SNOW 0
LIGHT SNOW 0 SLEET 0
FOG 14 FOG W/VIS <= 1/4 MILE 1
HAZE 0
- INDICATES NEGATIVE NUMBERS.
R INDICATES RECORD WAS SET OR TIED.
MM INDICATES DATA IS MISSING.
T INDICATES TRACE AMOUNT.
$$