000
CXUS53 KAPX 011248
CLMANJ
CLIMATE REPORT
NATIONAL WEATHER SERVICE
748 AM EST FRI MAR 01 2024
...................................
...THE SAULT STE MARIE MI CLIMATE SUMMARY FOR THE MONTH OF FEBRUARY 2024...
CLIMATE NORMAL PERIOD: 1991 TO 2020
CLIMATE RECORD PERIOD: 1888 TO 2024
WEATHER OBSERVED NORMAL DEPART LAST YEAR`S
VALUE DATE(S) VALUE FROM VALUE
NORMAL
..............................................................
TEMPERATURE (F)
RECORD
HIGH 51 02/27/2024
LOW -37 02/08/1934
02/10/1899
HIGHEST 51R 02/27 MM MM
LOWEST 02/17 MM MM
AVG. MAXIMUM 35.0 26.4 8.6
AVG. MINIMUM 19.6 9.3 10.3
MEAN 27.3 17.8 9.5
DAYS MAX <= 32 12 20.7 -8.7
DAYS MIN <= 0 1 7.2 -6.2
DAYS MIN <= -20 0
PRECIPITATION (INCHES)
TOTALS 1.91 1.51 0.40
DAYS >= .01 12 13.5 -1.5
DAYS >= .10 7 5.1 1.9
DAYS >= .50 0 0.3 -0.3
DAYS >= 1.00 0 0.0 0.0
GREATEST
24 HR. TOTAL 0.49 02/15 TO 02/16
SNOWFALL (INCHES)
RECORDS
TOTAL 45.2 2019
TOTALS 20.1 20.7 -0.6 29.4
DAYS >= TRACE 13 15.5 20
GREATEST
SNOW DEPTH 10 02/18 30
02/19
DEGREE DAYS
HEATING TOTAL 1088 1320 -232
SINCE 7/1 5026 6033 -1007
COOLING TOTAL 0 0 0
SINCE 1/1 0 0 0
..............................................................
WIND (MPH)
AVERAGE WIND SPEED 6.8
HIGHEST WIND SPEED/DIRECTION 29/320 DATE 02/28
HIGHEST GUST SPEED/DIRECTION 50/320 DATE 02/28
SKY COVER
AVERAGE SKY COVER 0.69
AVERAGE RH (PERCENT) 79
- INDICATES NEGATIVE NUMBERS.
R INDICATES RECORD WAS SET OR TIED.
MM INDICATES DATA IS MISSING.
T INDICATES TRACE AMOUNT.
$$