000
CXUS53 KIWX 010810
CF6AOH
PRELIMINARY LOCAL CLIMATOLOGICAL DATA (WS FORM: F-6)
STATION: LIMA
MONTH: MARCH
YEAR: 2024
LATITUDE: 40 42 N
LONGITUDE: 84 1 W
TEMPERATURE IN F: :PCPN: SNOW: WIND :SUNSHINE: SKY :PK WND
================================================================================
1 2 3 4 5 6A 6B 7 8 9 10 11 12 13 14 15 16 17 18
12Z AVG MX 2MIN
DY MAX MIN AVG DEP HDD CDD WTR SNW DPTH SPD SPD DIR MIN PSBL S-S WX SPD DR
================================================================================
1 46 25 36 2 29 0 0.01 M M 9.1 17 150 M M 4 1 26 150
2 51 40 46 12 19 0 0.01 M M 5.6 14 170 M M 10 1 18 170
3 66 39 53 19 12 0 0.00 M M 10.9 22 150 M M 3 27 160
4 75 51 63 28 2 0 0.00 M M 11.0 20 190 M M 3 28 190
5 64 50 57 22 8 0 0.78 M M 8.2 20 210 M M 5 138 28 230
6 50 41 46 10 19 0 0.13 M M 10.2 18 30 M M 10 12 25 30
7 47 39 43 7 22 0 0.00 M M 7.8 16 70 M M 10 1 20 70
8 56 39 48 12 17 0 0.43 M M 10.1 23 160 M M 8 1 32 170
9 56 34 45 9 20 0 0.46 M M 14.4 23 290 M M 10 1 32 220
10 37 32 35 -2 30 0 T M M 18.9 33 300 M M 8 1 43 290
11 55 27 41 4 24 0 0.00 M M 12.6 21 250 M M 0 29 220
12 67 42 55 17 10 0 0.00 M M 12.7 24 240 M M 0 33 240
13 72 48 60 22 5 0 0.00 M M 8.9 15 230 M M 0 22 240
14 67 51 59 21 6 0 0.75 M M 10.6 28 270 M M 6 13 36 260
15 61 42 52 13 13 0 0.00 M M 9.6 18 330 M M 7 1 26 340
16 61 35 48 9 17 0 0.05 M M 15.6 32 250 M M 3 1 42 310
17 45 31 38 -1 27 0 T M M 15.5 25 250 M M 6 36 240
18 35 30 33 -7 32 0 T M M 14.9 25 270 M M 10 33 300
19 50 28 39 -1 26 0 0.00 M M 16.5 36 230 M M 3 47 220
20 44 25 35 -5 30 0 0.00 M M 14.8 29 300 M M 2 39 310
21 39 21 30 -11 35 0 0.00 M M 6.0 14 90 M M 1 18 100
22 42 26 34 -7 31 0 0.06 M M 10.4 18 20 M M 8 1 24 100
23 40 26 33 -9 32 0 0.12 M M 10.2 20 20 M M 7 168 30 30
24 49 25 37 -5 28 0 0.00 M M 10.8 21 90 M M 2 28 90
25 70 37 54 12 11 0 0.00 M M 15.8 26 160 M M 0 35 170
26 63 40 52 9 13 0 0.20 M M 21.2 33 150 M M 8 1 48 160
27 41 31 36 -7 29 0 0.00 M M 12.2 22 240 M M 6 28 260
28 52 27 40 -4 25 0 T M M 9.8 24 260 M M 4 31 260
29 58 34 46 2 19 0 0.03 M M 4.9 16 250 M M 5 26 260
30 66 45 56 12 9 0 0.45 M M 10.2 24 250 M M 8 1 32 250
31 59 43 51 6 14 0 0.25 M M 6.6 23 20 M M 8 18 30 20
================================================================================
SM 1684 1104 614 0 3.73 M 356.0 M 165
================================================================================
AV 54.3 35.6 11.5 FASTST M M 5 MAX(MPH)
MISC ----> 36 230 48 160
================================================================================
NOTES:
# LAST OF SEVERAL OCCURRENCES
COLUMN 17 PEAK WIND IN M.P.H.
PRELIMINARY LOCAL CLIMATOLOGICAL DATA (WS FORM: F-6) , PAGE 2
STATION: LIMA
MONTH: MARCH
YEAR: 2024
LATITUDE: 40 42 N
LONGITUDE: 84 1 W
[TEMPERATURE DATA] [PRECIPITATION DATA] SYMBOLS USED IN COLUMN 16
AVERAGE MONTHLY: 45.0 TOTAL FOR MONTH: 3.73 1 = FOG OR MIST
DPTR FM NORMAL: 5.9 DPTR FM NORMAL: 1.18 2 = FOG REDUCING VISIBILITY
HIGHEST: 75 ON 4 GRTST 24HR 0.91 ON 5- 6 TO 1/4 MILE OR LESS
LOWEST: 21 ON 21 3 = THUNDER
SNOW, ICE PELLETS, HAIL 4 = ICE PELLETS
TOTAL MONTH: M 5 = HAIL
GRTST 24HR M ON M 6 = FREEZING RAIN OR DRIZZLE
GRTST DEPTH: M ON M 7 = DUSTSTORM OR SANDSTORM:
VSBY 1/2 MILE OR LESS
8 = SMOKE OR HAZE
[NO. OF DAYS WITH] [WEATHER - DAYS WITH] 9 = BLOWING SNOW
X = TORNADO
MAX 32 OR BELOW: 0 0.01 INCH OR MORE: 14
MAX 90 OR ABOVE: 0 0.10 INCH OR MORE: 9
MIN 32 OR BELOW: 13 0.50 INCH OR MORE: 2
MIN 0 OR BELOW: 0 1.00 INCH OR MORE: 0
[HDD (BASE 65) ]
TOTAL THIS MO. 614 CLEAR (SCALE 0-3) 11
DPTR FM NORMAL -191 PTCLDY (SCALE 4-7) 15
TOTAL FM JUL 1 4250 CLOUDY (SCALE 8-10) 5
DPTR FM NORMAL -892
[CDD (BASE 65) ]
TOTAL THIS MO. 0
DPTR FM NORMAL -2 [PRESSURE DATA]
TOTAL FM JAN 1 0 HIGHEST SLP M ON M
DPTR FM NORMAL -2 LOWEST SLP 29.59 ON 26
[REMARKS]
#FINAL-03-24#